[12/03/2020 06:00:58], [file name :-/home/otrams/public_html/otramsphp7/uat/v3otrams/agent_login.php],update agents set last_login_date = '2020-12-03 06:00:58',login_attempt=0 where id = '24';
[12/03/2020 06:00:58], [file name :-/home/otrams/public_html/otramsphp7/uat/v3otrams/agent_login.php],INSERT INTO psa_login_log  SET username = 'snehal', user_type = 'A', branch_id = '1', login_datetime = '2020-12-03 06:00:58', ip = '60.254.11.202', action = 'Login' ;
[12/03/2020 06:01:28], [file name :-/home/otrams/public_html/otramsphp7/uat/v3otrams/hotel_search_list.php],INSERT INTO agent_logs SET  agent_id = '24' , sub_agent_id = '' , sub_user_id = '0' , branch_id = '1' , ip = '60.254.11.202' , city = 'mumbai' , service_name = '' , service_type = 'hotel' , arrival_date = '2021/06/03' , departure_date = '2021/06/04' , nationality = '106' , nights = '1' , room_types = '1' , create_date = '2020-12-03 06:01:28' , site_id = '' , country_code = '106' , web_service = '' ;
[12/03/2020 06:01:31], [file name :-/home/otrams/public_html/otramsphp7/uat/v3otrams/call.php],INSERT INTO xmllogs(reservation_id, type, request_path, response_path, header_path, source_type, create_date, header, session_id, agent_logs_id)
VALUE ('', 'AVAILABILITY', '/request_placeholder.xml', '/response_placeholder.xml', '/response_header_placeholder.xml', 'localsystem', '2020-12-03 06:01:31', '', '022444689e1e001d36d47f0cd789d2f59ca775a70c5309964b275efaf16b5f6a', '495');
[12/03/2020 06:01:31], [file name :-/home/otrams/public_html/otramsphp7/uat/v3otrams/call.php],INSERT INTO xmllogs(reservation_id, type, request_path, response_path, header_path, source_type, create_date, header, session_id, agent_logs_id)
VALUE ('', 'AVAILABILITY', '/request_placeholder.xml', '/response_placeholder.xml', '/response_header_placeholder.xml', 'localsystem', '2020-12-03 06:01:31', '', '022444689e1e001d36d47f0cd789d2f59ca775a70c5309964b275efaf16b5f6a', '495');
[12/03/2020 06:01:31], [file name :-/home/otrams/public_html/otramsphp7/uat/v3otrams/call.php],UPDATE xmllogs SET
hotel_count = ''
, request_url = '/call.php?s=localsystem&sessionid=022444689e1e001d36d47f0cd789d2f59ca775a70c5309964b275efaf16b5f6a&xml_user_id=24&request_no=0&local_hotel_code=2&#039;,&#039;97&#039;,&#039;53716&#039;,&#039;53734&#039;,&#039;53735&#039;,&#039;53736&#039;,&#039;53737&#039;,&#039;53738&#039;,&#039;53739&#039;,&#039;53740&#039;,&#039;53741&#039;,&#039;53744&#039;,&#039;53745&#039;,&#039;53746&#039;,&#039;53747&#039;,&#039;53748&#039;,&#039;53749&#039;,&#039;53750&#039;,&#039;53751&#039;,&#039;53757&#039;,&#039;53758&#039;,&#039;53759&#039;,&#039;53766&#039;,&#039;53767&#039;,&#039;53768&web_service=no&site_id='
, http_hit_time = '2020-12-03 06:01:30.313'
, request_start_time = '0.000'
, parsing_start_time = '0.000'
, mapping_complete_time = '0.000'
, mongo_start_time = '0.000'
, search_end_time = '0.000'
, total_duration = '1.048'
, error_description = ''
, memory_used = '7910040'
WHERE id = '3327';
[12/03/2020 06:01:31], [file name :-/home/otrams/public_html/otramsphp7/uat/v3otrams/call.php],UPDATE xmllogs SET
hotel_count = ''
, request_url = '/call.php?s=localsystem&sessionid=022444689e1e001d36d47f0cd789d2f59ca775a70c5309964b275efaf16b5f6a&xml_user_id=24&request_no=1&local_hotel_code=53769&#039;,&#039;53771&#039;,&#039;53773&#039;,&#039;53775&#039;,&#039;53776&#039;,&#039;53742&web_service=no&site_id='
, http_hit_time = '2020-12-03 06:01:30.307'
, request_start_time = '0.000'
, parsing_start_time = '0.000'
, mapping_complete_time = '0.000'
, mongo_start_time = '0.000'
, search_end_time = '0.000'
, total_duration = '1.082'
, error_description = ''
, memory_used = '7908600'
WHERE id = '3328';
[12/03/2020 06:01:31], [file name :-/home/otrams/public_html/otramsphp7/uat/v3otrams/xml_all.php],UPDATE agent_logs SET
  hotel_count = '',
  request_path = '/xml_all.php?userid=24&sessionid=022444689e1e001d36d47f0cd789d2f59ca775a70c5309964b275efaf16b5f6a',
  duration = '1.690',
  merge_duration = '0.057',
  assigned_supplier_count = '1',
  searched_supplier_count = '1',
  system_load_1_min = '9.93',
  system_load_5_min = '6.33',
  system_load_15_min = '2.87',
  system_memory_usage = '87.21',
  memory_usage = (SELECT COALESCE(SUM(memory_used),0) FROM xmllogs WHERE agent_logs_id = '495') + '8042648',
  parallel_search_count = '',
  mongo_archive_collection = '',
  error_description = '',
  is_cached = 'no'
WHERE id = '495';
[12/03/2020 06:01:45], [file name :-/home/otrams/public_html/otramsphp7/uat/v3otrams/book_now.php],INSERT INTO autogenerator_reservation (reservation_id, remote_id) VALUES ('1606975305','60.254.11.202');
[12/03/2020 06:03:35], [file name :-/home/otrams/public_html/otramsphp7/uat/v3otrams/book_now.php],INSERT INTO autogenerator_reservation (reservation_id, remote_id) VALUES ('1606975415','60.254.11.202');
[12/03/2020 06:03:40], [file name :-/home/otrams/public_html/otramsphp7/uat/v3otrams/confirm_booking.php],INSERT INTO bookings SET  source_type = 'localsystem', reservation_id = '1898', create_date = '2020-12-03 06:03:40', agent_id = '24', parent_agent_id = '24', agent_ref_no = '', nationality = 'Indian', city_id = 'mumbai', country_id = '106', current_status = 'inprocess-booking', is_xml = '0', display_room_rate = '10.89', display_currency_code = 'USD', native_room_rate = '40', native_currency_code = 'AED', supplier_profile_id = '1', service_type = 'hotel', service_date = '2021/06/03', check_out_date = '2021/06/04', sub_user_id = '', booking_status = '1', leader_title = 'Mr', leader_first_name = 'Deep', leader_last_name = 'Mishra', booking_branch_id = '1', expiration_date = '2020-12-03 06:02:00', cancellation_policy = 'Amendment of Dates, Room Category, Passenger Names are considered as Cancel and Rebook by most of the Hotels.
        Any Changes in initial booking may be denied by the supplier or may result in extra charges.
        Confirmation of amendment requests is subject to availablity and rates at the time of amendment.<Br><Br><B><U>Detailed Cancellation Policy:</U></B> <br/> Cancellation Charges of 10.89 USD applicable if cancelled after 03 Dec 2020 11:31 hrs.', supplier_cancellation_policy = '', status_date = '2020-12-03 06:03:40',  site_url = 'https://alpha.otrams.thefabulousgetaway.com/';
[12/03/2020 06:03:40], [file name :-/home/otrams/public_html/otramsphp7/uat/v3otrams/confirm_booking.php],INSERT INTO external_mapping_data_tracking (booking_id,search_hotel_name,booked_hotel_name_supplier,hotel_id,master_id,city_id,supplier,date) VALUES ('3068','RATEGAINONE','RATEGAINONE','53773','53773','mumbai','LOCAL_SUPPLIER',NOW());
[12/03/2020 06:03:40], [file name :-/home/otrams/public_html/otramsphp7/uat/v3otrams/confirm_booking.php],UPDATE
        bookings
        SET
        booking_branch_id= '1'
        WHERE
        id='3068'
        ;
[12/03/2020 06:03:40], [file name :-/home/otrams/public_html/otramsphp7/uat/v3otrams/confirm_booking.php],insert into bookings_details(booking_id,supplier_id,total_rooms,total_adults,total_children,total_infants,rate_description ,rate_code,hotel_id,local_hotel_id,hotel_name,hotel_address1,hotel_phone,hotel_rating,total_nights,arrival_date,departure_date,room_rate_code,hotel_img)values('3068','S000000241','1','1','0','-','','','53773','53773','RATEGAINONE','Mumbai','123456789','5.0','1','2021/06/03','2021/06/04','','https://alpha.otrams.thefabulousgetaway.com/project_folder/tfg_project/images/imagenotavailable.jpg');
[12/03/2020 06:03:40], [file name :-/home/otrams/public_html/otramsphp7/uat/v3otrams/confirm_booking.php], insert into booking_room_detail set  booking_id = '3068', booking_detail_id = '1206', room_type_code = '1~~~132~~~1039~~~1~~~~~~~~~64440~~~0~~~S000000241', room_name = 'single', room_type_description = 'Standard  -Bed & Breakfast : 1 Pax <font color=\'red\'>-D</font>', display_nightly_rates = 'a:1:{i:0;a:3:{s:18:\"displayNightlyRate\";d:10.89;s:16:\"promotionDisplay\";s:0:\"\";s:25:\"displayNightlyRateDisplay\";s:151:\"Supplier Name - localsupplier(RateGainSupplier - S000000241), Rate - 40 AED, Currency Multiplier (AED-USD) - 0.27222 Supplier Commission-0 #localsystem\";}}', native_nightly_rates = 'a:1:{i:0;a:4:{s:19:\"O_nativeNightlyRate\";i:40;s:17:\"nativeNightlyRate\";i:40;s:9:\"free_sale\";s:2:\"no\";s:14:\"Discount/Offer\";a:7:{s:4:\"code\";s:0:\"\";s:4:\"Name\";s:0:\"\";s:7:\"S_Value\";s:0:\"\";s:5:\"Value\";i:0;s:12:\"Display_Name\";s:0:\"\";s:10:\"Offer_Note\";N;s:10:\"Offer_Type\";N;}}}', markup = '0', commission = '0', native_room_rate_total = '40', display_room_rate_total = '10.89', number_of_rooms = '1';
[12/03/2020 06:03:40], [file name :-/home/otrams/public_html/otramsphp7/uat/v3otrams/confirm_booking.php], insert into passangers set  booking_id = '3068', booking_detail_id = '1206', rid = '1804', room = '0', salutations = 'Mr', first_name = 'Deep', last_name = 'Mishra', passenger_type = 'adult', age = '';
[12/03/2020 06:03:40], [file name :-/home/otrams/public_html/otramsphp7/uat/v3otrams/confirm_booking.php],update bookings set  special_remark = '', itenirary_id = '', confirmation_number = '', display_discount = '0', current_status = 'confirmed', comment_contract = '', consultant_id = 'SalesConsultant', sales_manager_id = '', admin_booked = '1', email_id = 'deep.mishra@rategain.com', leader_phone = '+123451914108628', agent_currency_multiplier = '1.00000', ip_addr = '60.254.11.202', backoffice_user = 'tfg', customer_id = '', applied_multiplier='0.27222', free_sale='',  applied_markup='0',  agent_markup='0',  basecurrency_multiplier='1.00000',  basecurrency_multiplier_native='0.27222',  parent_agent_id='24',  sub_agent_rate='0', agent_rate='10.89',  applicable_service_tax='0',  supplier_rate='40',  original_source='',  uid='044fd48e48bfb3f31e1048dd3d93f160'  where id='3068';
[12/03/2020 06:03:40], [file name :-/home/otrams/public_html/otramsphp7/uat/v3otrams/confirm_booking.php],update bookings_details set touricoRoomResId ='', gta_item_confirm_ref='' ,gtaToken = '' , special_request='' where booking_id ='3068';
[12/03/2020 06:03:40], [file name :-/home/otrams/public_html/otramsphp7/uat/v3otrams/confirm_booking.php],update bookings_details set reservation_pushed = '1', channel_manager = 'rategain',room_type_description='' where booking_id = '3068';
[12/03/2020 06:03:40], [file name :-/home/otrams/public_html/otramsphp7/uat/v3otrams/confirm_booking.php],INSERT INTO booking_cancellation_policy(booking_id,from_date,supplier_from_date,supplier_charge,agent_charge,lead_time,create_date)  VALUES('3068','2020-12-03 06:01:00','2020-12-03 06:01:00','40','10.89','0','2020-12-03 06:03:40');
[12/03/2020 06:03:40], [file name :-/home/otrams/public_html/otramsphp7/uat/v3otrams/confirm_booking.php],insert into booking_lat_long(booking_id,latitude,longitude) values ('3068','','');
[12/03/2020 06:03:40], [file name :-/home/otrams/public_html/otramsphp7/uat/v3otrams/confirm_booking.php],INSERT INTO booking_status (booking_id,status,create_date,memo,agent_id,ip_address,admin,modify_by) VALUES ('3068','confirmed','2020-12-03 06:03:40','Booking confirmed . Booked by Back Office tfg on behalf of Agent - Snehal  Valanju(CD0024)','24','60.254.11.202','0','24');
[12/03/2020 06:03:40], [file name :-/home/otrams/public_html/otramsphp7/uat/v3otrams/confirm_booking.php],INSERT INTO booking_search_log(booking_id, details)
        VALUES(3068, 'a:30:{s:3:\"_id\";a:1:{s:4:\"$oid\";s:24:\"5fc87f3bef32ff3bac7488f3\";}s:7:\"hotelId\";s:25:\"53773----------S000000241\";s:4:\"name\";s:11:\"RATEGAINONE\";s:14:\"local_hotel_id\";s:5:\"53773\";s:8:\"address1\";s:6:\"Mumbai\";s:8:\"latitude\";s:0:\"\";s:9:\"longitude\";s:0:\"\";s:4:\"city\";s:5:\"64440\";s:8:\"location\";s:0:\"\";s:14:\"prefered_hotel\";s:1:\"0\";s:10:\"mlosSlogan\";s:0:\"\";s:16:\"isMlosApplicable\";s:2:\"no\";s:7:\"country\";s:3:\"106\";s:16:\"rateCurrencyCode\";s:3:\"USD\";s:5:\"phone\";s:9:\"123456789\";s:16:\"shortDescription\";s:24:\"No Description Available\";s:11:\"website_url\";s:0:\"\";s:12:\"thumbNailUrl\";s:99:\"https://alpha.otrams.thefabulousgetaway.com/project_folder/tfg_project/images/imagenotavailable.jpg\";s:10:\"sourceType\";s:11:\"localsystem\";s:10:\"supplierid\";s:10:\"S000000241\";s:12:\"suppliername\";s:16:\"RateGainSupplier\";s:14:\"propertyRating\";s:3:\"5.0\";s:15:\"specialCategory\";a:1:{i:0;s:1:\"1\";}s:13:\"HotelProperty\";a:1:{s:11:\"localsystem\";a:1:{i:0;a:1:{s:8:\"RateInfo\";a:13:{s:10:\"room_rates\";a:1:{i:0;a:33:{s:11:\"ratebreakup\";a:4:{s:6:\"markup\";i:0;s:10:\"commission\";i:0;s:18:\"NativeNightlyRates\";a:1:{i:0;a:4:{s:19:\"O_nativeNightlyRate\";i:40;s:17:\"nativeNightlyRate\";i:40;s:9:\"free_sale\";s:2:\"no\";s:14:\"Discount/Offer\";a:7:{s:4:\"code\";s:0:\"\";s:4:\"Name\";s:0:\"\";s:7:\"S_Value\";s:0:\"\";s:5:\"Value\";i:0;s:12:\"Display_Name\";s:0:\"\";s:10:\"Offer_Note\";N;s:10:\"Offer_Type\";N;}}}s:19:\"DisplayNightlyRates\";a:1:{i:0;a:3:{s:18:\"displayNightlyRate\";d:10.89;s:16:\"promotionDisplay\";s:0:\"\";s:25:\"displayNightlyRateDisplay\";s:151:\"Supplier Name - localsupplier(RateGainSupplier - S000000241), Rate - 40 AED, Currency Multiplier (AED-USD) - 0.27222 Supplier Commission-0 #localsystem\";}}}s:20:\"offer_promotion_note\";s:0:\"\";s:19:\"offer_discount_type\";s:0:\"\";s:27:\"offer_discount_note_details\";N;s:9:\"room_name\";s:6:\"single\";s:9:\"stay_note\";N;s:10:\"time_stamp\";s:32:\"eda0eda538f61f9a9a4d47b0a4ef2361\";s:16:\"number_of_adults\";s:1:\"1\";s:10:\"view_basis\";s:0:\"\";s:13:\"view_basis_id\";s:1:\"0\";s:9:\"available\";i:1;s:9:\"free_sale\";N;s:7:\"minStay\";s:1:\"1\";s:19:\"displayCurrencyCode\";s:3:\"USD\";s:18:\"nativeCurrencyCode\";s:3:\"AED\";s:20:\"displayRoomTypeRates\";d:10.89;s:20:\"sortingRoomTypeRates\";d:10.89;s:19:\"nativeRoomTypeRates\";i:40;s:12:\"offerApplied\";N;s:7:\"room_id\";s:49:\"1~~~132~~~1039~~~1~~~~~~~~~64440~~~0~~~S000000241\";s:14:\"room_type_code\";s:1:\"1\";s:14:\"boardtype_code\";s:1:\"1\";s:16:\"valuation_number\";s:49:\"1~~~132~~~1039~~~1~~~~~~~~~64440~~~0~~~S000000241\";s:15:\"number_of_child\";i:0;s:13:\"NumberOfRooms\";i:1;s:10:\"supplierId\";s:10:\"S000000241\";s:12:\"supplierName\";s:16:\"RateGainSupplier\";s:10:\"meal_basis\";s:15:\"Bed & Breakfast\";s:4:\"note\";s:0:\"\";s:13:\"room_category\";s:13:\"Standard Room\";s:9:\"room_type\";s:62:\"Standard  -Bed & Breakfast : 1 Pax <font color=\'red\'>-D</font>\";s:14:\"non_refundable\";s:1:\"0\";s:15:\"class_unique_id\";s:17:\"0_0_53773_8756323\";}}s:9:\"available\";i:1;s:15:\"displayRoomRate\";d:10.89;s:14:\"nativeRoomRate\";i:40;s:9:\"unique_id\";s:37:\"1_53773----------S000000241_0_0_89722\";s:10:\"supplierId\";s:10:\"S000000241\";s:19:\"displayCurrencyCode\";s:3:\"USD\";s:18:\"nativeCurrencyCode\";s:3:\"AED\";s:18:\"applied_markup_per\";i:0;s:18:\"applied_multiplier\";d:0.27222;s:19:\"supplier_profile_id\";s:1:\"1\";s:13:\"supplier_data\";a:5:{s:7:\"hotelId\";s:25:\"53773----------S000000241\";s:10:\"sourceType\";s:11:\"localsystem\";s:15:\"supp_hotel_name\";s:11:\"RATEGAINONE\";s:18:\"supp_hotel_address\";s:6:\"Mumbai\";s:10:\"supplierId\";s:10:\"S000000241\";}s:8:\"no_class\";i:0;}}}}s:13:\"total_charges\";d:10.89;s:17:\"propertyAvailable\";i:1;s:8:\"no_class\";i:0;s:18:\"sort_total_charges\";d:10.89;s:16:\"hotel_name_ascii\";s:11:\"rategainone\";s:13:\"supplier_data\";a:5:{s:7:\"hotelId\";s:25:\"53773----------S000000241\";s:10:\"sourceType\";s:11:\"localsystem\";s:15:\"supp_hotel_name\";s:11:\"RATEGAINONE\";s:18:\"supp_hotel_address\";s:6:\"Mumbai\";s:10:\"supplierId\";s:10:\"S000000241\";}}');
[12/03/2020 06:03:40], [file name :-/home/otrams/public_html/otramsphp7/uat/v3otrams/confirm_booking.php],INSERT INTO booking_cancellation_policy(booking_id,from_date,supplier_from_date,to_date,supplier_to_date,supplier_charge,agent_charge,lead_time,create_date,applied_agent_charges)  VALUES('3068','2020-12-03 06:01:00','2020-12-03 06:01:00','1970-01-01 00:00:00','1970-01-01 00:00:00','40','10.89','0','2020-12-03 06:03:40','');
[12/03/2020 06:03:40], [file name :-/home/otrams/public_html/otramsphp7/uat/v3otrams/confirm_booking.php],update bookings_details set reservation_pushed = '1', channel_manager = 'rategain',room_type_description='' where booking_id = '3068';
[12/03/2020 06:03:40], [file name :-/home/otrams/public_html/otramsphp7/uat/v3otrams/confirm_booking.php],INSERT INTO bookings_applicable_offer set  oid= '',  offer_type_code= '',  booking_id= '3068',  room_id= '1~~~132~~~1039~~~1~~~~~~~~~64440~~~0~~~S000000241',  room_name= 'single',  supplier_id= 'S000000241',  agent_id= '',  applied_native_discount= '0',  original_native_rate= '40',  native_rate= '40',  promotion_text= '',  offer_disc_type= '',  offer_disc_value= '',  offer_disc_currency= '',  create_date= '2020-12-03 06:03:40' ;
[12/03/2020 06:03:40], [file name :-/home/otrams/public_html/otramsphp7/uat/v3otrams/confirm_booking.php],update bookings set confirmation_number='',itenirary_id='3068' where  id ='3068';
[12/03/2020 06:03:40], [file name :-/home/otrams/public_html/otramsphp7/uat/v3otrams/confirm_booking.php],UPDATE room_rates SET availability = availability-1,consumed_inventory = consumed_inventory+1 WHERE hotel_id = '53773' and inventory_class_id = '132' and supplier_id = 'S000000241' and date_from = '2021-06-03';
[12/03/2020 06:03:40], [file name :-/home/otrams/public_html/otramsphp7/uat/v3otrams/confirm_booking.php],update supplement_rate set inventory = '0' where supplement_rate_id = '1';
[12/03/2020 06:03:40], [file name :-/home/otrams/public_html/otramsphp7/uat/v3otrams/confirm_booking.php], insert into booking_configuration set  booking_id = '3068', config_key = 'BOOKING OTP', config_value = 'GhjjU78c';;
[12/03/2020 06:03:40], [file name :-/home/otrams/public_html/otramsphp7/uat/v3otrams/confirm_booking.php],insert into email_logs SET `subject`= ' TFG103068 /  Booking Confirmed ',from_email_id= 'sanket.desai@qtechsoftware.com',body= '[encoded data, 40392 characters]',to_email_id= 'snehal.valanju@qtechsoftware.com',cc= '',bcc= '',status= 'Success',page_url= '/confirm_booking.php',create_date= '2020-12-03 06:03:40';
[12/03/2020 06:03:40], [file name :-/home/otrams/public_html/otramsphp7/uat/v3otrams/confirm_booking.php],insert into temp(booking_id,mail_send_to)values('3068','snehal.valanju@qtechsoftware.com');
[12/03/2020 06:03:40], [file name :-/home/otrams/public_html/otramsphp7/uat/v3otrams/confirm_booking.php],insert into temp(booking_id,mail_send_to)values('3068','snehal.valanju@qtechsoftware.com');
[12/03/2020 06:03:40], [file name :-/home/otrams/public_html/otramsphp7/uat/v3otrams/confirm_booking.php],update posted_bookings set booking_id='3068',status='1' where reservation_id='1898' and booking_id ='0';
[12/03/2020 06:03:40], [file name :-/home/otrams/public_html/otramsphp7/uat/v3otrams/confirm_booking.php],update xmllogs set reservation_id='3068' where agent_logs_id='495' and source_type='localsystem';
[12/03/2020 06:03:40], [file name :-/home/otrams/public_html/otramsphp7/uat/v3otrams/confirm_booking.php],INSERT INTO booking_commission set agent_commission='',  supplier_commission='',  profit_percent='',  gross_profit='',  commission_tax='',  booking_id ='3068',  create_date ='2020-12-03 06:03:40', supplier_tax='';
[12/03/2020 06:03:40], [file name :-/home/otrams/public_html/otramsphp7/uat/v3otrams/confirm_booking.php],update bookings set voucher_id='Test123',status_date='2020-12-03 06:03:40',current_status='vouchered',voucher_hashcode='960b69ee0b863b7b0462d6764ab81895380583068',vouchered_by ='' where id='3068';
[12/03/2020 06:03:40], [file name :-/home/otrams/public_html/otramsphp7/uat/v3otrams/confirm_booking.php],Insert into booking_configuration set booking_id='3068',config_key='VOUCHER_DATE', config_value='2020-12-03 06:03:40',create_date='2020-12-03 06:03:40';
[12/03/2020 06:03:40], [file name :-/home/otrams/public_html/otramsphp7/uat/v3otrams/confirm_booking.php],INSERT INTO autogenerator_invoice_number (id, number) VALUES ('','1606975420');
[12/03/2020 06:03:40], [file name :-/home/otrams/public_html/otramsphp7/uat/v3otrams/confirm_booking.php],update bookings set is_invoiced='yes',invoice_number= '2020/395' where id='3068' and is_invoiced!='yes';
[12/03/2020 06:03:40], [file name :-/home/otrams/public_html/otramsphp7/uat/v3otrams/confirm_booking.php],UPDATE agents SET credit_usage=credit_usage+('10.89'),   credit_value= credit_value-('10.89') ,  cd_credit_usage=cd_credit_usage+('10.89') , cd_credit_value=cd_credit_value-('10.89')  WHERE id = '24';
[12/03/2020 06:03:40], [file name :-/home/otrams/public_html/otramsphp7/uat/v3otrams/confirm_booking.php],insert into  agent_credit_log SET agent_id= '24',credit_value= '9923.230',credit_usage= '76.770',credit_limit= '10000',receipt_id= '',amount= '10.89',booking_id='3068',booking_cost= '10.89',receipt_allocation= '',balance= '10.89',ip='60.254.11.202',user_type='User',admin_id='Agent - Snehal  Valanju(CD0024)',temp_credit_limit='',log_type='Add Invoice',note='Add Invoice',create_date='2020-12-03 06:12:40';
[12/03/2020 06:03:40], [file name :-/home/otrams/public_html/otramsphp7/uat/v3otrams/confirm_booking.php],insert into booking_rate_info set agent_price='0',sub_agent_price='0',supplier_currency='AED',supplier_price='40',supplier_type='offline',supplier_id='S000000241',acc_type='purchase',accounting_multiplier='0.27222',booking_id='3068',booking_log='Booking Vouchered',type='Sale',create_date='2020-12-03 06:03:40',account_invoice='2020/395',particulars='';
[12/03/2020 06:03:41], [file name :-/home/otrams/public_html/otramsphp7/uat/v3otrams/confirm_booking.php],insert into booking_rate_info set agent_price='10.89',sub_agent_price='0',supplier_price='0',acc_type='sale',accounting_multiplier='1.00000',booking_id='3068',booking_log='Booking Vouchered',type='Sale',create_date='2020-12-03 06:03:40',account_invoice='2020/395',particulars='';
[12/03/2020 06:03:41], [file name :-/home/otrams/public_html/otramsphp7/uat/v3otrams/confirm_booking.php],DELETE FROM accounts_invoice_transaction WHERE bid = 1512;
[12/03/2020 06:03:41], [file name :-/home/otrams/public_html/otramsphp7/uat/v3otrams/confirm_booking.php],INSERT INTO accounts_invoice_transaction SET bid= '1512',booking_id= '3068',invoice_number= '2020/395',service_type= 'hotel',booking_type= 'online',service_name= 'RATEGAINONE',type= 'sale',room_type= 'single',quantity_room= '1',from_date= '2021/06/03',to_date= '2021/06/04',quantity= '1',price= '10.89',total_price= '10.89';
[12/03/2020 06:03:41], [file name :-/home/otrams/public_html/otramsphp7/uat/v3otrams/confirm_booking.php],insert into email_logs SET `subject`= 'The Fabulous Getaway Tax Dispute(TaxInvoice)',from_email_id= 'sanket.desai@qtechsoftware.com',body= 'Rm9yIEZvbGxvd2luZyBib29raW5nIFRheCBpcyBub3QgaW5zZXJ0ZWQ8YnI+Qm9va2luZ0lkOi0zMDY4PGJyPkludm9pY2Ugbm86LTIwMjAvMzk1PGJyPmJyYW5jaF9pZDotMTxicj5UeXBlOi1hZ2VudDxicj5BY2NvdW50IHR5cGU6LXNhbGU8YnI+',to_email_id= 'sanket.desai@qtechsoftware.com',cc= '',bcc= '',status= 'Success',page_url= '/confirm_booking.php',create_date= '2020-12-03 06:03:41';
[12/03/2020 06:03:41], [file name :-/home/otrams/public_html/otramsphp7/uat/v3otrams/confirm_booking.php], insert into email_trigger set  subject ='The Fabulous Getaway Tax Dispute',  message='For Following booking Tax is not inserted<br>BookingId:-3068<br>Invoice no:-2020/395<br>branch_id:-1<br>Type:-agent<br>Account type:-sale<br>',  email_sent ='yes', create_date ='2020-12-03 06:03:41', email_sent_to ='sanket.desai@qtechsoftware.com,TESTER_EMAIL_ID', email_type ='TaxInvoice';
[12/03/2020 06:03:41], [file name :-/home/otrams/public_html/otramsphp7/uat/v3otrams/confirm_booking.php],INSERT INTO booking_status (visa_id,visa_status,booking_id,status,create_date,memo,agent_id,ip_address,admin,modify_by,crons) VALUES
        ('','','3068','vouchered-invoiced','2020-12-03 06:03:41','Booking invoiced by Back Office tfg on behalf of Agent - Snehal  Valanju(CD0024)','24','60.254.11.202','','','');
[12/03/2020 06:03:41], [file name :-/home/otrams/public_html/otramsphp7/uat/v3otrams/confirm_booking.php],INSERT INTO agent_commission SET booking_id ='3068',booking_detail_id ='3068',agent_id ='24',is_sub_agent ='N',parent_id ='',display_commission ='0',display_currency ='USD',paid ='N',type ='hotel',description ='Agent Mark Up Percentage is 0 %',create_date ='2020-12-03 06:03:41';
[12/03/2020 06:03:41], [file name :-/home/otrams/public_html/otramsphp7/uat/v3otrams/confirm_booking.php],insert into accounting_status set booking_id ='3068',acc_sales_export='0',acc_purchase_export='0',acc_status='A';
[12/03/2020 06:03:41], [file name :-/home/otrams/public_html/otramsphp7/uat/v3otrams/confirm_booking.php],INSERT INTO booking_status (visa_id,visa_status,booking_id,status,create_date,memo,agent_id,ip_address,admin,modify_by,crons) VALUES
        ('','','3068','vouchered','2020-12-03 06:03:41','Voucherd by Back Office tfg on behalf of Agent - Snehal  Valanju(CD0024)','24','60.254.11.202','','','');
[12/03/2020 06:03:42], [file name :-/home/otrams/public_html/otramsphp7/uat/v3otrams/confirm_booking.php],insert into email_logs SET `subject`= ' TFG103068 /  Booking Vouchered ',from_email_id= 'sanket.desai@qtechsoftware.com',body= '[encoded data, 28144 characters]',to_email_id= 'snehal.valanju@qtechsoftware.com,SalesConsultant@gmail.com',cc= '',bcc= '',status= 'Success',page_url= '/confirm_booking.php',create_date= '2020-12-03 06:03:42';
[12/03/2020 06:03:42], [file name :-/home/otrams/public_html/otramsphp7/uat/v3otrams/confirm_booking.php],insert into temp(booking_id,mail_send_to)values('3068','snehal.valanju@qtechsoftware.com');
[12/03/2020 06:03:42], [file name :-/home/otrams/public_html/otramsphp7/uat/v3otrams/confirm_booking.php],insert into temp(booking_id,mail_send_to)values('3068','SalesConsultant@gmail.com');
[12/03/2020 06:03:53], [file name :-/home/otrams/public_html/otramsphp7/uat/v3otrams/crons/channel_manager_push_reservation.php],update bookings_details set reservation_pushed = '0', channel_manager = 'rategain',room_type_description='' where booking_id = '3068';
[12/03/2020 06:13:00], [file name :-/home/otrams/public_html/otramsphp7/uat/v3otrams/hotel_search_list.php],INSERT INTO agent_logs SET  agent_id = '24' , sub_agent_id = '' , sub_user_id = '0' , branch_id = '1' , ip = '60.254.11.202' , city = 'mumbai' , service_name = '' , service_type = 'hotel' , arrival_date = '2021/06/03' , departure_date = '2021/06/04' , nationality = '106' , nights = '1' , room_types = '1' , create_date = '2020-12-03 06:13:00' , site_id = '' , country_code = '106' , web_service = '' ;
[12/03/2020 06:13:03], [file name :-/home/otrams/public_html/otramsphp7/uat/v3otrams/call.php],INSERT INTO xmllogs(reservation_id, type, request_path, response_path, header_path, source_type, create_date, header, session_id, agent_logs_id)
VALUE ('', 'AVAILABILITY', '/request_placeholder.xml', '/response_placeholder.xml', '/response_header_placeholder.xml', 'localsystem', '2020-12-03 06:13:03', '', '022444689e1e001d36d47f0cd789d2f59ca775a70c5309964b275efaf16b5f6a', '496');
[12/03/2020 06:13:03], [file name :-/home/otrams/public_html/otramsphp7/uat/v3otrams/call.php],UPDATE xmllogs SET
hotel_count = ''
, request_url = '/call.php?s=localsystem&sessionid=022444689e1e001d36d47f0cd789d2f59ca775a70c5309964b275efaf16b5f6a&xml_user_id=24&request_no=0&local_hotel_code=2&#039;,&#039;97&#039;,&#039;53716&#039;,&#039;53734&#039;,&#039;53735&#039;,&#039;53736&#039;,&#039;53737&#039;,&#039;53738&#039;,&#039;53739&#039;,&#039;53740&#039;,&#039;53741&#039;,&#039;53744&#039;,&#039;53745&#039;,&#039;53746&#039;,&#039;53747&#039;,&#039;53748&#039;,&#039;53749&#039;,&#039;53750&#039;,&#039;53751&#039;,&#039;53757&#039;,&#039;53758&#039;,&#039;53759&#039;,&#039;53766&#039;,&#039;53767&#039;,&#039;53768&web_service=no&site_id='
, http_hit_time = '2020-12-03 06:13:02.516'
, request_start_time = '0.000'
, parsing_start_time = '0.000'
, mapping_complete_time = '0.000'
, mongo_start_time = '0.000'
, search_end_time = '0.000'
, total_duration = '0.848'
, error_description = ''
, memory_used = '7910040'
WHERE id = '3329';
[12/03/2020 06:13:03], [file name :-/home/otrams/public_html/otramsphp7/uat/v3otrams/call.php],INSERT INTO xmllogs(reservation_id, type, request_path, response_path, header_path, source_type, create_date, header, session_id, agent_logs_id)
VALUE ('', 'AVAILABILITY', '/request_placeholder.xml', '/response_placeholder.xml', '/response_header_placeholder.xml', 'localsystem', '2020-12-03 06:13:03', '', '022444689e1e001d36d47f0cd789d2f59ca775a70c5309964b275efaf16b5f6a', '496');
[12/03/2020 06:13:03], [file name :-/home/otrams/public_html/otramsphp7/uat/v3otrams/call.php],UPDATE xmllogs SET
hotel_count = ''
, request_url = '/call.php?s=localsystem&sessionid=022444689e1e001d36d47f0cd789d2f59ca775a70c5309964b275efaf16b5f6a&xml_user_id=24&request_no=1&local_hotel_code=53769&#039;,&#039;53771&#039;,&#039;53773&#039;,&#039;53775&#039;,&#039;53776&#039;,&#039;53742&web_service=no&site_id='
, http_hit_time = '2020-12-03 06:13:02.519'
, request_start_time = '0.000'
, parsing_start_time = '0.000'
, mapping_complete_time = '0.000'
, mongo_start_time = '0.000'
, search_end_time = '0.000'
, total_duration = '0.927'
, error_description = ''
, memory_used = '7908600'
WHERE id = '3330';
[12/03/2020 06:13:03], [file name :-/home/otrams/public_html/otramsphp7/uat/v3otrams/xml_all.php],UPDATE agent_logs SET
  hotel_count = '',
  request_path = '/xml_all.php?userid=24&sessionid=022444689e1e001d36d47f0cd789d2f59ca775a70c5309964b275efaf16b5f6a',
  duration = '1.478',
  merge_duration = '0.074',
  assigned_supplier_count = '1',
  searched_supplier_count = '1',
  system_load_1_min = '1.14',
  system_load_5_min = '2.10',
  system_load_15_min = '2.18',
  system_memory_usage = '87.90',
  memory_usage = (SELECT COALESCE(SUM(memory_used),0) FROM xmllogs WHERE agent_logs_id = '496') + '8042688',
  parallel_search_count = '',
  mongo_archive_collection = '',
  error_description = '',
  is_cached = 'no'
WHERE id = '496';
[12/03/2020 06:13:23], [file name :-/home/otrams/public_html/otramsphp7/uat/v3otrams/book_now.php],INSERT INTO autogenerator_reservation (reservation_id, remote_id) VALUES ('1606976003','60.254.11.202');
[12/03/2020 06:13:46], [file name :-/home/otrams/public_html/otramsphp7/uat/v3otrams/book_now.php],INSERT INTO autogenerator_reservation (reservation_id, remote_id) VALUES ('1606976026','60.254.11.202');
[12/03/2020 06:14:01], [file name :-/home/otrams/public_html/otramsphp7/uat/v3otrams/book_now.php],INSERT INTO autogenerator_reservation (reservation_id, remote_id) VALUES ('1606976041','60.254.11.202');
[12/03/2020 06:14:47], [file name :-/home/otrams/public_html/otramsphp7/uat/v3otrams/book_now.php],INSERT INTO autogenerator_reservation (reservation_id, remote_id) VALUES ('1606976087','60.254.11.202');
[12/03/2020 06:15:08], [file name :-/home/otrams/public_html/otramsphp7/uat/v3otrams/confirm_booking.php],INSERT INTO bookings SET  source_type = 'localsystem', reservation_id = '1902', create_date = '2020-12-03 06:15:08', agent_id = '24', parent_agent_id = '24', agent_ref_no = '', nationality = 'Indian', city_id = 'mumbai', country_id = '106', current_status = 'inprocess-booking', is_xml = '0', display_room_rate = '10.89', display_currency_code = 'USD', native_room_rate = '40', native_currency_code = 'AED', supplier_profile_id = '1', service_type = 'hotel', service_date = '2021/06/03', check_out_date = '2021/06/04', sub_user_id = '', booking_status = '1', leader_title = 'Mr', leader_first_name = 'Deep', leader_last_name = 'Mishra', booking_branch_id = '1', expiration_date = '2020-12-03 06:15:00', cancellation_policy = 'Amendment of Dates, Room Category, Passenger Names are considered as Cancel and Rebook by most of the Hotels.
        Any Changes in initial booking may be denied by the supplier or may result in extra charges.
        Confirmation of amendment requests is subject to availablity and rates at the time of amendment.<Br><Br><B><U>Detailed Cancellation Policy:</U></B> <br/> Cancellation Charges of 10.89 USD applicable if cancelled after 03 Dec 2020 11:44 hrs.', supplier_cancellation_policy = '', status_date = '2020-12-03 06:15:08',  site_url = 'https://alpha.otrams.thefabulousgetaway.com/';
[12/03/2020 06:15:08], [file name :-/home/otrams/public_html/otramsphp7/uat/v3otrams/confirm_booking.php],INSERT INTO external_mapping_data_tracking (booking_id,search_hotel_name,booked_hotel_name_supplier,hotel_id,master_id,city_id,supplier,date) VALUES ('3069','RATEGAINONE','RATEGAINONE','53773','53773','mumbai','LOCAL_SUPPLIER',NOW());
[12/03/2020 06:15:08], [file name :-/home/otrams/public_html/otramsphp7/uat/v3otrams/confirm_booking.php],UPDATE
        bookings
        SET
        booking_branch_id= '1'
        WHERE
        id='3069'
        ;
[12/03/2020 06:15:08], [file name :-/home/otrams/public_html/otramsphp7/uat/v3otrams/confirm_booking.php],insert into bookings_details(booking_id,supplier_id,total_rooms,total_adults,total_children,total_infants,rate_description ,rate_code,hotel_id,local_hotel_id,hotel_name,hotel_address1,hotel_phone,hotel_rating,total_nights,arrival_date,departure_date,room_rate_code,hotel_img)values('3069','S000000241','1','1','0','-','','','53773','53773','RATEGAINONE','Mumbai','123456789','5.0','1','2021/06/03','2021/06/04','','https://alpha.otrams.thefabulousgetaway.com/project_folder/tfg_project/images/imagenotavailable.jpg');
[12/03/2020 06:15:08], [file name :-/home/otrams/public_html/otramsphp7/uat/v3otrams/confirm_booking.php], insert into booking_room_detail set  booking_id = '3069', booking_detail_id = '1207', room_type_code = '1~~~132~~~1039~~~1~~~~~~~~~64440~~~0~~~S000000241', room_name = 'single', room_type_description = 'Standard  -Bed & Breakfast : 1 Pax <font color=\'red\'>-D</font>', display_nightly_rates = 'a:1:{i:0;a:3:{s:18:\"displayNightlyRate\";d:10.89;s:16:\"promotionDisplay\";s:0:\"\";s:25:\"displayNightlyRateDisplay\";s:151:\"Supplier Name - localsupplier(RateGainSupplier - S000000241), Rate - 40 AED, Currency Multiplier (AED-USD) - 0.27222 Supplier Commission-0 #localsystem\";}}', native_nightly_rates = 'a:1:{i:0;a:4:{s:19:\"O_nativeNightlyRate\";i:40;s:17:\"nativeNightlyRate\";i:40;s:9:\"free_sale\";s:2:\"no\";s:14:\"Discount/Offer\";a:7:{s:4:\"code\";s:0:\"\";s:4:\"Name\";s:0:\"\";s:7:\"S_Value\";s:0:\"\";s:5:\"Value\";i:0;s:12:\"Display_Name\";s:0:\"\";s:10:\"Offer_Note\";N;s:10:\"Offer_Type\";N;}}}', markup = '0', commission = '0', native_room_rate_total = '40', display_room_rate_total = '10.89', number_of_rooms = '1';
[12/03/2020 06:15:08], [file name :-/home/otrams/public_html/otramsphp7/uat/v3otrams/confirm_booking.php], insert into passangers set  booking_id = '3069', booking_detail_id = '1207', rid = '1805', room = '0', salutations = 'Mr', first_name = 'Deep', last_name = 'Mishra', passenger_type = 'adult', age = '';
[12/03/2020 06:15:08], [file name :-/home/otrams/public_html/otramsphp7/uat/v3otrams/confirm_booking.php],update bookings set  special_remark = '', itenirary_id = '', confirmation_number = '', display_discount = '0', current_status = 'confirmed', comment_contract = '', consultant_id = 'SalesConsultant', sales_manager_id = '', admin_booked = '1', email_id = 'deep.mishra@rategain.com', leader_phone = '+123451914108628', agent_currency_multiplier = '1.00000', ip_addr = '60.254.11.202', backoffice_user = 'tfg', customer_id = '', applied_multiplier='0.27222', free_sale='',  applied_markup='0',  agent_markup='0',  basecurrency_multiplier='1.00000',  basecurrency_multiplier_native='0.27222',  parent_agent_id='24',  sub_agent_rate='0', agent_rate='10.89',  applicable_service_tax='0',  supplier_rate='40',  original_source='',  uid='ed38980b31bbe97bd68fe18ae4c4f8be'  where id='3069';
[12/03/2020 06:15:08], [file name :-/home/otrams/public_html/otramsphp7/uat/v3otrams/confirm_booking.php],update bookings_details set touricoRoomResId ='', gta_item_confirm_ref='' ,gtaToken = '' , special_request='' where booking_id ='3069';
[12/03/2020 06:15:08], [file name :-/home/otrams/public_html/otramsphp7/uat/v3otrams/confirm_booking.php],update bookings_details set reservation_pushed = '1', channel_manager = 'rategain',room_type_description='' where booking_id = '3069';
[12/03/2020 06:15:09], [file name :-/home/otrams/public_html/otramsphp7/uat/v3otrams/confirm_booking.php],INSERT INTO booking_cancellation_policy(booking_id,from_date,supplier_from_date,supplier_charge,agent_charge,lead_time,create_date)  VALUES('3069','2020-12-03 06:14:00','2020-12-03 06:14:00','40','10.89','0','2020-12-03 06:15:09');
[12/03/2020 06:15:09], [file name :-/home/otrams/public_html/otramsphp7/uat/v3otrams/confirm_booking.php],insert into booking_lat_long(booking_id,latitude,longitude) values ('3069','','');
[12/03/2020 06:15:09], [file name :-/home/otrams/public_html/otramsphp7/uat/v3otrams/confirm_booking.php],INSERT INTO booking_status (booking_id,status,create_date,memo,agent_id,ip_address,admin,modify_by) VALUES ('3069','confirmed','2020-12-03 06:15:09','Booking confirmed . Booked by Back Office tfg on behalf of Agent - Snehal  Valanju(CD0024)','24','60.254.11.202','0','24');
[12/03/2020 06:15:09], [file name :-/home/otrams/public_html/otramsphp7/uat/v3otrams/confirm_booking.php],INSERT INTO booking_search_log(booking_id, details)
        VALUES(3069, 'a:30:{s:3:\"_id\";a:1:{s:4:\"$oid\";s:24:\"5fc881ef9e1437472d37d953\";}s:7:\"hotelId\";s:25:\"53773----------S000000241\";s:4:\"name\";s:11:\"RATEGAINONE\";s:14:\"local_hotel_id\";s:5:\"53773\";s:8:\"address1\";s:6:\"Mumbai\";s:8:\"latitude\";s:0:\"\";s:9:\"longitude\";s:0:\"\";s:4:\"city\";s:5:\"64440\";s:8:\"location\";s:0:\"\";s:14:\"prefered_hotel\";s:1:\"0\";s:10:\"mlosSlogan\";s:0:\"\";s:16:\"isMlosApplicable\";s:2:\"no\";s:7:\"country\";s:3:\"106\";s:16:\"rateCurrencyCode\";s:3:\"USD\";s:5:\"phone\";s:9:\"123456789\";s:16:\"shortDescription\";s:24:\"No Description Available\";s:11:\"website_url\";s:0:\"\";s:12:\"thumbNailUrl\";s:99:\"https://alpha.otrams.thefabulousgetaway.com/project_folder/tfg_project/images/imagenotavailable.jpg\";s:10:\"sourceType\";s:11:\"localsystem\";s:10:\"supplierid\";s:10:\"S000000241\";s:12:\"suppliername\";s:16:\"RateGainSupplier\";s:14:\"propertyRating\";s:3:\"5.0\";s:15:\"specialCategory\";a:1:{i:0;s:1:\"1\";}s:13:\"HotelProperty\";a:1:{s:11:\"localsystem\";a:1:{i:0;a:1:{s:8:\"RateInfo\";a:13:{s:10:\"room_rates\";a:1:{i:0;a:33:{s:11:\"ratebreakup\";a:4:{s:6:\"markup\";i:0;s:10:\"commission\";i:0;s:18:\"NativeNightlyRates\";a:1:{i:0;a:4:{s:19:\"O_nativeNightlyRate\";i:40;s:17:\"nativeNightlyRate\";i:40;s:9:\"free_sale\";s:2:\"no\";s:14:\"Discount/Offer\";a:7:{s:4:\"code\";s:0:\"\";s:4:\"Name\";s:0:\"\";s:7:\"S_Value\";s:0:\"\";s:5:\"Value\";i:0;s:12:\"Display_Name\";s:0:\"\";s:10:\"Offer_Note\";N;s:10:\"Offer_Type\";N;}}}s:19:\"DisplayNightlyRates\";a:1:{i:0;a:3:{s:18:\"displayNightlyRate\";d:10.89;s:16:\"promotionDisplay\";s:0:\"\";s:25:\"displayNightlyRateDisplay\";s:151:\"Supplier Name - localsupplier(RateGainSupplier - S000000241), Rate - 40 AED, Currency Multiplier (AED-USD) - 0.27222 Supplier Commission-0 #localsystem\";}}}s:20:\"offer_promotion_note\";s:0:\"\";s:19:\"offer_discount_type\";s:0:\"\";s:27:\"offer_discount_note_details\";N;s:9:\"room_name\";s:6:\"single\";s:9:\"stay_note\";N;s:10:\"time_stamp\";s:32:\"eda0eda538f61f9a9a4d47b0a4ef2361\";s:16:\"number_of_adults\";s:1:\"1\";s:10:\"view_basis\";s:0:\"\";s:13:\"view_basis_id\";s:1:\"0\";s:9:\"available\";i:1;s:9:\"free_sale\";N;s:7:\"minStay\";s:1:\"1\";s:19:\"displayCurrencyCode\";s:3:\"USD\";s:18:\"nativeCurrencyCode\";s:3:\"AED\";s:20:\"displayRoomTypeRates\";d:10.89;s:20:\"sortingRoomTypeRates\";d:10.89;s:19:\"nativeRoomTypeRates\";i:40;s:12:\"offerApplied\";N;s:7:\"room_id\";s:49:\"1~~~132~~~1039~~~1~~~~~~~~~64440~~~0~~~S000000241\";s:14:\"room_type_code\";s:1:\"1\";s:14:\"boardtype_code\";s:1:\"1\";s:16:\"valuation_number\";s:49:\"1~~~132~~~1039~~~1~~~~~~~~~64440~~~0~~~S000000241\";s:15:\"number_of_child\";i:0;s:13:\"NumberOfRooms\";i:1;s:10:\"supplierId\";s:10:\"S000000241\";s:12:\"supplierName\";s:16:\"RateGainSupplier\";s:10:\"meal_basis\";s:15:\"Bed & Breakfast\";s:4:\"note\";s:0:\"\";s:13:\"room_category\";s:13:\"Standard Room\";s:9:\"room_type\";s:62:\"Standard  -Bed & Breakfast : 1 Pax <font color=\'red\'>-D</font>\";s:14:\"non_refundable\";s:1:\"0\";s:15:\"class_unique_id\";s:17:\"0_0_53773_8513252\";}}s:9:\"available\";i:1;s:15:\"displayRoomRate\";d:10.89;s:14:\"nativeRoomRate\";i:40;s:9:\"unique_id\";s:37:\"1_53773----------S000000241_0_0_57290\";s:10:\"supplierId\";s:10:\"S000000241\";s:19:\"displayCurrencyCode\";s:3:\"USD\";s:18:\"nativeCurrencyCode\";s:3:\"AED\";s:18:\"applied_markup_per\";i:0;s:18:\"applied_multiplier\";d:0.27222;s:19:\"supplier_profile_id\";s:1:\"1\";s:13:\"supplier_data\";a:5:{s:7:\"hotelId\";s:25:\"53773----------S000000241\";s:10:\"sourceType\";s:11:\"localsystem\";s:15:\"supp_hotel_name\";s:11:\"RATEGAINONE\";s:18:\"supp_hotel_address\";s:6:\"Mumbai\";s:10:\"supplierId\";s:10:\"S000000241\";}s:8:\"no_class\";i:0;}}}}s:13:\"total_charges\";d:10.89;s:17:\"propertyAvailable\";i:1;s:8:\"no_class\";i:0;s:18:\"sort_total_charges\";d:10.89;s:16:\"hotel_name_ascii\";s:11:\"rategainone\";s:13:\"supplier_data\";a:5:{s:7:\"hotelId\";s:25:\"53773----------S000000241\";s:10:\"sourceType\";s:11:\"localsystem\";s:15:\"supp_hotel_name\";s:11:\"RATEGAINONE\";s:18:\"supp_hotel_address\";s:6:\"Mumbai\";s:10:\"supplierId\";s:10:\"S000000241\";}}');
[12/03/2020 06:15:09], [file name :-/home/otrams/public_html/otramsphp7/uat/v3otrams/confirm_booking.php],INSERT INTO booking_cancellation_policy(booking_id,from_date,supplier_from_date,to_date,supplier_to_date,supplier_charge,agent_charge,lead_time,create_date,applied_agent_charges)  VALUES('3069','2020-12-03 06:14:00','2020-12-03 06:14:00','1970-01-01 00:00:00','1970-01-01 00:00:00','40','10.89','0','2020-12-03 06:15:09','');
[12/03/2020 06:15:09], [file name :-/home/otrams/public_html/otramsphp7/uat/v3otrams/confirm_booking.php],update bookings_details set reservation_pushed = '1', channel_manager = 'rategain',room_type_description='' where booking_id = '3069';
[12/03/2020 06:15:09], [file name :-/home/otrams/public_html/otramsphp7/uat/v3otrams/confirm_booking.php],INSERT INTO bookings_applicable_offer set  oid= '',  offer_type_code= '',  booking_id= '3069',  room_id= '1~~~132~~~1039~~~1~~~~~~~~~64440~~~0~~~S000000241',  room_name= 'single',  supplier_id= 'S000000241',  agent_id= '',  applied_native_discount= '0',  original_native_rate= '40',  native_rate= '40',  promotion_text= '',  offer_disc_type= '',  offer_disc_value= '',  offer_disc_currency= '',  create_date= '2020-12-03 06:15:09' ;
[12/03/2020 06:15:09], [file name :-/home/otrams/public_html/otramsphp7/uat/v3otrams/confirm_booking.php],update bookings set confirmation_number='',itenirary_id='3069' where  id ='3069';
[12/03/2020 06:15:09], [file name :-/home/otrams/public_html/otramsphp7/uat/v3otrams/confirm_booking.php],UPDATE room_rates SET availability = availability-1,consumed_inventory = consumed_inventory+1 WHERE hotel_id = '53773' and inventory_class_id = '132' and supplier_id = 'S000000241' and date_from = '2021-06-03';
[12/03/2020 06:15:09], [file name :-/home/otrams/public_html/otramsphp7/uat/v3otrams/confirm_booking.php],update supplement_rate set inventory = '0' where supplement_rate_id = '1';
[12/03/2020 06:15:09], [file name :-/home/otrams/public_html/otramsphp7/uat/v3otrams/confirm_booking.php], insert into booking_configuration set  booking_id = '3069', config_key = 'BOOKING OTP', config_value = 'bR5DpXn6';;
[12/03/2020 06:15:09], [file name :-/home/otrams/public_html/otramsphp7/uat/v3otrams/confirm_booking.php],insert into email_logs SET `subject`= ' TFG103069 /  Booking Confirmed ',from_email_id= 'sanket.desai@qtechsoftware.com',body= '[encoded data, 40392 characters]',to_email_id= 'snehal.valanju@qtechsoftware.com',cc= '',bcc= '',status= 'Success',page_url= '/confirm_booking.php',create_date= '2020-12-03 06:15:09';
[12/03/2020 06:15:09], [file name :-/home/otrams/public_html/otramsphp7/uat/v3otrams/confirm_booking.php],insert into temp(booking_id,mail_send_to)values('3069','snehal.valanju@qtechsoftware.com');
[12/03/2020 06:15:09], [file name :-/home/otrams/public_html/otramsphp7/uat/v3otrams/confirm_booking.php],insert into temp(booking_id,mail_send_to)values('3069','snehal.valanju@qtechsoftware.com');
[12/03/2020 06:15:09], [file name :-/home/otrams/public_html/otramsphp7/uat/v3otrams/confirm_booking.php],update posted_bookings set booking_id='3069',status='1' where reservation_id='1902' and booking_id ='0';
[12/03/2020 06:15:09], [file name :-/home/otrams/public_html/otramsphp7/uat/v3otrams/confirm_booking.php],update xmllogs set reservation_id='3069' where agent_logs_id='496' and source_type='localsystem';
[12/03/2020 06:15:09], [file name :-/home/otrams/public_html/otramsphp7/uat/v3otrams/confirm_booking.php],INSERT INTO booking_commission set agent_commission='',  supplier_commission='',  profit_percent='',  gross_profit='',  commission_tax='',  booking_id ='3069',  create_date ='2020-12-03 06:15:09', supplier_tax='';
[12/03/2020 06:15:09], [file name :-/home/otrams/public_html/otramsphp7/uat/v3otrams/confirm_booking.php],update bookings set voucher_id='Test123',status_date='2020-12-03 06:15:09',current_status='vouchered',voucher_hashcode='5bff363c793b69e9289decf866aeaf94499743069',vouchered_by ='' where id='3069';
[12/03/2020 06:15:09], [file name :-/home/otrams/public_html/otramsphp7/uat/v3otrams/confirm_booking.php],Insert into booking_configuration set booking_id='3069',config_key='VOUCHER_DATE', config_value='2020-12-03 06:15:09',create_date='2020-12-03 06:15:09';
[12/03/2020 06:15:09], [file name :-/home/otrams/public_html/otramsphp7/uat/v3otrams/confirm_booking.php],INSERT INTO autogenerator_invoice_number (id, number) VALUES ('','1606976109');
[12/03/2020 06:15:09], [file name :-/home/otrams/public_html/otramsphp7/uat/v3otrams/confirm_booking.php],update bookings set is_invoiced='yes',invoice_number= '2020/396' where id='3069' and is_invoiced!='yes';
[12/03/2020 06:15:09], [file name :-/home/otrams/public_html/otramsphp7/uat/v3otrams/confirm_booking.php],UPDATE agents SET credit_usage=credit_usage+('10.89'),   credit_value= credit_value-('10.89') ,  cd_credit_usage=cd_credit_usage+('10.89') , cd_credit_value=cd_credit_value-('10.89')  WHERE id = '24';
[12/03/2020 06:15:09], [file name :-/home/otrams/public_html/otramsphp7/uat/v3otrams/confirm_booking.php],insert into  agent_credit_log SET agent_id= '24',credit_value= '9912.340',credit_usage= '87.660',credit_limit= '10000',receipt_id= '',amount= '10.89',booking_id='3069',booking_cost= '10.89',receipt_allocation= '',balance= '10.89',ip='60.254.11.202',user_type='User',admin_id='Agent - Snehal  Valanju(CD0024)',temp_credit_limit='',log_type='Add Invoice',note='Add Invoice',create_date='2020-12-03 06:12:09';
[12/03/2020 06:15:09], [file name :-/home/otrams/public_html/otramsphp7/uat/v3otrams/confirm_booking.php],insert into booking_rate_info set agent_price='0',sub_agent_price='0',supplier_currency='AED',supplier_price='40',supplier_type='offline',supplier_id='S000000241',acc_type='purchase',accounting_multiplier='0.27222',booking_id='3069',booking_log='Booking Vouchered',type='Sale',create_date='2020-12-03 06:15:09',account_invoice='2020/396',particulars='';
[12/03/2020 06:15:10], [file name :-/home/otrams/public_html/otramsphp7/uat/v3otrams/confirm_booking.php],insert into booking_rate_info set agent_price='10.89',sub_agent_price='0',supplier_price='0',acc_type='sale',accounting_multiplier='1.00000',booking_id='3069',booking_log='Booking Vouchered',type='Sale',create_date='2020-12-03 06:15:09',account_invoice='2020/396',particulars='';
[12/03/2020 06:15:10], [file name :-/home/otrams/public_html/otramsphp7/uat/v3otrams/confirm_booking.php],DELETE FROM accounts_invoice_transaction WHERE bid = 1514;
[12/03/2020 06:15:10], [file name :-/home/otrams/public_html/otramsphp7/uat/v3otrams/confirm_booking.php],INSERT INTO accounts_invoice_transaction SET bid= '1514',booking_id= '3069',invoice_number= '2020/396',service_type= 'hotel',booking_type= 'online',service_name= 'RATEGAINONE',type= 'sale',room_type= 'single',quantity_room= '1',from_date= '2021/06/03',to_date= '2021/06/04',quantity= '1',price= '10.89',total_price= '10.89';
[12/03/2020 06:15:10], [file name :-/home/otrams/public_html/otramsphp7/uat/v3otrams/confirm_booking.php],insert into email_logs SET `subject`= 'The Fabulous Getaway Tax Dispute(TaxInvoice)',from_email_id= 'sanket.desai@qtechsoftware.com',body= 'Rm9yIEZvbGxvd2luZyBib29raW5nIFRheCBpcyBub3QgaW5zZXJ0ZWQ8YnI+Qm9va2luZ0lkOi0zMDY5PGJyPkludm9pY2Ugbm86LTIwMjAvMzk2PGJyPmJyYW5jaF9pZDotMTxicj5UeXBlOi1hZ2VudDxicj5BY2NvdW50IHR5cGU6LXNhbGU8YnI+',to_email_id= 'sanket.desai@qtechsoftware.com',cc= '',bcc= '',status= 'Success',page_url= '/confirm_booking.php',create_date= '2020-12-03 06:15:10';
[12/03/2020 06:15:10], [file name :-/home/otrams/public_html/otramsphp7/uat/v3otrams/confirm_booking.php], insert into email_trigger set  subject ='The Fabulous Getaway Tax Dispute',  message='For Following booking Tax is not inserted<br>BookingId:-3069<br>Invoice no:-2020/396<br>branch_id:-1<br>Type:-agent<br>Account type:-sale<br>',  email_sent ='yes', create_date ='2020-12-03 06:15:10', email_sent_to ='sanket.desai@qtechsoftware.com,TESTER_EMAIL_ID', email_type ='TaxInvoice';
[12/03/2020 06:15:10], [file name :-/home/otrams/public_html/otramsphp7/uat/v3otrams/confirm_booking.php],INSERT INTO booking_status (visa_id,visa_status,booking_id,status,create_date,memo,agent_id,ip_address,admin,modify_by,crons) VALUES
        ('','','3069','vouchered-invoiced','2020-12-03 06:15:10','Booking invoiced by Back Office tfg on behalf of Agent - Snehal  Valanju(CD0024)','24','60.254.11.202','','','');
[12/03/2020 06:15:10], [file name :-/home/otrams/public_html/otramsphp7/uat/v3otrams/confirm_booking.php],INSERT INTO agent_commission SET booking_id ='3069',booking_detail_id ='3069',agent_id ='24',is_sub_agent ='N',parent_id ='',display_commission ='0',display_currency ='USD',paid ='N',type ='hotel',description ='Agent Mark Up Percentage is 0 %',create_date ='2020-12-03 06:15:10';
[12/03/2020 06:15:10], [file name :-/home/otrams/public_html/otramsphp7/uat/v3otrams/confirm_booking.php],insert into accounting_status set booking_id ='3069',acc_sales_export='0',acc_purchase_export='0',acc_status='A';
[12/03/2020 06:15:10], [file name :-/home/otrams/public_html/otramsphp7/uat/v3otrams/confirm_booking.php],INSERT INTO booking_status (visa_id,visa_status,booking_id,status,create_date,memo,agent_id,ip_address,admin,modify_by,crons) VALUES
        ('','','3069','vouchered','2020-12-03 06:15:10','Voucherd by Back Office tfg on behalf of Agent - Snehal  Valanju(CD0024)','24','60.254.11.202','','','');
[12/03/2020 06:15:11], [file name :-/home/otrams/public_html/otramsphp7/uat/v3otrams/confirm_booking.php],insert into email_logs SET `subject`= ' TFG103069 /  Booking Vouchered ',from_email_id= 'sanket.desai@qtechsoftware.com',body= '[encoded data, 28144 characters]',to_email_id= 'snehal.valanju@qtechsoftware.com,SalesConsultant@gmail.com',cc= '',bcc= '',status= 'Success',page_url= '/confirm_booking.php',create_date= '2020-12-03 06:15:11';
[12/03/2020 06:15:11], [file name :-/home/otrams/public_html/otramsphp7/uat/v3otrams/confirm_booking.php],insert into temp(booking_id,mail_send_to)values('3069','snehal.valanju@qtechsoftware.com');
[12/03/2020 06:15:11], [file name :-/home/otrams/public_html/otramsphp7/uat/v3otrams/confirm_booking.php],insert into temp(booking_id,mail_send_to)values('3069','SalesConsultant@gmail.com');
[12/03/2020 06:15:20], [file name :-/home/otrams/public_html/otramsphp7/uat/v3otrams/crons/channel_manager_push_reservation.php],update bookings_details set reservation_pushed = '0', channel_manager = 'rategain',room_type_description='' where booking_id = '3069';
[12/03/2020 06:20:07], [file name :-/home/otrams/public_html/otramsphp7/uat/v3otrams/extranet-app/controllers/controller.php],INSERT INTO room_rates (room_rate_code,rate_group,hotel_id,supplier_id,date_from,date_to,room_class,room_basis,ip_addr,room_type,view_basis,edit_time_stamp,weekend,rate_profile,entered_by,inventory_class_id,status,weekday_rate,weekend_rate,currency,minstay,availability,time_limit,checkin_block_for,exclude_countries,exclude_residence,stop_sale,time_stamp,created_datetime,create_date,created_by,changed_by,modify_date,modified_datetime,modified_by,consumed_inventory,stay_note) values ('53773@S000000241@2021-06-03@2021-06-03@@1039@1@1@@@0','03-06-2021~03-06-2021','53773','S000000241','2021-06-03','2021-06-03','1039','1','60.254.11.202','0','0','901b725ae4624a47c8a977ea9689a25f','Sa,Su','1','Supplier','132','A','440','440','AED','1','2','0','0','','','0','eda0eda538f61f9a9a4d47b0a4ef2361','2020-12-01 10:37:33','2020-12-01','Supplier','Supplier','2020-12-03','2020-12-03 06:20:07','Supplier','3','');
[12/03/2020 06:20:07], [file name :-/home/otrams/public_html/otramsphp7/uat/v3otrams/extranet-app/controllers/controller.php],DELETE  FROM room_rates WHERE id IN ('1934749');
[12/03/2020 06:20:07], [file name :-/home/otrams/public_html/otramsphp7/uat/v3otrams/extranet-app/controllers/controller.php],insert into `user_logs` set  `create_date`= '2020-12-03 06:20:07',`log_type`= 'Rates',`sql_query`= '',`log_description`= 'Inserted Rates For RateGainOne Rate:- 440 Room Category :- Standard - Single, Extrabed - 0 (Bed & Breakfast) Market :- All Market From:- 03-06-2021 To:- 06-06-2021',`ip`= '60.254.11.202',`username`= 'tfg',`user_id`= 'S000000241';
[12/03/2020 06:20:07], [file name :-/home/otrams/public_html/otramsphp7/uat/v3otrams/extranet-app/controllers/controller.php],insert into user_log_link Set `user_logs_id`='4034', `entity`='Hotels', `value`='53773' ;
[12/03/2020 06:20:07], [file name :-/home/otrams/public_html/otramsphp7/uat/v3otrams/extranet-app/controllers/controller.php],insert into user_log_link Set `user_logs_id`='4034', `entity`='Suppliers', `value`='S000000241' ;
[12/03/2020 06:20:07], [file name :-/home/otrams/public_html/otramsphp7/uat/v3otrams/extranet-app/controllers/controller.php],insert into user_log_link Set `user_logs_id`='4034', `entity`='Inventory', `value`='132' ;
[12/03/2020 06:20:07], [file name :-/home/otrams/public_html/otramsphp7/uat/v3otrams/extranet-app/controllers/controller.php],insert into user_log_link Set `user_logs_id`='4034', `entity`='Room', `value`='1039' ;
[12/03/2020 06:20:07], [file name :-/home/otrams/public_html/otramsphp7/uat/v3otrams/extranet-app/controllers/controller.php],insert into user_log_link Set `user_logs_id`='4034', `entity`='Market', `value`='1' ;
[12/03/2020 06:20:07], [file name :-/home/otrams/public_html/otramsphp7/uat/v3otrams/extranet-app/controllers/controller.php],INSERT INTO room_rates (room_rate_code,rate_group,hotel_id,supplier_id,date_from,date_to,room_class,room_basis,ip_addr,room_type,view_basis,edit_time_stamp,weekend,rate_profile,entered_by,inventory_class_id,status,weekday_rate,weekend_rate,currency,minstay,availability,time_limit,checkin_block_for,exclude_countries,exclude_residence,stop_sale,time_stamp,created_datetime,create_date,created_by,changed_by,modify_date,modified_datetime,modified_by,consumed_inventory,stay_note) values ('53773@S000000241@2021-06-04@2021-06-04@@1039@1@1@@@0','04-06-2021~04-06-2021','53773','S000000241','2021-06-04','2021-06-04','1039','1','60.254.11.202','0','0','e74a4078432f75173d9f6749a3fa86ce','Sa,Su','1','Supplier','132','A','440','440','AED','1','5','0','0','','','0','6c93f45c4b1995ffcd2f12766e43a83d','2020-12-01 10:37:33','2020-12-01','Supplier','Supplier','2020-12-03','2020-12-03 06:20:07','Supplier','0',''),('53773@S000000241@2021-06-05@2021-06-05@@1039@1@1@@@0','05-06-2021~05-06-2021','53773','S000000241','2021-06-05','2021-06-05','1039','1','60.254.11.202','0','0','a0a164c8b845caf1321167e85673dcf3','Sa,Su','1','Supplier','132','A','440','440','AED','1','5','0','0','','','0','57bd1330fa3aa06faa06eaa5451f7c6b','2020-12-01 10:37:33','2020-12-01','Supplier','Supplier','2020-12-03','2020-12-03 06:20:07','Supplier','0',''),('53773@S000000241@2021-06-06@2021-06-06@@1039@1@1@@@0','06-06-2021~06-06-2021','53773','S000000241','2021-06-06','2021-06-06','1039','1','60.254.11.202','0','0','a96ce575a620cd8192baec773ecc17c4','Sa,Su','1','Supplier','132','A','440','440','AED','1','5','0','0','','','0','5442b6c8bb3ebe31f5f2b5bd4b5265af','2020-12-01 10:37:33','2020-12-01','Supplier','Supplier','2020-12-03','2020-12-03 06:20:07','Supplier','0','');
[12/03/2020 06:20:07], [file name :-/home/otrams/public_html/otramsphp7/uat/v3otrams/extranet-app/controllers/controller.php],DELETE  FROM room_rates WHERE id IN ('1934750','1934751','1934752');
[12/03/2020 06:20:18], [file name :-/home/otrams/public_html/otramsphp7/uat/v3otrams/hotel_search_list.php],INSERT INTO agent_logs SET  agent_id = '24' , sub_agent_id = '' , sub_user_id = '0' , branch_id = '1' , ip = '60.254.11.202' , city = 'mumbai' , service_name = '' , service_type = 'hotel' , arrival_date = '2021/06/03' , departure_date = '2021/06/04' , nationality = '106' , nights = '1' , room_types = '1' , create_date = '2020-12-03 06:20:18' , site_id = '' , country_code = '106' , web_service = '' ;
[12/03/2020 06:20:21], [file name :-/home/otrams/public_html/otramsphp7/uat/v3otrams/call.php],INSERT INTO xmllogs(reservation_id, type, request_path, response_path, header_path, source_type, create_date, header, session_id, agent_logs_id)
VALUE ('', 'AVAILABILITY', '/request_placeholder.xml', '/response_placeholder.xml', '/response_header_placeholder.xml', 'localsystem', '2020-12-03 06:20:21', '', '022444689e1e001d36d47f0cd789d2f59ca775a70c5309964b275efaf16b5f6a', '497');
[12/03/2020 06:20:21], [file name :-/home/otrams/public_html/otramsphp7/uat/v3otrams/call.php],UPDATE xmllogs SET
hotel_count = ''
, request_url = '/call.php?s=localsystem&sessionid=022444689e1e001d36d47f0cd789d2f59ca775a70c5309964b275efaf16b5f6a&xml_user_id=24&request_no=0&local_hotel_code=2&#039;,&#039;97&#039;,&#039;53716&#039;,&#039;53734&#039;,&#039;53735&#039;,&#039;53736&#039;,&#039;53737&#039;,&#039;53738&#039;,&#039;53739&#039;,&#039;53740&#039;,&#039;53741&#039;,&#039;53744&#039;,&#039;53745&#039;,&#039;53746&#039;,&#039;53747&#039;,&#039;53748&#039;,&#039;53749&#039;,&#039;53750&#039;,&#039;53751&#039;,&#039;53757&#039;,&#039;53758&#039;,&#039;53759&#039;,&#039;53766&#039;,&#039;53767&#039;,&#039;53768&web_service=no&site_id='
, http_hit_time = '2020-12-03 06:20:20.243'
, request_start_time = '0.000'
, parsing_start_time = '0.000'
, mapping_complete_time = '0.000'
, mongo_start_time = '0.000'
, search_end_time = '0.000'
, total_duration = '1.327'
, error_description = ''
, memory_used = '7910040'
WHERE id = '3331';
[12/03/2020 06:20:21], [file name :-/home/otrams/public_html/otramsphp7/uat/v3otrams/call.php],INSERT INTO xmllogs(reservation_id, type, request_path, response_path, header_path, source_type, create_date, header, session_id, agent_logs_id)
VALUE ('', 'AVAILABILITY', '/request_placeholder.xml', '/response_placeholder.xml', '/response_header_placeholder.xml', 'localsystem', '2020-12-03 06:20:21', '', '022444689e1e001d36d47f0cd789d2f59ca775a70c5309964b275efaf16b5f6a', '497');
[12/03/2020 06:20:21], [file name :-/home/otrams/public_html/otramsphp7/uat/v3otrams/call.php],UPDATE xmllogs SET
hotel_count = ''
, request_url = '/call.php?s=localsystem&sessionid=022444689e1e001d36d47f0cd789d2f59ca775a70c5309964b275efaf16b5f6a&xml_user_id=24&request_no=1&local_hotel_code=53769&#039;,&#039;53771&#039;,&#039;53773&#039;,&#039;53775&#039;,&#039;53776&#039;,&#039;53742&web_service=no&site_id='
, http_hit_time = '2020-12-03 06:20:20.246'
, request_start_time = '0.000'
, parsing_start_time = '0.000'
, mapping_complete_time = '0.000'
, mongo_start_time = '0.000'
, search_end_time = '0.000'
, total_duration = '1.473'
, error_description = ''
, memory_used = '7908600'
WHERE id = '3332';
[12/03/2020 06:20:21], [file name :-/home/otrams/public_html/otramsphp7/uat/v3otrams/xml_all.php],UPDATE agent_logs SET
  hotel_count = '',
  request_path = '/xml_all.php?userid=24&sessionid=022444689e1e001d36d47f0cd789d2f59ca775a70c5309964b275efaf16b5f6a',
  duration = '2.136',
  merge_duration = '0.140',
  assigned_supplier_count = '1',
  searched_supplier_count = '1',
  system_load_1_min = '0.54',
  system_load_5_min = '0.82',
  system_load_15_min = '1.52',
  system_memory_usage = '87.96',
  memory_usage = (SELECT COALESCE(SUM(memory_used),0) FROM xmllogs WHERE agent_logs_id = '497') + '8042688',
  parallel_search_count = '',
  mongo_archive_collection = '',
  error_description = '',
  is_cached = 'no'
WHERE id = '497';
[12/03/2020 06:22:48], [file name :-/home/otrams/public_html/otramsphp7/uat/v3otrams/extranet-app/controllers/controller.php],INSERT INTO room_rates (room_rate_code,rate_group,hotel_id,supplier_id,date_from,date_to,room_class,room_basis,ip_addr,room_type,view_basis,edit_time_stamp,weekend,rate_profile,entered_by,inventory_class_id,status,weekday_rate,weekend_rate,currency,minstay,availability,time_limit,checkin_block_for,exclude_countries,exclude_residence,stop_sale,time_stamp,created_datetime,create_date,created_by,changed_by,modify_date,modified_datetime,modified_by,consumed_inventory,stay_note) values ('53773@S000000241@2021-06-03@2021-06-03@@1039@1@1@@@0','03-06-2021~03-06-2021','53773','S000000241','2021-06-03','2021-06-03','1039','1','60.254.11.202','0','0','b165cc6d438851ce24a4f8da7a33267f','Sa,Su','1','Supplier','132','A','1616.21','1616.21','AED','1','2','0','0','','','0','eda0eda538f61f9a9a4d47b0a4ef2361','2020-12-01 10:37:33','2020-12-01','Supplier','Supplier','2020-12-03','2020-12-03 06:22:48','Supplier','3','');
[12/03/2020 06:22:48], [file name :-/home/otrams/public_html/otramsphp7/uat/v3otrams/extranet-app/controllers/controller.php],DELETE  FROM room_rates WHERE id IN ('1937128');
[12/03/2020 06:22:48], [file name :-/home/otrams/public_html/otramsphp7/uat/v3otrams/extranet-app/controllers/controller.php],insert into `user_logs` set  `create_date`= '2020-12-03 06:22:48',`log_type`= 'Rates',`sql_query`= '',`log_description`= 'Inserted Rates For RateGainOne Rate:- 1616.21 Room Category :- Standard - Single, Extrabed - 0 (Bed & Breakfast) Market :- All Market From:- 03-06-2021 To:- 06-06-2021',`ip`= '60.254.11.202',`username`= 'tfg',`user_id`= 'S000000241';
[12/03/2020 06:22:48], [file name :-/home/otrams/public_html/otramsphp7/uat/v3otrams/extranet-app/controllers/controller.php],insert into user_log_link Set `user_logs_id`='4035', `entity`='Hotels', `value`='53773' ;
[12/03/2020 06:22:48], [file name :-/home/otrams/public_html/otramsphp7/uat/v3otrams/extranet-app/controllers/controller.php],insert into user_log_link Set `user_logs_id`='4035', `entity`='Suppliers', `value`='S000000241' ;
[12/03/2020 06:22:48], [file name :-/home/otrams/public_html/otramsphp7/uat/v3otrams/extranet-app/controllers/controller.php],insert into user_log_link Set `user_logs_id`='4035', `entity`='Inventory', `value`='132' ;
[12/03/2020 06:22:48], [file name :-/home/otrams/public_html/otramsphp7/uat/v3otrams/extranet-app/controllers/controller.php],insert into user_log_link Set `user_logs_id`='4035', `entity`='Room', `value`='1039' ;
[12/03/2020 06:22:48], [file name :-/home/otrams/public_html/otramsphp7/uat/v3otrams/extranet-app/controllers/controller.php],insert into user_log_link Set `user_logs_id`='4035', `entity`='Market', `value`='1' ;
[12/03/2020 06:22:48], [file name :-/home/otrams/public_html/otramsphp7/uat/v3otrams/extranet-app/controllers/controller.php],INSERT INTO room_rates (room_rate_code,rate_group,hotel_id,supplier_id,date_from,date_to,room_class,room_basis,ip_addr,room_type,view_basis,edit_time_stamp,weekend,rate_profile,entered_by,inventory_class_id,status,weekday_rate,weekend_rate,currency,minstay,availability,time_limit,checkin_block_for,exclude_countries,exclude_residence,stop_sale,time_stamp,created_datetime,create_date,created_by,changed_by,modify_date,modified_datetime,modified_by,consumed_inventory,stay_note) values ('53773@S000000241@2021-06-04@2021-06-04@@1039@1@1@@@0','04-06-2021~04-06-2021','53773','S000000241','2021-06-04','2021-06-04','1039','1','60.254.11.202','0','0','b57a4a12eb23289719a26bb937bf468b','Sa,Su','1','Supplier','132','A','1616.21','1616.21','AED','1','5','0','0','','','0','6c93f45c4b1995ffcd2f12766e43a83d','2020-12-01 10:37:33','2020-12-01','Supplier','Supplier','2020-12-03','2020-12-03 06:22:48','Supplier','0',''),('53773@S000000241@2021-06-05@2021-06-05@@1039@1@1@@@0','05-06-2021~05-06-2021','53773','S000000241','2021-06-05','2021-06-05','1039','1','60.254.11.202','0','0','9eb80fa4fed6cd56906b27722d1a3a32','Sa,Su','1','Supplier','132','A','1616.21','1616.21','AED','1','5','0','0','','','0','57bd1330fa3aa06faa06eaa5451f7c6b','2020-12-01 10:37:33','2020-12-01','Supplier','Supplier','2020-12-03','2020-12-03 06:22:48','Supplier','0',''),('53773@S000000241@2021-06-06@2021-06-06@@1039@1@1@@@0','06-06-2021~06-06-2021','53773','S000000241','2021-06-06','2021-06-06','1039','1','60.254.11.202','0','0','f73963a6153cbe773e0bce993a3ca0da','Sa,Su','1','Supplier','132','A','1616.21','1616.21','AED','1','5','0','0','','','0','5442b6c8bb3ebe31f5f2b5bd4b5265af','2020-12-01 10:37:33','2020-12-01','Supplier','Supplier','2020-12-03','2020-12-03 06:22:48','Supplier','0','');
[12/03/2020 06:22:48], [file name :-/home/otrams/public_html/otramsphp7/uat/v3otrams/extranet-app/controllers/controller.php],DELETE  FROM room_rates WHERE id IN ('1937129','1937130','1937131');
[12/03/2020 06:23:13], [file name :-/home/otrams/public_html/otramsphp7/uat/v3otrams/hotel_search_list.php],INSERT INTO agent_logs SET  agent_id = '24' , sub_agent_id = '' , sub_user_id = '0' , branch_id = '1' , ip = '60.254.11.202' , city = 'mumbai' , service_name = '' , service_type = 'hotel' , arrival_date = '2021/06/03' , departure_date = '2021/06/04' , nationality = '106' , nights = '1' , room_types = '1' , create_date = '2020-12-03 06:23:13' , site_id = '' , country_code = '106' , web_service = '' ;
[12/03/2020 06:23:15], [file name :-/home/otrams/public_html/otramsphp7/uat/v3otrams/call.php],INSERT INTO xmllogs(reservation_id, type, request_path, response_path, header_path, source_type, create_date, header, session_id, agent_logs_id)
VALUE ('', 'AVAILABILITY', '/request_placeholder.xml', '/response_placeholder.xml', '/response_header_placeholder.xml', 'localsystem', '2020-12-03 06:23:15', '', '022444689e1e001d36d47f0cd789d2f59ca775a70c5309964b275efaf16b5f6a', '498');
[12/03/2020 06:23:16], [file name :-/home/otrams/public_html/otramsphp7/uat/v3otrams/call.php],UPDATE xmllogs SET
hotel_count = ''
, request_url = '/call.php?s=localsystem&sessionid=022444689e1e001d36d47f0cd789d2f59ca775a70c5309964b275efaf16b5f6a&xml_user_id=24&request_no=1&local_hotel_code=53769&#039;,&#039;53771&#039;,&#039;53773&#039;,&#039;53775&#039;,&#039;53776&#039;,&#039;53742&web_service=no&site_id='
, http_hit_time = '2020-12-03 06:23:15.260'
, request_start_time = '0.000'
, parsing_start_time = '0.000'
, mapping_complete_time = '0.000'
, mongo_start_time = '0.000'
, search_end_time = '0.000'
, total_duration = '0.780'
, error_description = ''
, memory_used = '7908600'
WHERE id = '3333';
[12/03/2020 06:23:16], [file name :-/home/otrams/public_html/otramsphp7/uat/v3otrams/call.php],INSERT INTO xmllogs(reservation_id, type, request_path, response_path, header_path, source_type, create_date, header, session_id, agent_logs_id)
VALUE ('', 'AVAILABILITY', '/request_placeholder.xml', '/response_placeholder.xml', '/response_header_placeholder.xml', 'localsystem', '2020-12-03 06:23:16', '', '022444689e1e001d36d47f0cd789d2f59ca775a70c5309964b275efaf16b5f6a', '498');
[12/03/2020 06:23:16], [file name :-/home/otrams/public_html/otramsphp7/uat/v3otrams/call.php],UPDATE xmllogs SET
hotel_count = ''
, request_url = '/call.php?s=localsystem&sessionid=022444689e1e001d36d47f0cd789d2f59ca775a70c5309964b275efaf16b5f6a&xml_user_id=24&request_no=0&local_hotel_code=2&#039;,&#039;97&#039;,&#039;53716&#039;,&#039;53734&#039;,&#039;53735&#039;,&#039;53736&#039;,&#039;53737&#039;,&#039;53738&#039;,&#039;53739&#039;,&#039;53740&#039;,&#039;53741&#039;,&#039;53744&#039;,&#039;53745&#039;,&#039;53746&#039;,&#039;53747&#039;,&#039;53748&#039;,&#039;53749&#039;,&#039;53750&#039;,&#039;53751&#039;,&#039;53757&#039;,&#039;53758&#039;,&#039;53759&#039;,&#039;53766&#039;,&#039;53767&#039;,&#039;53768&web_service=no&site_id='
, http_hit_time = '2020-12-03 06:23:15.263'
, request_start_time = '0.000'
, parsing_start_time = '0.000'
, mapping_complete_time = '0.000'
, mongo_start_time = '0.000'
, search_end_time = '0.000'
, total_duration = '1.093'
, error_description = ''
, memory_used = '7910040'
WHERE id = '3334';
[12/03/2020 06:23:16], [file name :-/home/otrams/public_html/otramsphp7/uat/v3otrams/xml_all.php],UPDATE agent_logs SET
  hotel_count = '',
  request_path = '/xml_all.php?userid=24&sessionid=022444689e1e001d36d47f0cd789d2f59ca775a70c5309964b275efaf16b5f6a',
  duration = '1.521',
  merge_duration = '0.077',
  assigned_supplier_count = '1',
  searched_supplier_count = '1',
  system_load_1_min = '0.28',
  system_load_5_min = '0.63',
  system_load_15_min = '1.32',
  system_memory_usage = '87.85',
  memory_usage = (SELECT COALESCE(SUM(memory_used),0) FROM xmllogs WHERE agent_logs_id = '498') + '8042496',
  parallel_search_count = '',
  mongo_archive_collection = '',
  error_description = '',
  is_cached = 'no'
WHERE id = '498';
[12/03/2020 06:23:50], [file name :-/home/otrams/public_html/otramsphp7/uat/v3otrams/extranet-app/controllers/controller.php],INSERT INTO room_rates (room_rate_code,rate_group,hotel_id,supplier_id,date_from,date_to,room_class,room_basis,ip_addr,room_type,view_basis,edit_time_stamp,weekend,rate_profile,entered_by,inventory_class_id,status,weekday_rate,weekend_rate,currency,minstay,availability,time_limit,checkin_block_for,exclude_countries,exclude_residence,stop_sale,time_stamp,created_datetime,create_date,created_by,changed_by,modify_date,modified_datetime,modified_by,consumed_inventory,stay_note) values ('53773@S000000241@2021-06-03@2021-06-03@@1039@1@1@@@0','03-06-2021~03-06-2021','53773','S000000241','2021-06-03','2021-06-03','1039','1','60.254.11.202','0','0','740938655f89f17f9fa4a68839187da7','Sa,Su','1','Supplier','132','A','1616.25','1616.25','AED','1','2','0','0','','','0','eda0eda538f61f9a9a4d47b0a4ef2361','2020-12-01 10:37:33','2020-12-01','Supplier','Supplier','2020-12-03','2020-12-03 06:23:50','Supplier','3','');
[12/03/2020 06:23:50], [file name :-/home/otrams/public_html/otramsphp7/uat/v3otrams/extranet-app/controllers/controller.php],DELETE  FROM room_rates WHERE id IN ('1937132');
[12/03/2020 06:23:50], [file name :-/home/otrams/public_html/otramsphp7/uat/v3otrams/extranet-app/controllers/controller.php],insert into `user_logs` set  `create_date`= '2020-12-03 06:23:50',`log_type`= 'Rates',`sql_query`= '',`log_description`= 'Inserted Rates For RateGainOne Rate:- 1616.25 Room Category :- Standard - Single, Extrabed - 0 (Bed & Breakfast) Market :- All Market From:- 03-06-2021 To:- 06-06-2021',`ip`= '60.254.11.202',`username`= 'tfg',`user_id`= 'S000000241';
[12/03/2020 06:23:50], [file name :-/home/otrams/public_html/otramsphp7/uat/v3otrams/extranet-app/controllers/controller.php],insert into user_log_link Set `user_logs_id`='4036', `entity`='Hotels', `value`='53773' ;
[12/03/2020 06:23:50], [file name :-/home/otrams/public_html/otramsphp7/uat/v3otrams/extranet-app/controllers/controller.php],insert into user_log_link Set `user_logs_id`='4036', `entity`='Suppliers', `value`='S000000241' ;
[12/03/2020 06:23:50], [file name :-/home/otrams/public_html/otramsphp7/uat/v3otrams/extranet-app/controllers/controller.php],insert into user_log_link Set `user_logs_id`='4036', `entity`='Inventory', `value`='132' ;
[12/03/2020 06:23:50], [file name :-/home/otrams/public_html/otramsphp7/uat/v3otrams/extranet-app/controllers/controller.php],insert into user_log_link Set `user_logs_id`='4036', `entity`='Room', `value`='1039' ;
[12/03/2020 06:23:50], [file name :-/home/otrams/public_html/otramsphp7/uat/v3otrams/extranet-app/controllers/controller.php],insert into user_log_link Set `user_logs_id`='4036', `entity`='Market', `value`='1' ;
[12/03/2020 06:23:50], [file name :-/home/otrams/public_html/otramsphp7/uat/v3otrams/extranet-app/controllers/controller.php],INSERT INTO room_rates (room_rate_code,rate_group,hotel_id,supplier_id,date_from,date_to,room_class,room_basis,ip_addr,room_type,view_basis,edit_time_stamp,weekend,rate_profile,entered_by,inventory_class_id,status,weekday_rate,weekend_rate,currency,minstay,availability,time_limit,checkin_block_for,exclude_countries,exclude_residence,stop_sale,time_stamp,created_datetime,create_date,created_by,changed_by,modify_date,modified_datetime,modified_by,consumed_inventory,stay_note) values ('53773@S000000241@2021-06-04@2021-06-04@@1039@1@1@@@0','04-06-2021~04-06-2021','53773','S000000241','2021-06-04','2021-06-04','1039','1','60.254.11.202','0','0','a869fc76a2ccb96160f1fe50b8d96bcd','Sa,Su','1','Supplier','132','A','1616.25','1616.25','AED','1','5','0','0','','','0','6c93f45c4b1995ffcd2f12766e43a83d','2020-12-01 10:37:33','2020-12-01','Supplier','Supplier','2020-12-03','2020-12-03 06:23:50','Supplier','0',''),('53773@S000000241@2021-06-05@2021-06-05@@1039@1@1@@@0','05-06-2021~05-06-2021','53773','S000000241','2021-06-05','2021-06-05','1039','1','60.254.11.202','0','0','eef36b3ed4f6414712e9bbc16c9d671a','Sa,Su','1','Supplier','132','A','1616.25','1616.25','AED','1','5','0','0','','','0','57bd1330fa3aa06faa06eaa5451f7c6b','2020-12-01 10:37:33','2020-12-01','Supplier','Supplier','2020-12-03','2020-12-03 06:23:50','Supplier','0',''),('53773@S000000241@2021-06-06@2021-06-06@@1039@1@1@@@0','06-06-2021~06-06-2021','53773','S000000241','2021-06-06','2021-06-06','1039','1','60.254.11.202','0','0','06defca18c1caac7e38a3081b3c59061','Sa,Su','1','Supplier','132','A','1616.25','1616.25','AED','1','5','0','0','','','0','5442b6c8bb3ebe31f5f2b5bd4b5265af','2020-12-01 10:37:33','2020-12-01','Supplier','Supplier','2020-12-03','2020-12-03 06:23:50','Supplier','0','');
[12/03/2020 06:23:50], [file name :-/home/otrams/public_html/otramsphp7/uat/v3otrams/extranet-app/controllers/controller.php],DELETE  FROM room_rates WHERE id IN ('1937133','1937134','1937135');
[12/03/2020 06:23:58], [file name :-/home/otrams/public_html/otramsphp7/uat/v3otrams/hotel_search_list.php],INSERT INTO agent_logs SET  agent_id = '24' , sub_agent_id = '' , sub_user_id = '0' , branch_id = '1' , ip = '60.254.11.202' , city = 'mumbai' , service_name = '' , service_type = 'hotel' , arrival_date = '2021/06/03' , departure_date = '2021/06/04' , nationality = '106' , nights = '1' , room_types = '1' , create_date = '2020-12-03 06:23:58' , site_id = '' , country_code = '106' , web_service = '' ;
[12/03/2020 06:24:00], [file name :-/home/otrams/public_html/otramsphp7/uat/v3otrams/call.php],INSERT INTO xmllogs(reservation_id, type, request_path, response_path, header_path, source_type, create_date, header, session_id, agent_logs_id)
VALUE ('', 'AVAILABILITY', '/request_placeholder.xml', '/response_placeholder.xml', '/response_header_placeholder.xml', 'localsystem', '2020-12-03 06:24:00', '', '022444689e1e001d36d47f0cd789d2f59ca775a70c5309964b275efaf16b5f6a', '499');
[12/03/2020 06:24:00], [file name :-/home/otrams/public_html/otramsphp7/uat/v3otrams/call.php],INSERT INTO xmllogs(reservation_id, type, request_path, response_path, header_path, source_type, create_date, header, session_id, agent_logs_id)
VALUE ('', 'AVAILABILITY', '/request_placeholder.xml', '/response_placeholder.xml', '/response_header_placeholder.xml', 'localsystem', '2020-12-03 06:24:00', '', '022444689e1e001d36d47f0cd789d2f59ca775a70c5309964b275efaf16b5f6a', '499');
[12/03/2020 06:24:00], [file name :-/home/otrams/public_html/otramsphp7/uat/v3otrams/call.php],UPDATE xmllogs SET
hotel_count = ''
, request_url = '/call.php?s=localsystem&sessionid=022444689e1e001d36d47f0cd789d2f59ca775a70c5309964b275efaf16b5f6a&xml_user_id=24&request_no=0&local_hotel_code=2&#039;,&#039;97&#039;,&#039;53716&#039;,&#039;53734&#039;,&#039;53735&#039;,&#039;53736&#039;,&#039;53737&#039;,&#039;53738&#039;,&#039;53739&#039;,&#039;53740&#039;,&#039;53741&#039;,&#039;53744&#039;,&#039;53745&#039;,&#039;53746&#039;,&#039;53747&#039;,&#039;53748&#039;,&#039;53749&#039;,&#039;53750&#039;,&#039;53751&#039;,&#039;53757&#039;,&#039;53758&#039;,&#039;53759&#039;,&#039;53766&#039;,&#039;53767&#039;,&#039;53768&web_service=no&site_id='
, http_hit_time = '2020-12-03 06:24:00.1'
, request_start_time = '0.000'
, parsing_start_time = '0.000'
, mapping_complete_time = '0.000'
, mongo_start_time = '0.000'
, search_end_time = '0.000'
, total_duration = '0.928'
, error_description = ''
, memory_used = '7910040'
WHERE id = '3335';
[12/03/2020 06:24:00], [file name :-/home/otrams/public_html/otramsphp7/uat/v3otrams/call.php],UPDATE xmllogs SET
hotel_count = ''
, request_url = '/call.php?s=localsystem&sessionid=022444689e1e001d36d47f0cd789d2f59ca775a70c5309964b275efaf16b5f6a&xml_user_id=24&request_no=1&local_hotel_code=53769&#039;,&#039;53771&#039;,&#039;53773&#039;,&#039;53775&#039;,&#039;53776&#039;,&#039;53742&web_service=no&site_id='
, http_hit_time = '2020-12-03 06:24:00.43'
, request_start_time = '0.000'
, parsing_start_time = '0.000'
, mapping_complete_time = '0.000'
, mongo_start_time = '0.000'
, search_end_time = '0.000'
, total_duration = '0.915'
, error_description = ''
, memory_used = '7908600'
WHERE id = '3336';
[12/03/2020 06:24:01], [file name :-/home/otrams/public_html/otramsphp7/uat/v3otrams/xml_all.php],UPDATE agent_logs SET
  hotel_count = '',
  request_path = '/xml_all.php?userid=24&sessionid=022444689e1e001d36d47f0cd789d2f59ca775a70c5309964b275efaf16b5f6a',
  duration = '1.339',
  merge_duration = '0.053',
  assigned_supplier_count = '1',
  searched_supplier_count = '1',
  system_load_1_min = '0.58',
  system_load_5_min = '0.65',
  system_load_15_min = '1.30',
  system_memory_usage = '87.86',
  memory_usage = (SELECT COALESCE(SUM(memory_used),0) FROM xmllogs WHERE agent_logs_id = '499') + '8042688',
  parallel_search_count = '',
  mongo_archive_collection = '',
  error_description = '',
  is_cached = 'no'
WHERE id = '499';
[12/03/2020 06:24:21], [file name :-/home/otrams/public_html/otramsphp7/uat/v3otrams/extranet-app/controllers/controller.php],INSERT INTO room_rates (room_rate_code,rate_group,hotel_id,supplier_id,date_from,date_to,room_class,room_basis,ip_addr,room_type,view_basis,edit_time_stamp,weekend,rate_profile,entered_by,inventory_class_id,status,weekday_rate,weekend_rate,currency,minstay,availability,time_limit,checkin_block_for,exclude_countries,exclude_residence,stop_sale,time_stamp,created_datetime,create_date,created_by,changed_by,modify_date,modified_datetime,modified_by,consumed_inventory,stay_note) values ('53773@S000000241@2021-06-03@2021-06-03@@1039@1@1@@@0','03-06-2021~03-06-2021','53773','S000000241','2021-06-03','2021-06-03','1039','1','60.254.11.202','0','0','78a37e1440c67f322df6f4ab6d5dd585','Sa,Su','1','Supplier','132','A','1616.27','1616.27','AED','1','2','0','0','','','0','eda0eda538f61f9a9a4d47b0a4ef2361','2020-12-01 10:37:33','2020-12-01','Supplier','Supplier','2020-12-03','2020-12-03 06:24:21','Supplier','3','');
[12/03/2020 06:24:21], [file name :-/home/otrams/public_html/otramsphp7/uat/v3otrams/extranet-app/controllers/controller.php],DELETE  FROM room_rates WHERE id IN ('1937136');
[12/03/2020 06:24:21], [file name :-/home/otrams/public_html/otramsphp7/uat/v3otrams/extranet-app/controllers/controller.php],insert into `user_logs` set  `create_date`= '2020-12-03 06:24:21',`log_type`= 'Rates',`sql_query`= '',`log_description`= 'Inserted Rates For RateGainOne Rate:- 1616.27 Room Category :- Standard - Single, Extrabed - 0 (Bed & Breakfast) Market :- All Market From:- 03-06-2021 To:- 06-06-2021',`ip`= '60.254.11.202',`username`= 'tfg',`user_id`= 'S000000241';
[12/03/2020 06:24:21], [file name :-/home/otrams/public_html/otramsphp7/uat/v3otrams/extranet-app/controllers/controller.php],insert into user_log_link Set `user_logs_id`='4037', `entity`='Hotels', `value`='53773' ;
[12/03/2020 06:24:21], [file name :-/home/otrams/public_html/otramsphp7/uat/v3otrams/extranet-app/controllers/controller.php],insert into user_log_link Set `user_logs_id`='4037', `entity`='Suppliers', `value`='S000000241' ;
[12/03/2020 06:24:21], [file name :-/home/otrams/public_html/otramsphp7/uat/v3otrams/extranet-app/controllers/controller.php],insert into user_log_link Set `user_logs_id`='4037', `entity`='Inventory', `value`='132' ;
[12/03/2020 06:24:21], [file name :-/home/otrams/public_html/otramsphp7/uat/v3otrams/extranet-app/controllers/controller.php],insert into user_log_link Set `user_logs_id`='4037', `entity`='Room', `value`='1039' ;
[12/03/2020 06:24:21], [file name :-/home/otrams/public_html/otramsphp7/uat/v3otrams/extranet-app/controllers/controller.php],insert into user_log_link Set `user_logs_id`='4037', `entity`='Market', `value`='1' ;
[12/03/2020 06:24:21], [file name :-/home/otrams/public_html/otramsphp7/uat/v3otrams/extranet-app/controllers/controller.php],INSERT INTO room_rates (room_rate_code,rate_group,hotel_id,supplier_id,date_from,date_to,room_class,room_basis,ip_addr,room_type,view_basis,edit_time_stamp,weekend,rate_profile,entered_by,inventory_class_id,status,weekday_rate,weekend_rate,currency,minstay,availability,time_limit,checkin_block_for,exclude_countries,exclude_residence,stop_sale,time_stamp,created_datetime,create_date,created_by,changed_by,modify_date,modified_datetime,modified_by,consumed_inventory,stay_note) values ('53773@S000000241@2021-06-04@2021-06-04@@1039@1@1@@@0','04-06-2021~04-06-2021','53773','S000000241','2021-06-04','2021-06-04','1039','1','60.254.11.202','0','0','057095db38c678e11c64c8457f297dee','Sa,Su','1','Supplier','132','A','1616.27','1616.27','AED','1','5','0','0','','','0','6c93f45c4b1995ffcd2f12766e43a83d','2020-12-01 10:37:33','2020-12-01','Supplier','Supplier','2020-12-03','2020-12-03 06:24:21','Supplier','0',''),('53773@S000000241@2021-06-05@2021-06-05@@1039@1@1@@@0','05-06-2021~05-06-2021','53773','S000000241','2021-06-05','2021-06-05','1039','1','60.254.11.202','0','0','26cdae13e29484c36c348c46604ce458','Sa,Su','1','Supplier','132','A','1616.27','1616.27','AED','1','5','0','0','','','0','57bd1330fa3aa06faa06eaa5451f7c6b','2020-12-01 10:37:33','2020-12-01','Supplier','Supplier','2020-12-03','2020-12-03 06:24:21','Supplier','0',''),('53773@S000000241@2021-06-06@2021-06-06@@1039@1@1@@@0','06-06-2021~06-06-2021','53773','S000000241','2021-06-06','2021-06-06','1039','1','60.254.11.202','0','0','d4260638d360a6b6d9465ad96b2a4ebe','Sa,Su','1','Supplier','132','A','1616.27','1616.27','AED','1','5','0','0','','','0','5442b6c8bb3ebe31f5f2b5bd4b5265af','2020-12-01 10:37:33','2020-12-01','Supplier','Supplier','2020-12-03','2020-12-03 06:24:21','Supplier','0','');
[12/03/2020 06:24:21], [file name :-/home/otrams/public_html/otramsphp7/uat/v3otrams/extranet-app/controllers/controller.php],DELETE  FROM room_rates WHERE id IN ('1937137','1937138','1937139');
[12/03/2020 06:24:28], [file name :-/home/otrams/public_html/otramsphp7/uat/v3otrams/hotel_search_list.php],INSERT INTO agent_logs SET  agent_id = '24' , sub_agent_id = '' , sub_user_id = '0' , branch_id = '1' , ip = '60.254.11.202' , city = 'mumbai' , service_name = '' , service_type = 'hotel' , arrival_date = '2021/06/03' , departure_date = '2021/06/04' , nationality = '106' , nights = '1' , room_types = '1' , create_date = '2020-12-03 06:24:28' , site_id = '' , country_code = '106' , web_service = '' ;
[12/03/2020 06:24:31], [file name :-/home/otrams/public_html/otramsphp7/uat/v3otrams/call.php],INSERT INTO xmllogs(reservation_id, type, request_path, response_path, header_path, source_type, create_date, header, session_id, agent_logs_id)
VALUE ('', 'AVAILABILITY', '/request_placeholder.xml', '/response_placeholder.xml', '/response_header_placeholder.xml', 'localsystem', '2020-12-03 06:24:31', '', '022444689e1e001d36d47f0cd789d2f59ca775a70c5309964b275efaf16b5f6a', '500');
[12/03/2020 06:24:31], [file name :-/home/otrams/public_html/otramsphp7/uat/v3otrams/call.php],INSERT INTO xmllogs(reservation_id, type, request_path, response_path, header_path, source_type, create_date, header, session_id, agent_logs_id)
VALUE ('', 'AVAILABILITY', '/request_placeholder.xml', '/response_placeholder.xml', '/response_header_placeholder.xml', 'localsystem', '2020-12-03 06:24:31', '', '022444689e1e001d36d47f0cd789d2f59ca775a70c5309964b275efaf16b5f6a', '500');
[12/03/2020 06:24:31], [file name :-/home/otrams/public_html/otramsphp7/uat/v3otrams/call.php],UPDATE xmllogs SET
hotel_count = ''
, request_url = '/call.php?s=localsystem&sessionid=022444689e1e001d36d47f0cd789d2f59ca775a70c5309964b275efaf16b5f6a&xml_user_id=24&request_no=1&local_hotel_code=53769&#039;,&#039;53771&#039;,&#039;53773&#039;,&#039;53775&#039;,&#039;53776&#039;,&#039;53742&web_service=no&site_id='
, http_hit_time = '2020-12-03 06:24:30.564'
, request_start_time = '0.000'
, parsing_start_time = '0.000'
, mapping_complete_time = '0.000'
, mongo_start_time = '0.000'
, search_end_time = '0.000'
, total_duration = '0.934'
, error_description = ''
, memory_used = '7908600'
WHERE id = '3337';
[12/03/2020 06:24:31], [file name :-/home/otrams/public_html/otramsphp7/uat/v3otrams/call.php],UPDATE xmllogs SET
hotel_count = ''
, request_url = '/call.php?s=localsystem&sessionid=022444689e1e001d36d47f0cd789d2f59ca775a70c5309964b275efaf16b5f6a&xml_user_id=24&request_no=0&local_hotel_code=2&#039;,&#039;97&#039;,&#039;53716&#039;,&#039;53734&#039;,&#039;53735&#039;,&#039;53736&#039;,&#039;53737&#039;,&#039;53738&#039;,&#039;53739&#039;,&#039;53740&#039;,&#039;53741&#039;,&#039;53744&#039;,&#039;53745&#039;,&#039;53746&#039;,&#039;53747&#039;,&#039;53748&#039;,&#039;53749&#039;,&#039;53750&#039;,&#039;53751&#039;,&#039;53757&#039;,&#039;53758&#039;,&#039;53759&#039;,&#039;53766&#039;,&#039;53767&#039;,&#039;53768&web_service=no&site_id='
, http_hit_time = '2020-12-03 06:24:30.593'
, request_start_time = '0.000'
, parsing_start_time = '0.000'
, mapping_complete_time = '0.000'
, mongo_start_time = '0.000'
, search_end_time = '0.000'
, total_duration = '0.963'
, error_description = ''
, memory_used = '7910040'
WHERE id = '3338';
[12/03/2020 06:24:31], [file name :-/home/otrams/public_html/otramsphp7/uat/v3otrams/xml_all.php],UPDATE agent_logs SET
  hotel_count = '',
  request_path = '/xml_all.php?userid=24&sessionid=022444689e1e001d36d47f0cd789d2f59ca775a70c5309964b275efaf16b5f6a',
  duration = '1.438',
  merge_duration = '0.062',
  assigned_supplier_count = '1',
  searched_supplier_count = '1',
  system_load_1_min = '0.62',
  system_load_5_min = '0.66',
  system_load_15_min = '1.28',
  system_memory_usage = '87.90',
  memory_usage = (SELECT COALESCE(SUM(memory_used),0) FROM xmllogs WHERE agent_logs_id = '500') + '8042496',
  parallel_search_count = '',
  mongo_archive_collection = '',
  error_description = '',
  is_cached = 'no'
WHERE id = '500';
[12/03/2020 06:28:53], [file name :-/home/otrams/public_html/otramsphp7/uat/v3otrams/extranet-app/controllers/controller.php],INSERT INTO room_rates (room_rate_code,rate_group,hotel_id,supplier_id,date_from,date_to,room_class,room_basis,ip_addr,room_type,view_basis,edit_time_stamp,weekend,rate_profile,entered_by,inventory_class_id,status,weekday_rate,weekend_rate,currency,minstay,availability,time_limit,checkin_block_for,exclude_countries,exclude_residence,stop_sale,time_stamp,created_datetime,create_date,created_by,changed_by,modify_date,modified_datetime,modified_by,consumed_inventory,stay_note) values ('53773@S000000241@2021-06-03@2021-06-03@@1039@1@1@@@0','03-06-2021~03-06-2021','53773','S000000241','2021-06-03','2021-06-03','1039','1','60.254.11.202','0','0','1620b720473270f8cf6eb7c62d82065d','Sa,Su','1','Supplier','132','A','1616.35','1616.35','AED','1','2','0','0','','','0','eda0eda538f61f9a9a4d47b0a4ef2361','2020-12-01 10:37:33','2020-12-01','Supplier','Supplier','2020-12-03','2020-12-03 06:28:53','Supplier','3','');
[12/03/2020 06:28:53], [file name :-/home/otrams/public_html/otramsphp7/uat/v3otrams/extranet-app/controllers/controller.php],DELETE  FROM room_rates WHERE id IN ('1937140');
[12/03/2020 06:28:53], [file name :-/home/otrams/public_html/otramsphp7/uat/v3otrams/extranet-app/controllers/controller.php],insert into `user_logs` set  `create_date`= '2020-12-03 06:28:53',`log_type`= 'Rates',`sql_query`= '',`log_description`= 'Inserted Rates For RateGainOne Rate:- 1616.35 Room Category :- Standard - Single, Extrabed - 0 (Bed & Breakfast) Market :- All Market From:- 03-06-2021 To:- 06-06-2021',`ip`= '60.254.11.202',`username`= 'tfg',`user_id`= 'S000000241';
[12/03/2020 06:28:53], [file name :-/home/otrams/public_html/otramsphp7/uat/v3otrams/extranet-app/controllers/controller.php],insert into user_log_link Set `user_logs_id`='4038', `entity`='Hotels', `value`='53773' ;
[12/03/2020 06:28:53], [file name :-/home/otrams/public_html/otramsphp7/uat/v3otrams/extranet-app/controllers/controller.php],insert into user_log_link Set `user_logs_id`='4038', `entity`='Suppliers', `value`='S000000241' ;
[12/03/2020 06:28:53], [file name :-/home/otrams/public_html/otramsphp7/uat/v3otrams/extranet-app/controllers/controller.php],insert into user_log_link Set `user_logs_id`='4038', `entity`='Inventory', `value`='132' ;
[12/03/2020 06:28:53], [file name :-/home/otrams/public_html/otramsphp7/uat/v3otrams/extranet-app/controllers/controller.php],insert into user_log_link Set `user_logs_id`='4038', `entity`='Room', `value`='1039' ;
[12/03/2020 06:28:53], [file name :-/home/otrams/public_html/otramsphp7/uat/v3otrams/extranet-app/controllers/controller.php],insert into user_log_link Set `user_logs_id`='4038', `entity`='Market', `value`='1' ;
[12/03/2020 06:28:53], [file name :-/home/otrams/public_html/otramsphp7/uat/v3otrams/extranet-app/controllers/controller.php],INSERT INTO room_rates (room_rate_code,rate_group,hotel_id,supplier_id,date_from,date_to,room_class,room_basis,ip_addr,room_type,view_basis,edit_time_stamp,weekend,rate_profile,entered_by,inventory_class_id,status,weekday_rate,weekend_rate,currency,minstay,availability,time_limit,checkin_block_for,exclude_countries,exclude_residence,stop_sale,time_stamp,created_datetime,create_date,created_by,changed_by,modify_date,modified_datetime,modified_by,consumed_inventory,stay_note) values ('53773@S000000241@2021-06-04@2021-06-04@@1039@1@1@@@0','04-06-2021~04-06-2021','53773','S000000241','2021-06-04','2021-06-04','1039','1','60.254.11.202','0','0','5aa614507cf8b703b370450e523b1b11','Sa,Su','1','Supplier','132','A','1616.35','1616.35','AED','1','5','0','0','','','0','6c93f45c4b1995ffcd2f12766e43a83d','2020-12-01 10:37:33','2020-12-01','Supplier','Supplier','2020-12-03','2020-12-03 06:28:53','Supplier','0',''),('53773@S000000241@2021-06-05@2021-06-05@@1039@1@1@@@0','05-06-2021~05-06-2021','53773','S000000241','2021-06-05','2021-06-05','1039','1','60.254.11.202','0','0','2fd7098314d5dc76c7135753fcf8b373','Sa,Su','1','Supplier','132','A','1616.35','1616.35','AED','1','5','0','0','','','0','57bd1330fa3aa06faa06eaa5451f7c6b','2020-12-01 10:37:33','2020-12-01','Supplier','Supplier','2020-12-03','2020-12-03 06:28:53','Supplier','0',''),('53773@S000000241@2021-06-06@2021-06-06@@1039@1@1@@@0','06-06-2021~06-06-2021','53773','S000000241','2021-06-06','2021-06-06','1039','1','60.254.11.202','0','0','74687e49d9ffc8590107adde30ef21e8','Sa,Su','1','Supplier','132','A','1616.35','1616.35','AED','1','5','0','0','','','0','5442b6c8bb3ebe31f5f2b5bd4b5265af','2020-12-01 10:37:33','2020-12-01','Supplier','Supplier','2020-12-03','2020-12-03 06:28:53','Supplier','0','');
[12/03/2020 06:28:53], [file name :-/home/otrams/public_html/otramsphp7/uat/v3otrams/extranet-app/controllers/controller.php],DELETE  FROM room_rates WHERE id IN ('1937141','1937142','1937143');
[12/03/2020 06:29:02], [file name :-/home/otrams/public_html/otramsphp7/uat/v3otrams/hotel_search_list.php],INSERT INTO agent_logs SET  agent_id = '24' , sub_agent_id = '' , sub_user_id = '0' , branch_id = '1' , ip = '60.254.11.202' , city = 'mumbai' , service_name = '' , service_type = 'hotel' , arrival_date = '2021/06/03' , departure_date = '2021/06/04' , nationality = '106' , nights = '1' , room_types = '1' , create_date = '2020-12-03 06:29:02' , site_id = '' , country_code = '106' , web_service = '' ;
[12/03/2020 06:29:05], [file name :-/home/otrams/public_html/otramsphp7/uat/v3otrams/call.php],INSERT INTO xmllogs(reservation_id, type, request_path, response_path, header_path, source_type, create_date, header, session_id, agent_logs_id)
VALUE ('', 'AVAILABILITY', '/request_placeholder.xml', '/response_placeholder.xml', '/response_header_placeholder.xml', 'localsystem', '2020-12-03 06:29:05', '', '022444689e1e001d36d47f0cd789d2f59ca775a70c5309964b275efaf16b5f6a', '501');
[12/03/2020 06:29:05], [file name :-/home/otrams/public_html/otramsphp7/uat/v3otrams/call.php],INSERT INTO xmllogs(reservation_id, type, request_path, response_path, header_path, source_type, create_date, header, session_id, agent_logs_id)
VALUE ('', 'AVAILABILITY', '/request_placeholder.xml', '/response_placeholder.xml', '/response_header_placeholder.xml', 'localsystem', '2020-12-03 06:29:05', '', '022444689e1e001d36d47f0cd789d2f59ca775a70c5309964b275efaf16b5f6a', '501');
[12/03/2020 06:29:05], [file name :-/home/otrams/public_html/otramsphp7/uat/v3otrams/call.php],UPDATE xmllogs SET
hotel_count = ''
, request_url = '/call.php?s=localsystem&sessionid=022444689e1e001d36d47f0cd789d2f59ca775a70c5309964b275efaf16b5f6a&xml_user_id=24&request_no=1&local_hotel_code=53769&#039;,&#039;53771&#039;,&#039;53773&#039;,&#039;53775&#039;,&#039;53776&#039;,&#039;53742&web_service=no&site_id='
, http_hit_time = '2020-12-03 06:29:04.574'
, request_start_time = '0.000'
, parsing_start_time = '0.000'
, mapping_complete_time = '0.000'
, mongo_start_time = '0.000'
, search_end_time = '0.000'
, total_duration = '0.945'
, error_description = ''
, memory_used = '7908600'
WHERE id = '3339';
[12/03/2020 06:29:05], [file name :-/home/otrams/public_html/otramsphp7/uat/v3otrams/call.php],UPDATE xmllogs SET
hotel_count = ''
, request_url = '/call.php?s=localsystem&sessionid=022444689e1e001d36d47f0cd789d2f59ca775a70c5309964b275efaf16b5f6a&xml_user_id=24&request_no=0&local_hotel_code=2&#039;,&#039;97&#039;,&#039;53716&#039;,&#039;53734&#039;,&#039;53735&#039;,&#039;53736&#039;,&#039;53737&#039;,&#039;53738&#039;,&#039;53739&#039;,&#039;53740&#039;,&#039;53741&#039;,&#039;53744&#039;,&#039;53745&#039;,&#039;53746&#039;,&#039;53747&#039;,&#039;53748&#039;,&#039;53749&#039;,&#039;53750&#039;,&#039;53751&#039;,&#039;53757&#039;,&#039;53758&#039;,&#039;53759&#039;,&#039;53766&#039;,&#039;53767&#039;,&#039;53768&web_service=no&site_id='
, http_hit_time = '2020-12-03 06:29:04.595'
, request_start_time = '0.000'
, parsing_start_time = '0.000'
, mapping_complete_time = '0.000'
, mongo_start_time = '0.000'
, search_end_time = '0.000'
, total_duration = '0.965'
, error_description = ''
, memory_used = '7910040'
WHERE id = '3340';
[12/03/2020 06:29:05], [file name :-/home/otrams/public_html/otramsphp7/uat/v3otrams/xml_all.php],UPDATE agent_logs SET
  hotel_count = '',
  request_path = '/xml_all.php?userid=24&sessionid=022444689e1e001d36d47f0cd789d2f59ca775a70c5309964b275efaf16b5f6a',
  duration = '1.503',
  merge_duration = '0.110',
  assigned_supplier_count = '1',
  searched_supplier_count = '1',
  system_load_1_min = '0.93',
  system_load_5_min = '0.95',
  system_load_15_min = '1.27',
  system_memory_usage = '88.08',
  memory_usage = (SELECT COALESCE(SUM(memory_used),0) FROM xmllogs WHERE agent_logs_id = '501') + '8042496',
  parallel_search_count = '',
  mongo_archive_collection = '',
  error_description = '',
  is_cached = 'no'
WHERE id = '501';
[12/03/2020 06:29:16], [file name :-/home/otrams/public_html/otramsphp7/uat/v3otrams/book_now.php],INSERT INTO autogenerator_reservation (reservation_id, remote_id) VALUES ('1606976956','60.254.11.202');
[12/03/2020 06:29:35], [file name :-/home/otrams/public_html/otramsphp7/uat/v3otrams/book_now.php],INSERT INTO autogenerator_reservation (reservation_id, remote_id) VALUES ('1606976975','60.254.11.202');
[12/03/2020 06:29:41], [file name :-/home/otrams/public_html/otramsphp7/uat/v3otrams/confirm_booking.php],INSERT INTO bookings SET  source_type = 'localsystem', reservation_id = '1904', create_date = '2020-12-03 06:29:41', agent_id = '24', parent_agent_id = '24', agent_ref_no = '', nationality = 'Indian', city_id = 'mumbai', country_id = '106', current_status = 'inprocess-booking', is_xml = '0', display_room_rate = '440', display_currency_code = 'USD', native_room_rate = '1616.35', native_currency_code = 'AED', supplier_profile_id = '1', service_type = 'hotel', service_date = '2021/06/03', check_out_date = '2021/06/04', sub_user_id = '', booking_status = '1', leader_title = 'Mr', leader_first_name = 'Deep', leader_last_name = 'Mishra', booking_branch_id = '1', expiration_date = '2020-12-03 06:30:00', cancellation_policy = 'Amendment of Dates, Room Category, Passenger Names are considered as Cancel and Rebook by most of the Hotels.
        Any Changes in initial booking may be denied by the supplier or may result in extra charges.
        Confirmation of amendment requests is subject to availablity and rates at the time of amendment.<Br><Br><B><U>Detailed Cancellation Policy:</U></B> <br/> Cancellation Charges of 440 USD applicable if cancelled after 03 Dec 2020 11:59 hrs.', supplier_cancellation_policy = '', status_date = '2020-12-03 06:29:41',  site_url = 'https://alpha.otrams.thefabulousgetaway.com/';
[12/03/2020 06:29:41], [file name :-/home/otrams/public_html/otramsphp7/uat/v3otrams/confirm_booking.php],INSERT INTO external_mapping_data_tracking (booking_id,search_hotel_name,booked_hotel_name_supplier,hotel_id,master_id,city_id,supplier,date) VALUES ('3070','RATEGAINONE','RATEGAINONE','53773','53773','mumbai','LOCAL_SUPPLIER',NOW());
[12/03/2020 06:29:41], [file name :-/home/otrams/public_html/otramsphp7/uat/v3otrams/confirm_booking.php],UPDATE
        bookings
        SET
        booking_branch_id= '1'
        WHERE
        id='3070'
        ;
[12/03/2020 06:29:41], [file name :-/home/otrams/public_html/otramsphp7/uat/v3otrams/confirm_booking.php],insert into bookings_details(booking_id,supplier_id,total_rooms,total_adults,total_children,total_infants,rate_description ,rate_code,hotel_id,local_hotel_id,hotel_name,hotel_address1,hotel_phone,hotel_rating,total_nights,arrival_date,departure_date,room_rate_code,hotel_img)values('3070','S000000241','1','1','0','-','','','53773','53773','RATEGAINONE','Mumbai','123456789','5.0','1','2021/06/03','2021/06/04','','https://alpha.otrams.thefabulousgetaway.com/project_folder/tfg_project/images/imagenotavailable.jpg');
[12/03/2020 06:29:41], [file name :-/home/otrams/public_html/otramsphp7/uat/v3otrams/confirm_booking.php], insert into booking_room_detail set  booking_id = '3070', booking_detail_id = '1208', room_type_code = '1~~~132~~~1039~~~1~~~~~~~~~64440~~~0~~~S000000241', room_name = 'single', room_type_description = 'Standard  -Bed & Breakfast : 1 Pax <font color=\'red\'>-D</font>', display_nightly_rates = 'a:1:{i:0;a:3:{s:18:\"displayNightlyRate\";i:440;s:16:\"promotionDisplay\";s:0:\"\";s:25:\"displayNightlyRateDisplay\";s:156:\"Supplier Name - localsupplier(RateGainSupplier - S000000241), Rate - 1616.35 AED, Currency Multiplier (AED-USD) - 0.27222 Supplier Commission-0 #localsystem\";}}', native_nightly_rates = 'a:1:{i:0;a:4:{s:19:\"O_nativeNightlyRate\";d:1616.35;s:17:\"nativeNightlyRate\";d:1616.35;s:9:\"free_sale\";s:2:\"no\";s:14:\"Discount/Offer\";a:7:{s:4:\"code\";s:0:\"\";s:4:\"Name\";s:0:\"\";s:7:\"S_Value\";s:0:\"\";s:5:\"Value\";i:0;s:12:\"Display_Name\";s:0:\"\";s:10:\"Offer_Note\";N;s:10:\"Offer_Type\";N;}}}', markup = '0', commission = '0', native_room_rate_total = '1616.35', display_room_rate_total = '440', number_of_rooms = '1';
[12/03/2020 06:29:41], [file name :-/home/otrams/public_html/otramsphp7/uat/v3otrams/confirm_booking.php], insert into passangers set  booking_id = '3070', booking_detail_id = '1208', rid = '1806', room = '0', salutations = 'Mr', first_name = 'Deep', last_name = 'Mishra', passenger_type = 'adult', age = '';
[12/03/2020 06:29:41], [file name :-/home/otrams/public_html/otramsphp7/uat/v3otrams/confirm_booking.php],update bookings set  special_remark = '', itenirary_id = '', confirmation_number = '', display_discount = '0', current_status = 'confirmed', comment_contract = '', consultant_id = 'SalesConsultant', sales_manager_id = '', admin_booked = '1', email_id = 'deep.mishra@rategain.com', leader_phone = '+123451914108628', agent_currency_multiplier = '1.00000', ip_addr = '60.254.11.202', backoffice_user = 'tfg', customer_id = '', applied_multiplier='0.27222', free_sale='',  applied_markup='0',  agent_markup='0',  basecurrency_multiplier='1.00000',  basecurrency_multiplier_native='0.27222',  parent_agent_id='24',  sub_agent_rate='0', agent_rate='440',  applicable_service_tax='0',  supplier_rate='1616.35',  original_source='',  uid='a81f6fbb69476aba5479668e3429fef1'  where id='3070';
[12/03/2020 06:29:41], [file name :-/home/otrams/public_html/otramsphp7/uat/v3otrams/confirm_booking.php],update bookings_details set touricoRoomResId ='', gta_item_confirm_ref='' ,gtaToken = '' , special_request='' where booking_id ='3070';
[12/03/2020 06:29:41], [file name :-/home/otrams/public_html/otramsphp7/uat/v3otrams/confirm_booking.php],update bookings_details set reservation_pushed = '1', channel_manager = 'rategain',room_type_description='' where booking_id = '3070';
[12/03/2020 06:29:41], [file name :-/home/otrams/public_html/otramsphp7/uat/v3otrams/confirm_booking.php],INSERT INTO booking_cancellation_policy(booking_id,from_date,supplier_from_date,supplier_charge,agent_charge,lead_time,create_date)  VALUES('3070','2020-12-03 06:29:00','2020-12-03 06:29:00','1616.35','440','0','2020-12-03 06:29:41');
[12/03/2020 06:29:41], [file name :-/home/otrams/public_html/otramsphp7/uat/v3otrams/confirm_booking.php],insert into booking_lat_long(booking_id,latitude,longitude) values ('3070','','');
[12/03/2020 06:29:41], [file name :-/home/otrams/public_html/otramsphp7/uat/v3otrams/confirm_booking.php],INSERT INTO booking_status (booking_id,status,create_date,memo,agent_id,ip_address,admin,modify_by) VALUES ('3070','confirmed','2020-12-03 06:29:41','Booking confirmed . Booked by Back Office tfg on behalf of Agent - Snehal  Valanju(CD0024)','24','60.254.11.202','0','24');
[12/03/2020 06:29:41], [file name :-/home/otrams/public_html/otramsphp7/uat/v3otrams/confirm_booking.php],INSERT INTO booking_search_log(booking_id, details)
        VALUES(3070, 'a:30:{s:3:\"_id\";a:1:{s:4:\"$oid\";s:24:\"5fc885b188ae6d6720183bb3\";}s:7:\"hotelId\";s:25:\"53773----------S000000241\";s:4:\"name\";s:11:\"RATEGAINONE\";s:14:\"local_hotel_id\";s:5:\"53773\";s:8:\"address1\";s:6:\"Mumbai\";s:8:\"latitude\";s:0:\"\";s:9:\"longitude\";s:0:\"\";s:4:\"city\";s:5:\"64440\";s:8:\"location\";s:0:\"\";s:14:\"prefered_hotel\";s:1:\"0\";s:10:\"mlosSlogan\";s:0:\"\";s:16:\"isMlosApplicable\";s:2:\"no\";s:7:\"country\";s:3:\"106\";s:16:\"rateCurrencyCode\";s:3:\"USD\";s:5:\"phone\";s:9:\"123456789\";s:16:\"shortDescription\";s:24:\"No Description Available\";s:11:\"website_url\";s:0:\"\";s:12:\"thumbNailUrl\";s:99:\"https://alpha.otrams.thefabulousgetaway.com/project_folder/tfg_project/images/imagenotavailable.jpg\";s:10:\"sourceType\";s:11:\"localsystem\";s:10:\"supplierid\";s:10:\"S000000241\";s:12:\"suppliername\";s:16:\"RateGainSupplier\";s:14:\"propertyRating\";s:3:\"5.0\";s:15:\"specialCategory\";a:1:{i:0;s:1:\"1\";}s:13:\"HotelProperty\";a:1:{s:11:\"localsystem\";a:1:{i:0;a:1:{s:8:\"RateInfo\";a:13:{s:10:\"room_rates\";a:1:{i:0;a:33:{s:11:\"ratebreakup\";a:4:{s:6:\"markup\";i:0;s:10:\"commission\";i:0;s:18:\"NativeNightlyRates\";a:1:{i:0;a:4:{s:19:\"O_nativeNightlyRate\";d:1616.35;s:17:\"nativeNightlyRate\";d:1616.35;s:9:\"free_sale\";s:2:\"no\";s:14:\"Discount/Offer\";a:7:{s:4:\"code\";s:0:\"\";s:4:\"Name\";s:0:\"\";s:7:\"S_Value\";s:0:\"\";s:5:\"Value\";i:0;s:12:\"Display_Name\";s:0:\"\";s:10:\"Offer_Note\";N;s:10:\"Offer_Type\";N;}}}s:19:\"DisplayNightlyRates\";a:1:{i:0;a:3:{s:18:\"displayNightlyRate\";i:440;s:16:\"promotionDisplay\";s:0:\"\";s:25:\"displayNightlyRateDisplay\";s:156:\"Supplier Name - localsupplier(RateGainSupplier - S000000241), Rate - 1616.35 AED, Currency Multiplier (AED-USD) - 0.27222 Supplier Commission-0 #localsystem\";}}}s:20:\"offer_promotion_note\";s:0:\"\";s:19:\"offer_discount_type\";s:0:\"\";s:27:\"offer_discount_note_details\";N;s:9:\"room_name\";s:6:\"single\";s:9:\"stay_note\";N;s:10:\"time_stamp\";s:32:\"1620b720473270f8cf6eb7c62d82065d\";s:16:\"number_of_adults\";s:1:\"1\";s:10:\"view_basis\";s:0:\"\";s:13:\"view_basis_id\";s:1:\"0\";s:9:\"available\";i:1;s:9:\"free_sale\";N;s:7:\"minStay\";s:1:\"1\";s:19:\"displayCurrencyCode\";s:3:\"USD\";s:18:\"nativeCurrencyCode\";s:3:\"AED\";s:20:\"displayRoomTypeRates\";i:440;s:20:\"sortingRoomTypeRates\";i:440;s:19:\"nativeRoomTypeRates\";d:1616.35;s:12:\"offerApplied\";N;s:7:\"room_id\";s:49:\"1~~~132~~~1039~~~1~~~~~~~~~64440~~~0~~~S000000241\";s:14:\"room_type_code\";s:1:\"1\";s:14:\"boardtype_code\";s:1:\"1\";s:16:\"valuation_number\";s:49:\"1~~~132~~~1039~~~1~~~~~~~~~64440~~~0~~~S000000241\";s:15:\"number_of_child\";i:0;s:13:\"NumberOfRooms\";i:1;s:10:\"supplierId\";s:10:\"S000000241\";s:12:\"supplierName\";s:16:\"RateGainSupplier\";s:10:\"meal_basis\";s:15:\"Bed & Breakfast\";s:4:\"note\";s:0:\"\";s:13:\"room_category\";s:13:\"Standard Room\";s:9:\"room_type\";s:62:\"Standard  -Bed & Breakfast : 1 Pax <font color=\'red\'>-D</font>\";s:14:\"non_refundable\";s:1:\"0\";s:15:\"class_unique_id\";s:17:\"0_0_53773_2651333\";}}s:9:\"available\";i:1;s:15:\"displayRoomRate\";i:440;s:14:\"nativeRoomRate\";d:1616.35;s:9:\"unique_id\";s:37:\"1_53773----------S000000241_0_0_84147\";s:10:\"supplierId\";s:10:\"S000000241\";s:19:\"displayCurrencyCode\";s:3:\"USD\";s:18:\"nativeCurrencyCode\";s:3:\"AED\";s:18:\"applied_markup_per\";i:0;s:18:\"applied_multiplier\";d:0.27222;s:19:\"supplier_profile_id\";s:1:\"1\";s:13:\"supplier_data\";a:5:{s:7:\"hotelId\";s:25:\"53773----------S000000241\";s:10:\"sourceType\";s:11:\"localsystem\";s:15:\"supp_hotel_name\";s:11:\"RATEGAINONE\";s:18:\"supp_hotel_address\";s:6:\"Mumbai\";s:10:\"supplierId\";s:10:\"S000000241\";}s:8:\"no_class\";i:0;}}}}s:13:\"total_charges\";i:440;s:17:\"propertyAvailable\";i:1;s:8:\"no_class\";i:0;s:18:\"sort_total_charges\";i:440;s:16:\"hotel_name_ascii\";s:11:\"rategainone\";s:13:\"supplier_data\";a:5:{s:7:\"hotelId\";s:25:\"53773----------S000000241\";s:10:\"sourceType\";s:11:\"localsystem\";s:15:\"supp_hotel_name\";s:11:\"RATEGAINONE\";s:18:\"supp_hotel_address\";s:6:\"Mumbai\";s:10:\"supplierId\";s:10:\"S000000241\";}}');
[12/03/2020 06:29:41], [file name :-/home/otrams/public_html/otramsphp7/uat/v3otrams/confirm_booking.php],INSERT INTO booking_cancellation_policy(booking_id,from_date,supplier_from_date,to_date,supplier_to_date,supplier_charge,agent_charge,lead_time,create_date,applied_agent_charges)  VALUES('3070','2020-12-03 06:29:00','2020-12-03 06:29:00','1970-01-01 00:00:00','1970-01-01 00:00:00','1616.35','440','0','2020-12-03 06:29:41','');
[12/03/2020 06:29:41], [file name :-/home/otrams/public_html/otramsphp7/uat/v3otrams/confirm_booking.php],update bookings_details set reservation_pushed = '1', channel_manager = 'rategain',room_type_description='' where booking_id = '3070';
[12/03/2020 06:29:42], [file name :-/home/otrams/public_html/otramsphp7/uat/v3otrams/confirm_booking.php],INSERT INTO bookings_applicable_offer set  oid= '',  offer_type_code= '',  booking_id= '3070',  room_id= '1~~~132~~~1039~~~1~~~~~~~~~64440~~~0~~~S000000241',  room_name= 'single',  supplier_id= 'S000000241',  agent_id= '',  applied_native_discount= '0',  original_native_rate= '1616.35',  native_rate= '1616.35',  promotion_text= '',  offer_disc_type= '',  offer_disc_value= '',  offer_disc_currency= '',  create_date= '2020-12-03 06:29:41' ;
[12/03/2020 06:29:42], [file name :-/home/otrams/public_html/otramsphp7/uat/v3otrams/confirm_booking.php],update bookings set confirmation_number='',itenirary_id='3070' where  id ='3070';
[12/03/2020 06:29:42], [file name :-/home/otrams/public_html/otramsphp7/uat/v3otrams/confirm_booking.php],UPDATE room_rates SET availability = availability-1,consumed_inventory = consumed_inventory+1 WHERE hotel_id = '53773' and inventory_class_id = '132' and supplier_id = 'S000000241' and date_from = '2021-06-03';
[12/03/2020 06:29:42], [file name :-/home/otrams/public_html/otramsphp7/uat/v3otrams/confirm_booking.php],update supplement_rate set inventory = '0' where supplement_rate_id = '1';
[12/03/2020 06:29:42], [file name :-/home/otrams/public_html/otramsphp7/uat/v3otrams/confirm_booking.php], insert into booking_configuration set  booking_id = '3070', config_key = 'BOOKING OTP', config_value = 'NzfKulIQ';;
[12/03/2020 06:29:42], [file name :-/home/otrams/public_html/otramsphp7/uat/v3otrams/confirm_booking.php],insert into email_logs SET `subject`= ' TFG103070 /  Booking Confirmed ',from_email_id= 'sanket.desai@qtechsoftware.com',body= '[encoded data, 40404 characters]',to_email_id= 'snehal.valanju@qtechsoftware.com',cc= '',bcc= '',status= 'Success',page_url= '/confirm_booking.php',create_date= '2020-12-03 06:29:42';
[12/03/2020 06:29:42], [file name :-/home/otrams/public_html/otramsphp7/uat/v3otrams/confirm_booking.php],insert into temp(booking_id,mail_send_to)values('3070','snehal.valanju@qtechsoftware.com');
[12/03/2020 06:29:42], [file name :-/home/otrams/public_html/otramsphp7/uat/v3otrams/confirm_booking.php],insert into temp(booking_id,mail_send_to)values('3070','snehal.valanju@qtechsoftware.com');
[12/03/2020 06:29:42], [file name :-/home/otrams/public_html/otramsphp7/uat/v3otrams/confirm_booking.php],update posted_bookings set booking_id='3070',status='1' where reservation_id='1904' and booking_id ='0';
[12/03/2020 06:29:42], [file name :-/home/otrams/public_html/otramsphp7/uat/v3otrams/confirm_booking.php],update xmllogs set reservation_id='3070' where agent_logs_id='501' and source_type='localsystem';
[12/03/2020 06:29:42], [file name :-/home/otrams/public_html/otramsphp7/uat/v3otrams/confirm_booking.php],INSERT INTO booking_commission set agent_commission='',  supplier_commission='',  profit_percent='',  gross_profit='',  commission_tax='',  booking_id ='3070',  create_date ='2020-12-03 06:29:42', supplier_tax='';
[12/03/2020 06:29:42], [file name :-/home/otrams/public_html/otramsphp7/uat/v3otrams/confirm_booking.php],update bookings set voucher_id='Test123',status_date='2020-12-03 06:29:42',current_status='vouchered',voucher_hashcode='b81bc8535a7c94ba2def79530db4cd66642643070',vouchered_by ='' where id='3070';
[12/03/2020 06:29:42], [file name :-/home/otrams/public_html/otramsphp7/uat/v3otrams/confirm_booking.php],Insert into booking_configuration set booking_id='3070',config_key='VOUCHER_DATE', config_value='2020-12-03 06:29:42',create_date='2020-12-03 06:29:42';
[12/03/2020 06:29:42], [file name :-/home/otrams/public_html/otramsphp7/uat/v3otrams/confirm_booking.php],INSERT INTO autogenerator_invoice_number (id, number) VALUES ('','1606976982');
[12/03/2020 06:29:42], [file name :-/home/otrams/public_html/otramsphp7/uat/v3otrams/confirm_booking.php],update bookings set is_invoiced='yes',invoice_number= '2020/397' where id='3070' and is_invoiced!='yes';
[12/03/2020 06:29:42], [file name :-/home/otrams/public_html/otramsphp7/uat/v3otrams/confirm_booking.php],UPDATE agents SET credit_usage=credit_usage+('440'),   credit_value= credit_value-('440') ,  cd_credit_usage=cd_credit_usage+('440') , cd_credit_value=cd_credit_value-('440')  WHERE id = '24';
[12/03/2020 06:29:42], [file name :-/home/otrams/public_html/otramsphp7/uat/v3otrams/confirm_booking.php],insert into  agent_credit_log SET agent_id= '24',credit_value= '9472.340',credit_usage= '527.660',credit_limit= '10000',receipt_id= '',amount= '440',booking_id='3070',booking_cost= '440',receipt_allocation= '',balance= '440',ip='60.254.11.202',user_type='User',admin_id='Agent - Snehal  Valanju(CD0024)',temp_credit_limit='',log_type='Add Invoice',note='Add Invoice',create_date='2020-12-03 06:12:42';
[12/03/2020 06:29:42], [file name :-/home/otrams/public_html/otramsphp7/uat/v3otrams/confirm_booking.php],insert into booking_rate_info set agent_price='0',sub_agent_price='0',supplier_currency='AED',supplier_price='1616.35',supplier_type='offline',supplier_id='S000000241',acc_type='purchase',accounting_multiplier='0.27222',booking_id='3070',booking_log='Booking Vouchered',type='Sale',create_date='2020-12-03 06:29:42',account_invoice='2020/397',particulars='';
[12/03/2020 06:29:42], [file name :-/home/otrams/public_html/otramsphp7/uat/v3otrams/confirm_booking.php],insert into booking_rate_info set agent_price='440',sub_agent_price='0',supplier_price='0',acc_type='sale',accounting_multiplier='1.00000',booking_id='3070',booking_log='Booking Vouchered',type='Sale',create_date='2020-12-03 06:29:42',account_invoice='2020/397',particulars='';
[12/03/2020 06:29:42], [file name :-/home/otrams/public_html/otramsphp7/uat/v3otrams/confirm_booking.php],DELETE FROM accounts_invoice_transaction WHERE bid = 1516;
[12/03/2020 06:29:42], [file name :-/home/otrams/public_html/otramsphp7/uat/v3otrams/confirm_booking.php],INSERT INTO accounts_invoice_transaction SET bid= '1516',booking_id= '3070',invoice_number= '2020/397',service_type= 'hotel',booking_type= 'online',service_name= 'RATEGAINONE',type= 'sale',room_type= 'single',quantity_room= '1',from_date= '2021/06/03',to_date= '2021/06/04',quantity= '1',price= '440',total_price= '440';
[12/03/2020 06:29:43], [file name :-/home/otrams/public_html/otramsphp7/uat/v3otrams/confirm_booking.php],insert into email_logs SET `subject`= 'The Fabulous Getaway Tax Dispute(TaxInvoice)',from_email_id= 'sanket.desai@qtechsoftware.com',body= 'Rm9yIEZvbGxvd2luZyBib29raW5nIFRheCBpcyBub3QgaW5zZXJ0ZWQ8YnI+Qm9va2luZ0lkOi0zMDcwPGJyPkludm9pY2Ugbm86LTIwMjAvMzk3PGJyPmJyYW5jaF9pZDotMTxicj5UeXBlOi1hZ2VudDxicj5BY2NvdW50IHR5cGU6LXNhbGU8YnI+',to_email_id= 'sanket.desai@qtechsoftware.com',cc= '',bcc= '',status= 'Success',page_url= '/confirm_booking.php',create_date= '2020-12-03 06:29:43';
[12/03/2020 06:29:43], [file name :-/home/otrams/public_html/otramsphp7/uat/v3otrams/confirm_booking.php], insert into email_trigger set  subject ='The Fabulous Getaway Tax Dispute',  message='For Following booking Tax is not inserted<br>BookingId:-3070<br>Invoice no:-2020/397<br>branch_id:-1<br>Type:-agent<br>Account type:-sale<br>',  email_sent ='yes', create_date ='2020-12-03 06:29:43', email_sent_to ='sanket.desai@qtechsoftware.com,TESTER_EMAIL_ID', email_type ='TaxInvoice';
[12/03/2020 06:29:43], [file name :-/home/otrams/public_html/otramsphp7/uat/v3otrams/confirm_booking.php],INSERT INTO booking_status (visa_id,visa_status,booking_id,status,create_date,memo,agent_id,ip_address,admin,modify_by,crons) VALUES
        ('','','3070','vouchered-invoiced','2020-12-03 06:29:43','Booking invoiced by Back Office tfg on behalf of Agent - Snehal  Valanju(CD0024)','24','60.254.11.202','','','');
[12/03/2020 06:29:43], [file name :-/home/otrams/public_html/otramsphp7/uat/v3otrams/confirm_booking.php],INSERT INTO agent_commission SET booking_id ='3070',booking_detail_id ='3070',agent_id ='24',is_sub_agent ='N',parent_id ='',display_commission ='0',display_currency ='USD',paid ='N',type ='hotel',description ='Agent Mark Up Percentage is 0 %',create_date ='2020-12-03 06:29:43';
[12/03/2020 06:29:43], [file name :-/home/otrams/public_html/otramsphp7/uat/v3otrams/confirm_booking.php],insert into accounting_status set booking_id ='3070',acc_sales_export='0',acc_purchase_export='0',acc_status='A';
[12/03/2020 06:29:43], [file name :-/home/otrams/public_html/otramsphp7/uat/v3otrams/confirm_booking.php],INSERT INTO booking_status (visa_id,visa_status,booking_id,status,create_date,memo,agent_id,ip_address,admin,modify_by,crons) VALUES
        ('','','3070','vouchered','2020-12-03 06:29:43','Voucherd by Back Office tfg on behalf of Agent - Snehal  Valanju(CD0024)','24','60.254.11.202','','','');
[12/03/2020 06:29:44], [file name :-/home/otrams/public_html/otramsphp7/uat/v3otrams/confirm_booking.php],insert into email_logs SET `subject`= ' TFG103070 /  Booking Vouchered ',from_email_id= 'sanket.desai@qtechsoftware.com',body= '[encoded data, 28144 characters]',to_email_id= 'snehal.valanju@qtechsoftware.com,SalesConsultant@gmail.com',cc= '',bcc= '',status= 'Success',page_url= '/confirm_booking.php',create_date= '2020-12-03 06:29:44';
[12/03/2020 06:29:44], [file name :-/home/otrams/public_html/otramsphp7/uat/v3otrams/confirm_booking.php],insert into temp(booking_id,mail_send_to)values('3070','snehal.valanju@qtechsoftware.com');
[12/03/2020 06:29:44], [file name :-/home/otrams/public_html/otramsphp7/uat/v3otrams/confirm_booking.php],insert into temp(booking_id,mail_send_to)values('3070','SalesConsultant@gmail.com');
[12/03/2020 06:29:53], [file name :-/home/otrams/public_html/otramsphp7/uat/v3otrams/crons/channel_manager_push_reservation.php],update bookings_details set reservation_pushed = '0', channel_manager = 'rategain',room_type_description='' where booking_id = '3070';
[12/03/2020 06:33:00], [file name :-/home/otrams/public_html/otramsphp7/uat/v3otrams/hotel_search_list.php],INSERT INTO agent_logs SET  agent_id = '24' , sub_agent_id = '' , sub_user_id = '0' , branch_id = '1' , ip = '60.254.11.202' , city = 'mumbai' , service_name = '' , service_type = 'hotel' , arrival_date = '2021/06/03' , departure_date = '2021/06/04' , nationality = '106' , nights = '1' , room_types = '1' , create_date = '2020-12-03 06:33:00' , site_id = '' , country_code = '106' , web_service = '' ;
[12/03/2020 06:33:03], [file name :-/home/otrams/public_html/otramsphp7/uat/v3otrams/call.php],INSERT INTO xmllogs(reservation_id, type, request_path, response_path, header_path, source_type, create_date, header, session_id, agent_logs_id)
VALUE ('', 'AVAILABILITY', '/request_placeholder.xml', '/response_placeholder.xml', '/response_header_placeholder.xml', 'localsystem', '2020-12-03 06:33:03', '', '022444689e1e001d36d47f0cd789d2f59ca775a70c5309964b275efaf16b5f6a', '502');
[12/03/2020 06:33:03], [file name :-/home/otrams/public_html/otramsphp7/uat/v3otrams/call.php],UPDATE xmllogs SET
hotel_count = ''
, request_url = '/call.php?s=localsystem&sessionid=022444689e1e001d36d47f0cd789d2f59ca775a70c5309964b275efaf16b5f6a&xml_user_id=24&request_no=1&local_hotel_code=53769&#039;,&#039;53771&#039;,&#039;53773&#039;,&#039;53775&#039;,&#039;53776&#039;,&#039;53742&web_service=no&site_id='
, http_hit_time = '2020-12-03 06:33:02.586'
, request_start_time = '0.000'
, parsing_start_time = '0.000'
, mapping_complete_time = '0.000'
, mongo_start_time = '0.000'
, search_end_time = '0.000'
, total_duration = '1.138'
, error_description = ''
, memory_used = '7908600'
WHERE id = '3341';
[12/03/2020 06:33:03], [file name :-/home/otrams/public_html/otramsphp7/uat/v3otrams/call.php],INSERT INTO xmllogs(reservation_id, type, request_path, response_path, header_path, source_type, create_date, header, session_id, agent_logs_id)
VALUE ('', 'AVAILABILITY', '/request_placeholder.xml', '/response_placeholder.xml', '/response_header_placeholder.xml', 'localsystem', '2020-12-03 06:33:03', '', '022444689e1e001d36d47f0cd789d2f59ca775a70c5309964b275efaf16b5f6a', '502');
[12/03/2020 06:33:03], [file name :-/home/otrams/public_html/otramsphp7/uat/v3otrams/call.php],UPDATE xmllogs SET
hotel_count = ''
, request_url = '/call.php?s=localsystem&sessionid=022444689e1e001d36d47f0cd789d2f59ca775a70c5309964b275efaf16b5f6a&xml_user_id=24&request_no=0&local_hotel_code=2&#039;,&#039;97&#039;,&#039;53716&#039;,&#039;53734&#039;,&#039;53735&#039;,&#039;53736&#039;,&#039;53737&#039;,&#039;53738&#039;,&#039;53739&#039;,&#039;53740&#039;,&#039;53741&#039;,&#039;53744&#039;,&#039;53745&#039;,&#039;53746&#039;,&#039;53747&#039;,&#039;53748&#039;,&#039;53749&#039;,&#039;53750&#039;,&#039;53751&#039;,&#039;53757&#039;,&#039;53758&#039;,&#039;53759&#039;,&#039;53766&#039;,&#039;53767&#039;,&#039;53768&web_service=no&site_id='
, http_hit_time = '2020-12-03 06:33:02.586'
, request_start_time = '0.000'
, parsing_start_time = '0.000'
, mapping_complete_time = '0.000'
, mongo_start_time = '0.000'
, search_end_time = '0.000'
, total_duration = '1.352'
, error_description = ''
, memory_used = '7910040'
WHERE id = '3342';
[12/03/2020 06:33:04], [file name :-/home/otrams/public_html/otramsphp7/uat/v3otrams/xml_all.php],UPDATE agent_logs SET
  hotel_count = '',
  request_path = '/xml_all.php?userid=24&sessionid=022444689e1e001d36d47f0cd789d2f59ca775a70c5309964b275efaf16b5f6a',
  duration = '1.891',
  merge_duration = '0.057',
  assigned_supplier_count = '1',
  searched_supplier_count = '1',
  system_load_1_min = '1.71',
  system_load_5_min = '3.11',
  system_load_15_min = '2.25',
  system_memory_usage = '88.45',
  memory_usage = (SELECT COALESCE(SUM(memory_used),0) FROM xmllogs WHERE agent_logs_id = '502') + '8042688',
  parallel_search_count = '',
  mongo_archive_collection = '',
  error_description = '',
  is_cached = 'no'
WHERE id = '502';
[12/03/2020 06:35:46], [file name :-/home/otrams/public_html/otramsphp7/uat/v3otrams/book_now.php],INSERT INTO autogenerator_reservation (reservation_id, remote_id) VALUES ('1606977346','60.254.11.202');
[12/03/2020 06:36:01], [file name :-/home/otrams/public_html/otramsphp7/uat/v3otrams/book_now.php],INSERT INTO autogenerator_reservation (reservation_id, remote_id) VALUES ('1606977361','60.254.11.202');
[12/03/2020 06:36:05], [file name :-/home/otrams/public_html/otramsphp7/uat/v3otrams/confirm_booking.php],INSERT INTO bookings SET  source_type = 'localsystem', reservation_id = '1906', create_date = '2020-12-03 06:36:05', agent_id = '24', parent_agent_id = '24', agent_ref_no = '', nationality = 'Indian', city_id = 'mumbai', country_id = '106', current_status = 'inprocess-booking', is_xml = '0', display_room_rate = '440', display_currency_code = 'USD', native_room_rate = '1616.35', native_currency_code = 'AED', supplier_profile_id = '1', service_type = 'hotel', service_date = '2021/06/03', check_out_date = '2021/06/04', sub_user_id = '', booking_status = '1', leader_title = 'Mr', leader_first_name = 'Deep', leader_last_name = 'Mishra', booking_branch_id = '1', expiration_date = '2020-12-03 06:36:00', cancellation_policy = 'Amendment of Dates, Room Category, Passenger Names are considered as Cancel and Rebook by most of the Hotels.
        Any Changes in initial booking may be denied by the supplier or may result in extra charges.
        Confirmation of amendment requests is subject to availablity and rates at the time of amendment.<Br><Br><B><U>Detailed Cancellation Policy:</U></B> <br/> Cancellation Charges of 440 USD applicable if cancelled after 03 Dec 2020 12:05 hrs.', supplier_cancellation_policy = '', status_date = '2020-12-03 06:36:05',  site_url = 'https://alpha.otrams.thefabulousgetaway.com/';
[12/03/2020 06:36:05], [file name :-/home/otrams/public_html/otramsphp7/uat/v3otrams/confirm_booking.php],INSERT INTO external_mapping_data_tracking (booking_id,search_hotel_name,booked_hotel_name_supplier,hotel_id,master_id,city_id,supplier,date) VALUES ('3071','RATEGAINONE','RATEGAINONE','53773','53773','mumbai','LOCAL_SUPPLIER',NOW());
[12/03/2020 06:36:05], [file name :-/home/otrams/public_html/otramsphp7/uat/v3otrams/confirm_booking.php],UPDATE
        bookings
        SET
        booking_branch_id= '1'
        WHERE
        id='3071'
        ;
[12/03/2020 06:36:05], [file name :-/home/otrams/public_html/otramsphp7/uat/v3otrams/confirm_booking.php],insert into bookings_details(booking_id,supplier_id,total_rooms,total_adults,total_children,total_infants,rate_description ,rate_code,hotel_id,local_hotel_id,hotel_name,hotel_address1,hotel_phone,hotel_rating,total_nights,arrival_date,departure_date,room_rate_code,hotel_img)values('3071','S000000241','1','1','0','-','','','53773','53773','RATEGAINONE','Mumbai','123456789','5.0','1','2021/06/03','2021/06/04','','https://alpha.otrams.thefabulousgetaway.com/project_folder/tfg_project/images/imagenotavailable.jpg');
[12/03/2020 06:36:05], [file name :-/home/otrams/public_html/otramsphp7/uat/v3otrams/confirm_booking.php], insert into booking_room_detail set  booking_id = '3071', booking_detail_id = '1209', room_type_code = '1~~~132~~~1039~~~1~~~~~~~~~64440~~~0~~~S000000241', room_name = 'single', room_type_description = 'Standard  -Bed & Breakfast : 1 Pax <font color=\'red\'>-D</font>', display_nightly_rates = 'a:1:{i:0;a:3:{s:18:\"displayNightlyRate\";i:440;s:16:\"promotionDisplay\";s:0:\"\";s:25:\"displayNightlyRateDisplay\";s:156:\"Supplier Name - localsupplier(RateGainSupplier - S000000241), Rate - 1616.35 AED, Currency Multiplier (AED-USD) - 0.27222 Supplier Commission-0 #localsystem\";}}', native_nightly_rates = 'a:1:{i:0;a:4:{s:19:\"O_nativeNightlyRate\";d:1616.35;s:17:\"nativeNightlyRate\";d:1616.35;s:9:\"free_sale\";s:2:\"no\";s:14:\"Discount/Offer\";a:7:{s:4:\"code\";s:0:\"\";s:4:\"Name\";s:0:\"\";s:7:\"S_Value\";s:0:\"\";s:5:\"Value\";i:0;s:12:\"Display_Name\";s:0:\"\";s:10:\"Offer_Note\";N;s:10:\"Offer_Type\";N;}}}', markup = '0', commission = '0', native_room_rate_total = '1616.35', display_room_rate_total = '440', number_of_rooms = '1';
[12/03/2020 06:36:05], [file name :-/home/otrams/public_html/otramsphp7/uat/v3otrams/confirm_booking.php], insert into passangers set  booking_id = '3071', booking_detail_id = '1209', rid = '1807', room = '0', salutations = 'Mr', first_name = 'Deep', last_name = 'Mishra', passenger_type = 'adult', age = '';
[12/03/2020 06:36:05], [file name :-/home/otrams/public_html/otramsphp7/uat/v3otrams/confirm_booking.php],update bookings set  special_remark = '', itenirary_id = '', confirmation_number = '', display_discount = '0', current_status = 'confirmed', comment_contract = '', consultant_id = 'SalesConsultant', sales_manager_id = '', admin_booked = '1', email_id = 'deep.mishra@rategain.com', leader_phone = '+123451914108628', agent_currency_multiplier = '1.00000', ip_addr = '60.254.11.202', backoffice_user = 'tfg', customer_id = '', applied_multiplier='0.27222', free_sale='',  applied_markup='0',  agent_markup='0',  basecurrency_multiplier='1.00000',  basecurrency_multiplier_native='0.27222',  parent_agent_id='24',  sub_agent_rate='0', agent_rate='440',  applicable_service_tax='0',  supplier_rate='1616.35',  original_source='',  uid='780ee2e7bea296e171616c97674ee983'  where id='3071';
[12/03/2020 06:36:05], [file name :-/home/otrams/public_html/otramsphp7/uat/v3otrams/confirm_booking.php],update bookings_details set touricoRoomResId ='', gta_item_confirm_ref='' ,gtaToken = '' , special_request='' where booking_id ='3071';
[12/03/2020 06:36:05], [file name :-/home/otrams/public_html/otramsphp7/uat/v3otrams/confirm_booking.php],update bookings_details set reservation_pushed = '1', channel_manager = 'rategain',room_type_description='' where booking_id = '3071';
[12/03/2020 06:36:05], [file name :-/home/otrams/public_html/otramsphp7/uat/v3otrams/confirm_booking.php],INSERT INTO booking_cancellation_policy(booking_id,from_date,supplier_from_date,supplier_charge,agent_charge,lead_time,create_date)  VALUES('3071','2020-12-03 06:35:00','2020-12-03 06:35:00','1616.35','440','0','2020-12-03 06:36:05');
[12/03/2020 06:36:05], [file name :-/home/otrams/public_html/otramsphp7/uat/v3otrams/confirm_booking.php],insert into booking_lat_long(booking_id,latitude,longitude) values ('3071','','');
[12/03/2020 06:36:05], [file name :-/home/otrams/public_html/otramsphp7/uat/v3otrams/confirm_booking.php],INSERT INTO booking_status (booking_id,status,create_date,memo,agent_id,ip_address,admin,modify_by) VALUES ('3071','confirmed','2020-12-03 06:36:05','Booking confirmed . Booked by Back Office tfg on behalf of Agent - Snehal  Valanju(CD0024)','24','60.254.11.202','0','24');
[12/03/2020 06:36:05], [file name :-/home/otrams/public_html/otramsphp7/uat/v3otrams/confirm_booking.php],INSERT INTO booking_search_log(booking_id, details)
        VALUES(3071, 'a:30:{s:3:\"_id\";a:1:{s:4:\"$oid\";s:24:\"5fc8869f1f33c64ea77bd083\";}s:7:\"hotelId\";s:25:\"53773----------S000000241\";s:4:\"name\";s:11:\"RATEGAINONE\";s:14:\"local_hotel_id\";s:5:\"53773\";s:8:\"address1\";s:6:\"Mumbai\";s:8:\"latitude\";s:0:\"\";s:9:\"longitude\";s:0:\"\";s:4:\"city\";s:5:\"64440\";s:8:\"location\";s:0:\"\";s:14:\"prefered_hotel\";s:1:\"0\";s:10:\"mlosSlogan\";s:0:\"\";s:16:\"isMlosApplicable\";s:2:\"no\";s:7:\"country\";s:3:\"106\";s:16:\"rateCurrencyCode\";s:3:\"USD\";s:5:\"phone\";s:9:\"123456789\";s:16:\"shortDescription\";s:24:\"No Description Available\";s:11:\"website_url\";s:0:\"\";s:12:\"thumbNailUrl\";s:99:\"https://alpha.otrams.thefabulousgetaway.com/project_folder/tfg_project/images/imagenotavailable.jpg\";s:10:\"sourceType\";s:11:\"localsystem\";s:10:\"supplierid\";s:10:\"S000000241\";s:12:\"suppliername\";s:16:\"RateGainSupplier\";s:14:\"propertyRating\";s:3:\"5.0\";s:15:\"specialCategory\";a:1:{i:0;s:1:\"1\";}s:13:\"HotelProperty\";a:1:{s:11:\"localsystem\";a:1:{i:0;a:1:{s:8:\"RateInfo\";a:13:{s:10:\"room_rates\";a:1:{i:0;a:33:{s:11:\"ratebreakup\";a:4:{s:6:\"markup\";i:0;s:10:\"commission\";i:0;s:18:\"NativeNightlyRates\";a:1:{i:0;a:4:{s:19:\"O_nativeNightlyRate\";d:1616.35;s:17:\"nativeNightlyRate\";d:1616.35;s:9:\"free_sale\";s:2:\"no\";s:14:\"Discount/Offer\";a:7:{s:4:\"code\";s:0:\"\";s:4:\"Name\";s:0:\"\";s:7:\"S_Value\";s:0:\"\";s:5:\"Value\";i:0;s:12:\"Display_Name\";s:0:\"\";s:10:\"Offer_Note\";N;s:10:\"Offer_Type\";N;}}}s:19:\"DisplayNightlyRates\";a:1:{i:0;a:3:{s:18:\"displayNightlyRate\";i:440;s:16:\"promotionDisplay\";s:0:\"\";s:25:\"displayNightlyRateDisplay\";s:156:\"Supplier Name - localsupplier(RateGainSupplier - S000000241), Rate - 1616.35 AED, Currency Multiplier (AED-USD) - 0.27222 Supplier Commission-0 #localsystem\";}}}s:20:\"offer_promotion_note\";s:0:\"\";s:19:\"offer_discount_type\";s:0:\"\";s:27:\"offer_discount_note_details\";N;s:9:\"room_name\";s:6:\"single\";s:9:\"stay_note\";N;s:10:\"time_stamp\";s:32:\"1620b720473270f8cf6eb7c62d82065d\";s:16:\"number_of_adults\";s:1:\"1\";s:10:\"view_basis\";s:0:\"\";s:13:\"view_basis_id\";s:1:\"0\";s:9:\"available\";i:1;s:9:\"free_sale\";N;s:7:\"minStay\";s:1:\"1\";s:19:\"displayCurrencyCode\";s:3:\"USD\";s:18:\"nativeCurrencyCode\";s:3:\"AED\";s:20:\"displayRoomTypeRates\";i:440;s:20:\"sortingRoomTypeRates\";i:440;s:19:\"nativeRoomTypeRates\";d:1616.35;s:12:\"offerApplied\";N;s:7:\"room_id\";s:49:\"1~~~132~~~1039~~~1~~~~~~~~~64440~~~0~~~S000000241\";s:14:\"room_type_code\";s:1:\"1\";s:14:\"boardtype_code\";s:1:\"1\";s:16:\"valuation_number\";s:49:\"1~~~132~~~1039~~~1~~~~~~~~~64440~~~0~~~S000000241\";s:15:\"number_of_child\";i:0;s:13:\"NumberOfRooms\";i:1;s:10:\"supplierId\";s:10:\"S000000241\";s:12:\"supplierName\";s:16:\"RateGainSupplier\";s:10:\"meal_basis\";s:15:\"Bed & Breakfast\";s:4:\"note\";s:0:\"\";s:13:\"room_category\";s:13:\"Standard Room\";s:9:\"room_type\";s:62:\"Standard  -Bed & Breakfast : 1 Pax <font color=\'red\'>-D</font>\";s:14:\"non_refundable\";s:1:\"0\";s:15:\"class_unique_id\";s:17:\"0_0_53773_6129164\";}}s:9:\"available\";i:1;s:15:\"displayRoomRate\";i:440;s:14:\"nativeRoomRate\";d:1616.35;s:9:\"unique_id\";s:37:\"1_53773----------S000000241_0_0_74949\";s:10:\"supplierId\";s:10:\"S000000241\";s:19:\"displayCurrencyCode\";s:3:\"USD\";s:18:\"nativeCurrencyCode\";s:3:\"AED\";s:18:\"applied_markup_per\";i:0;s:18:\"applied_multiplier\";d:0.27222;s:19:\"supplier_profile_id\";s:1:\"1\";s:13:\"supplier_data\";a:5:{s:7:\"hotelId\";s:25:\"53773----------S000000241\";s:10:\"sourceType\";s:11:\"localsystem\";s:15:\"supp_hotel_name\";s:11:\"RATEGAINONE\";s:18:\"supp_hotel_address\";s:6:\"Mumbai\";s:10:\"supplierId\";s:10:\"S000000241\";}s:8:\"no_class\";i:0;}}}}s:13:\"total_charges\";i:440;s:17:\"propertyAvailable\";i:1;s:8:\"no_class\";i:0;s:18:\"sort_total_charges\";i:440;s:16:\"hotel_name_ascii\";s:11:\"rategainone\";s:13:\"supplier_data\";a:5:{s:7:\"hotelId\";s:25:\"53773----------S000000241\";s:10:\"sourceType\";s:11:\"localsystem\";s:15:\"supp_hotel_name\";s:11:\"RATEGAINONE\";s:18:\"supp_hotel_address\";s:6:\"Mumbai\";s:10:\"supplierId\";s:10:\"S000000241\";}}');
[12/03/2020 06:36:05], [file name :-/home/otrams/public_html/otramsphp7/uat/v3otrams/confirm_booking.php],INSERT INTO booking_cancellation_policy(booking_id,from_date,supplier_from_date,to_date,supplier_to_date,supplier_charge,agent_charge,lead_time,create_date,applied_agent_charges)  VALUES('3071','2020-12-03 06:35:00','2020-12-03 06:35:00','1970-01-01 00:00:00','1970-01-01 00:00:00','1616.35','440','0','2020-12-03 06:36:05','');
[12/03/2020 06:36:05], [file name :-/home/otrams/public_html/otramsphp7/uat/v3otrams/confirm_booking.php],update bookings_details set reservation_pushed = '1', channel_manager = 'rategain',room_type_description='' where booking_id = '3071';
[12/03/2020 06:36:05], [file name :-/home/otrams/public_html/otramsphp7/uat/v3otrams/confirm_booking.php],INSERT INTO bookings_applicable_offer set  oid= '',  offer_type_code= '',  booking_id= '3071',  room_id= '1~~~132~~~1039~~~1~~~~~~~~~64440~~~0~~~S000000241',  room_name= 'single',  supplier_id= 'S000000241',  agent_id= '',  applied_native_discount= '0',  original_native_rate= '1616.35',  native_rate= '1616.35',  promotion_text= '',  offer_disc_type= '',  offer_disc_value= '',  offer_disc_currency= '',  create_date= '2020-12-03 06:36:05' ;
[12/03/2020 06:36:05], [file name :-/home/otrams/public_html/otramsphp7/uat/v3otrams/confirm_booking.php],update bookings set confirmation_number='',itenirary_id='3071' where  id ='3071';
[12/03/2020 06:36:05], [file name :-/home/otrams/public_html/otramsphp7/uat/v3otrams/confirm_booking.php],UPDATE room_rates SET availability = availability-1,consumed_inventory = consumed_inventory+1 WHERE hotel_id = '53773' and inventory_class_id = '132' and supplier_id = 'S000000241' and date_from = '2021-06-03';
[12/03/2020 06:36:05], [file name :-/home/otrams/public_html/otramsphp7/uat/v3otrams/confirm_booking.php],update supplement_rate set inventory = '0' where supplement_rate_id = '1';
[12/03/2020 06:36:05], [file name :-/home/otrams/public_html/otramsphp7/uat/v3otrams/confirm_booking.php], insert into booking_configuration set  booking_id = '3071', config_key = 'BOOKING OTP', config_value = '1aE85VKj';;
[12/03/2020 06:36:05], [file name :-/home/otrams/public_html/otramsphp7/uat/v3otrams/confirm_booking.php],insert into email_logs SET `subject`= 'Alert Inventory System - otrams.thefabulousgetaway.otrams.net',from_email_id= 'sanket.desai@qtechsoftware.com',body= 'PCFET0NUWVBFIGh0bWwgUFVCTElDICItLy9XM0MvL0RURCBYSFRNTCAxLjAgVHJhbnNpdGlvbmFsLy9FTiIgImh0dHA6Ly93d3cudzMub3JnL1RSL3hodG1sMS9EVEQveGh0bWwxLXRyYW5zaXRpb25hbC5kdGQiPgo8aHRtbCB4bWxucz0iaHR0cDovL3d3dy53My5vcmcvMTk5OS94aHRtbCI+CjxoZWFkPgo8bWV0YSBodHRwLWVxdWl2PSJDb250ZW50LVR5cGUiIGNvbnRlbnQ9InRleHQvaHRtbDsgY2hhcnNldD11dGYtOCIgLz4KPHRpdGxlPkludmVudG9yeSBBbGVydDwvdGl0bGU+CjwvaGVhZD4KCjxib2R5Pgo8cD4KRGVhciBSYXRlR2FpblN1cHBsaWVyLAo8L3A+CjxwPgpLaW5kbHkgVG9wdXAgdGhlIGludmVudG9yeSBhbGxvY2F0aW9uIGZvciBSQVRFR0FJTk9ORSAtIFN0YW5kYXJkIC0gQmVkICYgQnJlYWtmYXN0IGFzIHRoZSBhbGxvY2F0aW9uIGhhcyBiZWVuIGNvbnN1bWVkIGFuZCBjdXJyZW50IGludmVudG9yeSBzdGF0dXMgZm9yIGRhdGUgMDMtSnVuLTIwMjEgaXMgemVyby4KPC9wPgoKPC9ib2R5Pgo8L2h0bWw+Cg==',to_email_id= 'sanket.desai@qtechsoftware.com,snehal.valanju@qtechsoftware.com',cc= '',bcc= '',status= 'Success',page_url= '/confirm_booking.php',create_date= '2020-12-03 06:36:05';
[12/03/2020 06:36:06], [file name :-/home/otrams/public_html/otramsphp7/uat/v3otrams/confirm_booking.php],insert into email_logs SET `subject`= ' TFG103071 /  Booking Confirmed ',from_email_id= 'sanket.desai@qtechsoftware.com',body= '[encoded data, 40404 characters]',to_email_id= 'snehal.valanju@qtechsoftware.com',cc= '',bcc= '',status= 'Success',page_url= '/confirm_booking.php',create_date= '2020-12-03 06:36:06';
[12/03/2020 06:36:06], [file name :-/home/otrams/public_html/otramsphp7/uat/v3otrams/confirm_booking.php],insert into temp(booking_id,mail_send_to)values('3071','snehal.valanju@qtechsoftware.com');
[12/03/2020 06:36:06], [file name :-/home/otrams/public_html/otramsphp7/uat/v3otrams/confirm_booking.php],insert into temp(booking_id,mail_send_to)values('3071','snehal.valanju@qtechsoftware.com');
[12/03/2020 06:36:06], [file name :-/home/otrams/public_html/otramsphp7/uat/v3otrams/confirm_booking.php],update posted_bookings set booking_id='3071',status='1' where reservation_id='1906' and booking_id ='0';
[12/03/2020 06:36:06], [file name :-/home/otrams/public_html/otramsphp7/uat/v3otrams/confirm_booking.php],update xmllogs set reservation_id='3071' where agent_logs_id='502' and source_type='localsystem';
[12/03/2020 06:36:06], [file name :-/home/otrams/public_html/otramsphp7/uat/v3otrams/confirm_booking.php],INSERT INTO booking_commission set agent_commission='',  supplier_commission='',  profit_percent='',  gross_profit='',  commission_tax='',  booking_id ='3071',  create_date ='2020-12-03 06:36:06', supplier_tax='';
[12/03/2020 06:36:06], [file name :-/home/otrams/public_html/otramsphp7/uat/v3otrams/confirm_booking.php],update bookings set voucher_id='Test123',status_date='2020-12-03 06:36:06',current_status='vouchered',voucher_hashcode='7b1dac868fbe26fdcdacf568cf60e142294323071',vouchered_by ='' where id='3071';
[12/03/2020 06:36:06], [file name :-/home/otrams/public_html/otramsphp7/uat/v3otrams/confirm_booking.php],Insert into booking_configuration set booking_id='3071',config_key='VOUCHER_DATE', config_value='2020-12-03 06:36:06',create_date='2020-12-03 06:36:06';
[12/03/2020 06:36:06], [file name :-/home/otrams/public_html/otramsphp7/uat/v3otrams/confirm_booking.php],INSERT INTO autogenerator_invoice_number (id, number) VALUES ('','1606977366');
[12/03/2020 06:36:06], [file name :-/home/otrams/public_html/otramsphp7/uat/v3otrams/confirm_booking.php],update bookings set is_invoiced='yes',invoice_number= '2020/398' where id='3071' and is_invoiced!='yes';
[12/03/2020 06:36:06], [file name :-/home/otrams/public_html/otramsphp7/uat/v3otrams/confirm_booking.php],UPDATE agents SET credit_usage=credit_usage+('440'),   credit_value= credit_value-('440') ,  cd_credit_usage=cd_credit_usage+('440') , cd_credit_value=cd_credit_value-('440')  WHERE id = '24';
[12/03/2020 06:36:06], [file name :-/home/otrams/public_html/otramsphp7/uat/v3otrams/confirm_booking.php],insert into  agent_credit_log SET agent_id= '24',credit_value= '9032.340',credit_usage= '967.660',credit_limit= '10000',receipt_id= '',amount= '440',booking_id='3071',booking_cost= '440',receipt_allocation= '',balance= '440',ip='60.254.11.202',user_type='User',admin_id='Agent - Snehal  Valanju(CD0024)',temp_credit_limit='',log_type='Add Invoice',note='Add Invoice',create_date='2020-12-03 06:12:06';
[12/03/2020 06:36:06], [file name :-/home/otrams/public_html/otramsphp7/uat/v3otrams/confirm_booking.php],insert into booking_rate_info set agent_price='0',sub_agent_price='0',supplier_currency='AED',supplier_price='1616.35',supplier_type='offline',supplier_id='S000000241',acc_type='purchase',accounting_multiplier='0.27222',booking_id='3071',booking_log='Booking Vouchered',type='Sale',create_date='2020-12-03 06:36:06',account_invoice='2020/398',particulars='';
[12/03/2020 06:36:06], [file name :-/home/otrams/public_html/otramsphp7/uat/v3otrams/confirm_booking.php],insert into booking_rate_info set agent_price='440',sub_agent_price='0',supplier_price='0',acc_type='sale',accounting_multiplier='1.00000',booking_id='3071',booking_log='Booking Vouchered',type='Sale',create_date='2020-12-03 06:36:06',account_invoice='2020/398',particulars='';
[12/03/2020 06:36:06], [file name :-/home/otrams/public_html/otramsphp7/uat/v3otrams/confirm_booking.php],DELETE FROM accounts_invoice_transaction WHERE bid = 1518;
[12/03/2020 06:36:06], [file name :-/home/otrams/public_html/otramsphp7/uat/v3otrams/confirm_booking.php],INSERT INTO accounts_invoice_transaction SET bid= '1518',booking_id= '3071',invoice_number= '2020/398',service_type= 'hotel',booking_type= 'online',service_name= 'RATEGAINONE',type= 'sale',room_type= 'single',quantity_room= '1',from_date= '2021/06/03',to_date= '2021/06/04',quantity= '1',price= '440',total_price= '440';
[12/03/2020 06:36:06], [file name :-/home/otrams/public_html/otramsphp7/uat/v3otrams/confirm_booking.php],insert into email_logs SET `subject`= 'The Fabulous Getaway Tax Dispute(TaxInvoice)',from_email_id= 'sanket.desai@qtechsoftware.com',body= 'Rm9yIEZvbGxvd2luZyBib29raW5nIFRheCBpcyBub3QgaW5zZXJ0ZWQ8YnI+Qm9va2luZ0lkOi0zMDcxPGJyPkludm9pY2Ugbm86LTIwMjAvMzk4PGJyPmJyYW5jaF9pZDotMTxicj5UeXBlOi1hZ2VudDxicj5BY2NvdW50IHR5cGU6LXNhbGU8YnI+',to_email_id= 'sanket.desai@qtechsoftware.com',cc= '',bcc= '',status= 'Success',page_url= '/confirm_booking.php',create_date= '2020-12-03 06:36:06';
[12/03/2020 06:36:06], [file name :-/home/otrams/public_html/otramsphp7/uat/v3otrams/confirm_booking.php], insert into email_trigger set  subject ='The Fabulous Getaway Tax Dispute',  message='For Following booking Tax is not inserted<br>BookingId:-3071<br>Invoice no:-2020/398<br>branch_id:-1<br>Type:-agent<br>Account type:-sale<br>',  email_sent ='yes', create_date ='2020-12-03 06:36:06', email_sent_to ='sanket.desai@qtechsoftware.com,TESTER_EMAIL_ID', email_type ='TaxInvoice';
[12/03/2020 06:36:07], [file name :-/home/otrams/public_html/otramsphp7/uat/v3otrams/confirm_booking.php],INSERT INTO booking_status (visa_id,visa_status,booking_id,status,create_date,memo,agent_id,ip_address,admin,modify_by,crons) VALUES
        ('','','3071','vouchered-invoiced','2020-12-03 06:36:07','Booking invoiced by Back Office tfg on behalf of Agent - Snehal  Valanju(CD0024)','24','60.254.11.202','','','');
[12/03/2020 06:36:07], [file name :-/home/otrams/public_html/otramsphp7/uat/v3otrams/confirm_booking.php],INSERT INTO agent_commission SET booking_id ='3071',booking_detail_id ='3071',agent_id ='24',is_sub_agent ='N',parent_id ='',display_commission ='0',display_currency ='USD',paid ='N',type ='hotel',description ='Agent Mark Up Percentage is 0 %',create_date ='2020-12-03 06:36:07';
[12/03/2020 06:36:07], [file name :-/home/otrams/public_html/otramsphp7/uat/v3otrams/confirm_booking.php],insert into accounting_status set booking_id ='3071',acc_sales_export='0',acc_purchase_export='0',acc_status='A';
[12/03/2020 06:36:07], [file name :-/home/otrams/public_html/otramsphp7/uat/v3otrams/confirm_booking.php],INSERT INTO booking_status (visa_id,visa_status,booking_id,status,create_date,memo,agent_id,ip_address,admin,modify_by,crons) VALUES
        ('','','3071','vouchered','2020-12-03 06:36:07','Voucherd by Back Office tfg on behalf of Agent - Snehal  Valanju(CD0024)','24','60.254.11.202','','','');
[12/03/2020 06:36:08], [file name :-/home/otrams/public_html/otramsphp7/uat/v3otrams/confirm_booking.php],insert into email_logs SET `subject`= ' TFG103071 /  Booking Vouchered ',from_email_id= 'sanket.desai@qtechsoftware.com',body= '[encoded data, 28144 characters]',to_email_id= 'snehal.valanju@qtechsoftware.com,SalesConsultant@gmail.com',cc= '',bcc= '',status= 'Success',page_url= '/confirm_booking.php',create_date= '2020-12-03 06:36:08';
[12/03/2020 06:36:08], [file name :-/home/otrams/public_html/otramsphp7/uat/v3otrams/confirm_booking.php],insert into temp(booking_id,mail_send_to)values('3071','snehal.valanju@qtechsoftware.com');
[12/03/2020 06:36:08], [file name :-/home/otrams/public_html/otramsphp7/uat/v3otrams/confirm_booking.php],insert into temp(booking_id,mail_send_to)values('3071','SalesConsultant@gmail.com');
[12/03/2020 06:36:14], [file name :-/home/otrams/public_html/otramsphp7/uat/v3otrams/crons/channel_manager_push_reservation.php],update bookings_details set reservation_pushed = '0', channel_manager = 'rategain',room_type_description='' where booking_id = '3071';
[12/03/2020 06:41:54], [file name :-/home/otrams/public_html/otramsphp7/uat/v3otrams/extranet-app/controllers/controller.php],INSERT INTO room_rates (room_rate_code,rate_group,hotel_id,supplier_id,date_from,date_to,room_class,room_basis,ip_addr,room_type,view_basis,edit_time_stamp,weekend,rate_profile,entered_by,inventory_class_id,status,weekday_rate,weekend_rate,currency,minstay,availability,time_limit,checkin_block_for,exclude_countries,exclude_residence,stop_sale,time_stamp,created_datetime,create_date,created_by,changed_by,modify_date,modified_datetime,modified_by,consumed_inventory,stay_note) values ('53773@S000000241@2021-06-03@2021-06-03@@1039@1@1@@@0','03-06-2021~03-06-2021','53773','S000000241','2021-06-03','2021-06-03','1039','1','60.254.11.202','0','0','45d33fef9a5a7b6ec3a37485aa3da5d1','Sa,Su','1','Supplier','132','A','440','440','AED','1','0','0','0','','','0','eda0eda538f61f9a9a4d47b0a4ef2361','2020-12-01 10:37:33','2020-12-01','Supplier','Supplier','2020-12-03','2020-12-03 06:41:54','Supplier','5','');
[12/03/2020 06:41:54], [file name :-/home/otrams/public_html/otramsphp7/uat/v3otrams/extranet-app/controllers/controller.php],DELETE  FROM room_rates WHERE id IN ('1937144');
[12/03/2020 06:41:54], [file name :-/home/otrams/public_html/otramsphp7/uat/v3otrams/extranet-app/controllers/controller.php],insert into `user_logs` set  `create_date`= '2020-12-03 06:41:54',`log_type`= 'Rates',`sql_query`= '',`log_description`= 'Inserted Rates For RateGainOne Rate:- 440 Room Category :- Standard - Single, Extrabed - 0 (Bed & Breakfast) Market :- All Market From:- 03-06-2021 To:- 06-06-2021',`ip`= '60.254.11.202',`username`= 'tfg',`user_id`= 'S000000241';
[12/03/2020 06:41:54], [file name :-/home/otrams/public_html/otramsphp7/uat/v3otrams/extranet-app/controllers/controller.php],insert into user_log_link Set `user_logs_id`='4039', `entity`='Hotels', `value`='53773' ;
[12/03/2020 06:41:54], [file name :-/home/otrams/public_html/otramsphp7/uat/v3otrams/extranet-app/controllers/controller.php],insert into user_log_link Set `user_logs_id`='4039', `entity`='Suppliers', `value`='S000000241' ;
[12/03/2020 06:41:54], [file name :-/home/otrams/public_html/otramsphp7/uat/v3otrams/extranet-app/controllers/controller.php],insert into user_log_link Set `user_logs_id`='4039', `entity`='Inventory', `value`='132' ;
[12/03/2020 06:41:54], [file name :-/home/otrams/public_html/otramsphp7/uat/v3otrams/extranet-app/controllers/controller.php],insert into user_log_link Set `user_logs_id`='4039', `entity`='Room', `value`='1039' ;
[12/03/2020 06:41:54], [file name :-/home/otrams/public_html/otramsphp7/uat/v3otrams/extranet-app/controllers/controller.php],insert into user_log_link Set `user_logs_id`='4039', `entity`='Market', `value`='1' ;
[12/03/2020 06:41:54], [file name :-/home/otrams/public_html/otramsphp7/uat/v3otrams/extranet-app/controllers/controller.php],INSERT INTO room_rates (room_rate_code,rate_group,hotel_id,supplier_id,date_from,date_to,room_class,room_basis,ip_addr,room_type,view_basis,edit_time_stamp,weekend,rate_profile,entered_by,inventory_class_id,status,weekday_rate,weekend_rate,currency,minstay,availability,time_limit,checkin_block_for,exclude_countries,exclude_residence,stop_sale,time_stamp,created_datetime,create_date,created_by,changed_by,modify_date,modified_datetime,modified_by,consumed_inventory,stay_note) values ('53773@S000000241@2021-06-04@2021-06-04@@1039@1@1@@@0','04-06-2021~04-06-2021','53773','S000000241','2021-06-04','2021-06-04','1039','1','60.254.11.202','0','0','f598e83bc1ef2faacf6d920efebba202','Sa,Su','1','Supplier','132','A','440','440','AED','1','5','0','0','','','0','6c93f45c4b1995ffcd2f12766e43a83d','2020-12-01 10:37:33','2020-12-01','Supplier','Supplier','2020-12-03','2020-12-03 06:41:54','Supplier','0',''),('53773@S000000241@2021-06-05@2021-06-05@@1039@1@1@@@0','05-06-2021~05-06-2021','53773','S000000241','2021-06-05','2021-06-05','1039','1','60.254.11.202','0','0','e73c868340d109af43c75dd37bc05237','Sa,Su','1','Supplier','132','A','440','440','AED','1','5','0','0','','','0','57bd1330fa3aa06faa06eaa5451f7c6b','2020-12-01 10:37:33','2020-12-01','Supplier','Supplier','2020-12-03','2020-12-03 06:41:54','Supplier','0',''),('53773@S000000241@2021-06-06@2021-06-06@@1039@1@1@@@0','06-06-2021~06-06-2021','53773','S000000241','2021-06-06','2021-06-06','1039','1','60.254.11.202','0','0','5c75fdc64efe144f246873603dc89c96','Sa,Su','1','Supplier','132','A','440','440','AED','1','5','0','0','','','0','5442b6c8bb3ebe31f5f2b5bd4b5265af','2020-12-01 10:37:33','2020-12-01','Supplier','Supplier','2020-12-03','2020-12-03 06:41:54','Supplier','0','');
[12/03/2020 06:41:54], [file name :-/home/otrams/public_html/otramsphp7/uat/v3otrams/extranet-app/controllers/controller.php],DELETE  FROM room_rates WHERE id IN ('1937145','1937146','1937147');
[12/03/2020 06:42:35], [file name :-/home/otrams/public_html/otramsphp7/uat/v3otrams/hotel_search_list.php],INSERT INTO agent_logs SET  agent_id = '24' , sub_agent_id = '' , sub_user_id = '0' , branch_id = '1' , ip = '60.254.11.202' , city = 'mumbai' , service_name = '' , service_type = 'hotel' , arrival_date = '2021/06/03' , departure_date = '2021/06/04' , nationality = '106' , nights = '1' , room_types = '1' , create_date = '2020-12-03 06:42:35' , site_id = '' , country_code = '106' , web_service = '' ;
[12/03/2020 06:42:38], [file name :-/home/otrams/public_html/otramsphp7/uat/v3otrams/call.php],INSERT INTO xmllogs(reservation_id, type, request_path, response_path, header_path, source_type, create_date, header, session_id, agent_logs_id)
VALUE ('', 'AVAILABILITY', '/request_placeholder.xml', '/response_placeholder.xml', '/response_header_placeholder.xml', 'localsystem', '2020-12-03 06:42:38', '', '022444689e1e001d36d47f0cd789d2f59ca775a70c5309964b275efaf16b5f6a', '503');
[12/03/2020 06:42:38], [file name :-/home/otrams/public_html/otramsphp7/uat/v3otrams/call.php],INSERT INTO xmllogs(reservation_id, type, request_path, response_path, header_path, source_type, create_date, header, session_id, agent_logs_id)
VALUE ('', 'AVAILABILITY', '/request_placeholder.xml', '/response_placeholder.xml', '/response_header_placeholder.xml', 'localsystem', '2020-12-03 06:42:38', '', '022444689e1e001d36d47f0cd789d2f59ca775a70c5309964b275efaf16b5f6a', '503');
[12/03/2020 06:42:38], [file name :-/home/otrams/public_html/otramsphp7/uat/v3otrams/call.php],UPDATE xmllogs SET
hotel_count = ''
, request_url = '/call.php?s=localsystem&sessionid=022444689e1e001d36d47f0cd789d2f59ca775a70c5309964b275efaf16b5f6a&xml_user_id=24&request_no=1&local_hotel_code=53769&#039;,&#039;53771&#039;,&#039;53773&#039;,&#039;53775&#039;,&#039;53776&#039;,&#039;53742&web_service=no&site_id='
, http_hit_time = '2020-12-03 06:42:37.481'
, request_start_time = '0.000'
, parsing_start_time = '0.000'
, mapping_complete_time = '0.000'
, mongo_start_time = '0.000'
, search_end_time = '0.000'
, total_duration = '0.937'
, error_description = ''
, memory_used = '7908600'
WHERE id = '3343';
[12/03/2020 06:42:38], [file name :-/home/otrams/public_html/otramsphp7/uat/v3otrams/call.php],UPDATE xmllogs SET
hotel_count = ''
, request_url = '/call.php?s=localsystem&sessionid=022444689e1e001d36d47f0cd789d2f59ca775a70c5309964b275efaf16b5f6a&xml_user_id=24&request_no=0&local_hotel_code=2&#039;,&#039;97&#039;,&#039;53716&#039;,&#039;53734&#039;,&#039;53735&#039;,&#039;53736&#039;,&#039;53737&#039;,&#039;53738&#039;,&#039;53739&#039;,&#039;53740&#039;,&#039;53741&#039;,&#039;53744&#039;,&#039;53745&#039;,&#039;53746&#039;,&#039;53747&#039;,&#039;53748&#039;,&#039;53749&#039;,&#039;53750&#039;,&#039;53751&#039;,&#039;53757&#039;,&#039;53758&#039;,&#039;53759&#039;,&#039;53766&#039;,&#039;53767&#039;,&#039;53768&web_service=no&site_id='
, http_hit_time = '2020-12-03 06:42:37.471'
, request_start_time = '0.000'
, parsing_start_time = '0.000'
, mapping_complete_time = '0.000'
, mongo_start_time = '0.000'
, search_end_time = '0.000'
, total_duration = '1.002'
, error_description = ''
, memory_used = '7910040'
WHERE id = '3344';
[12/03/2020 06:42:38], [file name :-/home/otrams/public_html/otramsphp7/uat/v3otrams/xml_all.php],UPDATE agent_logs SET
  hotel_count = '',
  request_path = '/xml_all.php?userid=24&sessionid=022444689e1e001d36d47f0cd789d2f59ca775a70c5309964b275efaf16b5f6a',
  duration = '1.540',
  merge_duration = '0.074',
  assigned_supplier_count = '1',
  searched_supplier_count = '1',
  system_load_1_min = '1.54',
  system_load_5_min = '2.32',
  system_load_15_min = '2.13',
  system_memory_usage = '88.45',
  memory_usage = (SELECT COALESCE(SUM(memory_used),0) FROM xmllogs WHERE agent_logs_id = '503') + '8042688',
  parallel_search_count = '',
  mongo_archive_collection = '',
  error_description = '',
  is_cached = 'no'
WHERE id = '503';
[12/03/2020 06:43:09], [file name :-/home/otrams/public_html/otramsphp7/uat/v3otrams/hotel_search_list.php],INSERT INTO agent_logs SET  agent_id = '24' , sub_agent_id = '' , sub_user_id = '0' , branch_id = '1' , ip = '60.254.11.202' , city = 'mumbai' , service_name = '' , service_type = 'hotel' , arrival_date = '2021/06/03' , departure_date = '2021/06/04' , nationality = '106' , nights = '1' , room_types = '1' , create_date = '2020-12-03 06:43:09' , site_id = '' , country_code = '106' , web_service = '' ;
[12/03/2020 06:43:11], [file name :-/home/otrams/public_html/otramsphp7/uat/v3otrams/call.php],INSERT INTO xmllogs(reservation_id, type, request_path, response_path, header_path, source_type, create_date, header, session_id, agent_logs_id)
VALUE ('', 'AVAILABILITY', '/request_placeholder.xml', '/response_placeholder.xml', '/response_header_placeholder.xml', 'localsystem', '2020-12-03 06:43:11', '', '022444689e1e001d36d47f0cd789d2f59ca775a70c5309964b275efaf16b5f6a', '504');
[12/03/2020 06:43:11], [file name :-/home/otrams/public_html/otramsphp7/uat/v3otrams/call.php],INSERT INTO xmllogs(reservation_id, type, request_path, response_path, header_path, source_type, create_date, header, session_id, agent_logs_id)
VALUE ('', 'AVAILABILITY', '/request_placeholder.xml', '/response_placeholder.xml', '/response_header_placeholder.xml', 'localsystem', '2020-12-03 06:43:11', '', '022444689e1e001d36d47f0cd789d2f59ca775a70c5309964b275efaf16b5f6a', '504');
[12/03/2020 06:43:11], [file name :-/home/otrams/public_html/otramsphp7/uat/v3otrams/call.php],UPDATE xmllogs SET
hotel_count = ''
, request_url = '/call.php?s=localsystem&sessionid=022444689e1e001d36d47f0cd789d2f59ca775a70c5309964b275efaf16b5f6a&xml_user_id=24&request_no=0&local_hotel_code=2&#039;,&#039;97&#039;,&#039;53716&#039;,&#039;53734&#039;,&#039;53735&#039;,&#039;53736&#039;,&#039;53737&#039;,&#039;53738&#039;,&#039;53739&#039;,&#039;53740&#039;,&#039;53741&#039;,&#039;53744&#039;,&#039;53745&#039;,&#039;53746&#039;,&#039;53747&#039;,&#039;53748&#039;,&#039;53749&#039;,&#039;53750&#039;,&#039;53751&#039;,&#039;53757&#039;,&#039;53758&#039;,&#039;53759&#039;,&#039;53766&#039;,&#039;53767&#039;,&#039;53768&web_service=no&site_id='
, http_hit_time = '2020-12-03 06:43:11.101'
, request_start_time = '0.000'
, parsing_start_time = '0.000'
, mapping_complete_time = '0.000'
, mongo_start_time = '0.000'
, search_end_time = '0.000'
, total_duration = '0.885'
, error_description = ''
, memory_used = '7910040'
WHERE id = '3345';
[12/03/2020 06:43:11], [file name :-/home/otrams/public_html/otramsphp7/uat/v3otrams/call.php],UPDATE xmllogs SET
hotel_count = ''
, request_url = '/call.php?s=localsystem&sessionid=022444689e1e001d36d47f0cd789d2f59ca775a70c5309964b275efaf16b5f6a&xml_user_id=24&request_no=1&local_hotel_code=53769&#039;,&#039;53771&#039;,&#039;53773&#039;,&#039;53775&#039;,&#039;53776&#039;,&#039;53742&web_service=no&site_id='
, http_hit_time = '2020-12-03 06:43:11.146'
, request_start_time = '0.000'
, parsing_start_time = '0.000'
, mapping_complete_time = '0.000'
, mongo_start_time = '0.000'
, search_end_time = '0.000'
, total_duration = '0.846'
, error_description = ''
, memory_used = '7908600'
WHERE id = '3346';
[12/03/2020 06:43:12], [file name :-/home/otrams/public_html/otramsphp7/uat/v3otrams/xml_all.php],UPDATE agent_logs SET
  hotel_count = '',
  request_path = '/xml_all.php?userid=24&sessionid=022444689e1e001d36d47f0cd789d2f59ca775a70c5309964b275efaf16b5f6a',
  duration = '1.347',
  merge_duration = '0.048',
  assigned_supplier_count = '1',
  searched_supplier_count = '1',
  system_load_1_min = '1.23',
  system_load_5_min = '2.16',
  system_load_15_min = '2.08',
  system_memory_usage = '88.45',
  memory_usage = (SELECT COALESCE(SUM(memory_used),0) FROM xmllogs WHERE agent_logs_id = '504') + '8042496',
  parallel_search_count = '',
  mongo_archive_collection = '',
  error_description = '',
  is_cached = 'no'
WHERE id = '504';
[12/03/2020 06:44:22], [file name :-/home/otrams/public_html/otramsphp7/uat/v3otrams/extranet-app/controllers/controller.php],update room_rates set  availability='10' where supplier_id='S000000241' AND hotel_id='53773' AND inventory_class_id='132'  AND date_from >='2021-06-03' AND date_from <='2021-07-03' AND FIND_IN_SET(LEFT(DAYNAME(date_from),2),'Sa,Su')='0';
[12/03/2020 06:44:23], [file name :-/home/otrams/public_html/otramsphp7/uat/v3otrams/extranet-app/controllers/controller.php],update room_rates set  availability='10' where supplier_id='S000000241' AND hotel_id='53773' AND inventory_class_id='132'  AND date_from >='2021-06-03' AND date_from <='2021-07-03' AND FIND_IN_SET(LEFT(DAYNAME(date_from),2),'Sa,Su')>'0';
[12/03/2020 06:44:23], [file name :-/home/otrams/public_html/otramsphp7/uat/v3otrams/extranet-app/controllers/controller.php],insert into `user_logs` set  `create_date`= '2020-12-03 06:44:23',`log_type`= 'Inventory Allocation',`sql_query`= 'update room_rates set  availability=\&#039;10\&#039; where supplier_id=\&#039;S000000241\&#039; AND hotel_id=\&#039;53773\&#039; AND inventory_class_id=\&#039;132\&#039;  AND date_from &gt;=\&#039;2021-06-03\&#039; AND date_from &lt;=\&#039;2021-07-03\&#039; AND FIND_IN_SET(LEFT(DAYNAME(date_from),2),\&#039;Sa,Su\&#039;)=\&#039;0\&#039;&lt;br&gt;update room_rates set  availability=\&#039;10\&#039; where supplier_id=\&#039;S000000241\&#039; AND hotel_id=\&#039;53773\&#039; AND inventory_class_id=\&#039;132\&#039;  AND date_from &gt;=\&#039;2021-06-03\&#039; AND date_from &lt;=\&#039;2021-07-03\&#039; AND FIND_IN_SET(LEFT(DAYNAME(date_from),2),\&#039;Sa,Su\&#039;)&gt;\&#039;0\&#039;',`log_description`= 'Upadated Inventory Allocation For hotel RateGainOne- Inventory:-Standard From:-03-06-2021 To:-03-07-2021 Weekday Inventory Allocation:-10 Weekend Inventory Allocation:-10',`ip`= '60.254.11.202',`username`= 'tfg',`user_id`= 'S000000241';
[12/03/2020 06:44:23], [file name :-/home/otrams/public_html/otramsphp7/uat/v3otrams/extranet-app/controllers/controller.php],insert into user_log_link Set `user_logs_id`='4040', `entity`='Hotels', `value`='53773' ;
[12/03/2020 06:44:23], [file name :-/home/otrams/public_html/otramsphp7/uat/v3otrams/extranet-app/controllers/controller.php],insert into user_log_link Set `user_logs_id`='4040', `entity`='Suppliers', `value`='S000000241' ;
[12/03/2020 06:44:23], [file name :-/home/otrams/public_html/otramsphp7/uat/v3otrams/extranet-app/controllers/controller.php],insert into user_log_link Set `user_logs_id`='4040', `entity`='Inventory', `value`='132' ;
[12/03/2020 06:44:33], [file name :-/home/otrams/public_html/otramsphp7/uat/v3otrams/hotel_search_list.php],INSERT INTO agent_logs SET  agent_id = '24' , sub_agent_id = '' , sub_user_id = '0' , branch_id = '1' , ip = '60.254.11.202' , city = 'mumbai' , service_name = '' , service_type = 'hotel' , arrival_date = '2021/06/03' , departure_date = '2021/06/04' , nationality = '106' , nights = '1' , room_types = '1' , create_date = '2020-12-03 06:44:33' , site_id = '' , country_code = '106' , web_service = '' ;
[12/03/2020 06:44:36], [file name :-/home/otrams/public_html/otramsphp7/uat/v3otrams/call.php],INSERT INTO xmllogs(reservation_id, type, request_path, response_path, header_path, source_type, create_date, header, session_id, agent_logs_id)
VALUE ('', 'AVAILABILITY', '/request_placeholder.xml', '/response_placeholder.xml', '/response_header_placeholder.xml', 'localsystem', '2020-12-03 06:44:36', '', '022444689e1e001d36d47f0cd789d2f59ca775a70c5309964b275efaf16b5f6a', '505');
[12/03/2020 06:44:36], [file name :-/home/otrams/public_html/otramsphp7/uat/v3otrams/call.php],INSERT INTO xmllogs(reservation_id, type, request_path, response_path, header_path, source_type, create_date, header, session_id, agent_logs_id)
VALUE ('', 'AVAILABILITY', '/request_placeholder.xml', '/response_placeholder.xml', '/response_header_placeholder.xml', 'localsystem', '2020-12-03 06:44:36', '', '022444689e1e001d36d47f0cd789d2f59ca775a70c5309964b275efaf16b5f6a', '505');
[12/03/2020 06:44:36], [file name :-/home/otrams/public_html/otramsphp7/uat/v3otrams/call.php],UPDATE xmllogs SET
hotel_count = ''
, request_url = '/call.php?s=localsystem&sessionid=022444689e1e001d36d47f0cd789d2f59ca775a70c5309964b275efaf16b5f6a&xml_user_id=24&request_no=1&local_hotel_code=53769&#039;,&#039;53771&#039;,&#039;53773&#039;,&#039;53775&#039;,&#039;53776&#039;,&#039;53742&web_service=no&site_id='
, http_hit_time = '2020-12-03 06:44:35.575'
, request_start_time = '0.000'
, parsing_start_time = '0.000'
, mapping_complete_time = '0.000'
, mongo_start_time = '0.000'
, search_end_time = '0.000'
, total_duration = '0.923'
, error_description = ''
, memory_used = '7908600'
WHERE id = '3347';
[12/03/2020 06:44:36], [file name :-/home/otrams/public_html/otramsphp7/uat/v3otrams/call.php],UPDATE xmllogs SET
hotel_count = ''
, request_url = '/call.php?s=localsystem&sessionid=022444689e1e001d36d47f0cd789d2f59ca775a70c5309964b275efaf16b5f6a&xml_user_id=24&request_no=0&local_hotel_code=2&#039;,&#039;97&#039;,&#039;53716&#039;,&#039;53734&#039;,&#039;53735&#039;,&#039;53736&#039;,&#039;53737&#039;,&#039;53738&#039;,&#039;53739&#039;,&#039;53740&#039;,&#039;53741&#039;,&#039;53744&#039;,&#039;53745&#039;,&#039;53746&#039;,&#039;53747&#039;,&#039;53748&#039;,&#039;53749&#039;,&#039;53750&#039;,&#039;53751&#039;,&#039;53757&#039;,&#039;53758&#039;,&#039;53759&#039;,&#039;53766&#039;,&#039;53767&#039;,&#039;53768&web_service=no&site_id='
, http_hit_time = '2020-12-03 06:44:35.150'
, request_start_time = '0.000'
, parsing_start_time = '0.000'
, mapping_complete_time = '0.000'
, mongo_start_time = '0.000'
, search_end_time = '0.000'
, total_duration = '1.415'
, error_description = ''
, memory_used = '7910040'
WHERE id = '3348';
[12/03/2020 06:44:36], [file name :-/home/otrams/public_html/otramsphp7/uat/v3otrams/xml_all.php],UPDATE agent_logs SET
  hotel_count = '',
  request_path = '/xml_all.php?userid=24&sessionid=022444689e1e001d36d47f0cd789d2f59ca775a70c5309964b275efaf16b5f6a',
  duration = '1.871',
  merge_duration = '0.062',
  assigned_supplier_count = '1',
  searched_supplier_count = '1',
  system_load_1_min = '0.67',
  system_load_5_min = '1.78',
  system_load_15_min = '1.95',
  system_memory_usage = '88.46',
  memory_usage = (SELECT COALESCE(SUM(memory_used),0) FROM xmllogs WHERE agent_logs_id = '505') + '8042496',
  parallel_search_count = '',
  mongo_archive_collection = '',
  error_description = '',
  is_cached = 'no'
WHERE id = '505';
[12/03/2020 06:44:50], [file name :-/home/otrams/public_html/otramsphp7/uat/v3otrams/book_now.php],INSERT INTO autogenerator_reservation (reservation_id, remote_id) VALUES ('1606977890','60.254.11.202');
[12/03/2020 06:45:11], [file name :-/home/otrams/public_html/otramsphp7/uat/v3otrams/book_now.php],INSERT INTO autogenerator_reservation (reservation_id, remote_id) VALUES ('1606977911','60.254.11.202');
[12/03/2020 06:45:15], [file name :-/home/otrams/public_html/otramsphp7/uat/v3otrams/confirm_booking.php],INSERT INTO bookings SET  source_type = 'localsystem', reservation_id = '1908', create_date = '2020-12-03 06:45:15', agent_id = '24', parent_agent_id = '24', agent_ref_no = '', nationality = 'Indian', city_id = 'mumbai', country_id = '106', current_status = 'inprocess-booking', is_xml = '0', display_room_rate = '440', display_currency_code = 'AED', native_room_rate = '440', native_currency_code = 'AED', supplier_profile_id = '1', service_type = 'hotel', service_date = '2021/06/03', check_out_date = '2021/06/04', sub_user_id = '', booking_status = '1', leader_title = 'Mr', leader_first_name = 'Deep', leader_last_name = 'Mishra', booking_branch_id = '1', expiration_date = '2020-12-03 06:45:00', cancellation_policy = 'Amendment of Dates, Room Category, Passenger Names are considered as Cancel and Rebook by most of the Hotels.
        Any Changes in initial booking may be denied by the supplier or may result in extra charges.
        Confirmation of amendment requests is subject to availablity and rates at the time of amendment.<Br><Br><B><U>Detailed Cancellation Policy:</U></B> <br/> Cancellation Charges of 440 AED applicable if cancelled after 03 Dec 2020 12:14 hrs.', supplier_cancellation_policy = '', status_date = '2020-12-03 06:45:15',  site_url = 'https://alpha.otrams.thefabulousgetaway.com/';
[12/03/2020 06:45:15], [file name :-/home/otrams/public_html/otramsphp7/uat/v3otrams/confirm_booking.php],INSERT INTO external_mapping_data_tracking (booking_id,search_hotel_name,booked_hotel_name_supplier,hotel_id,master_id,city_id,supplier,date) VALUES ('3072','RATEGAINONE','RATEGAINONE','53773','53773','mumbai','LOCAL_SUPPLIER',NOW());
[12/03/2020 06:45:15], [file name :-/home/otrams/public_html/otramsphp7/uat/v3otrams/confirm_booking.php],UPDATE
        bookings
