[12/03/2020 04:09:02], [file name :-/home/otrams/public_html/otramsphp7/uat/v3otrams/agent_login.php],update agents set last_login_date = '2020-12-03 04:09:02',login_attempt=0 where id = '24';
[12/03/2020 04:09:02], [file name :-/home/otrams/public_html/otramsphp7/uat/v3otrams/agent_login.php],INSERT INTO psa_login_log  SET username = 'snehal', user_type = 'A', branch_id = '1', login_datetime = '2020-12-03 04:09:02', ip = '60.254.11.202', action = 'Login' ;
[12/03/2020 04:09:24], [file name :-/home/otrams/public_html/otramsphp7/uat/v3otrams/hotel_search_list.php],INSERT INTO agent_logs SET  agent_id = '24' , sub_agent_id = '' , sub_user_id = '0' , branch_id = '1' , ip = '60.254.11.202' , city = 'mumbai' , service_name = '' , service_type = 'hotel' , arrival_date = '2020/12/03' , departure_date = '2020/12/04' , nationality = '106' , nights = '1' , room_types = '1' , create_date = '2020-12-03 04:09:24' , site_id = '' , country_code = '106' , web_service = '' ;
[12/03/2020 04:09:27], [file name :-/home/otrams/public_html/otramsphp7/uat/v3otrams/call.php],INSERT INTO xmllogs(reservation_id, type, request_path, response_path, header_path, source_type, create_date, header, session_id, agent_logs_id)
VALUE ('', 'AVAILABILITY', '/request_placeholder.xml', '/response_placeholder.xml', '/response_header_placeholder.xml', 'localsystem', '2020-12-03 04:09:27', '', '022444689e1e001d36d47f0cd789d2f59ca775a70c5309964b275efaf16b5f6a', '491');
[12/03/2020 04:09:28], [file name :-/home/otrams/public_html/otramsphp7/uat/v3otrams/call.php],UPDATE xmllogs SET
hotel_count = ''
, request_url = '/call.php?s=localsystem&sessionid=022444689e1e001d36d47f0cd789d2f59ca775a70c5309964b275efaf16b5f6a&xml_user_id=24&request_no=0&local_hotel_code=2&#039;,&#039;97&#039;,&#039;53716&#039;,&#039;53734&#039;,&#039;53735&#039;,&#039;53736&#039;,&#039;53737&#039;,&#039;53738&#039;,&#039;53739&#039;,&#039;53740&#039;,&#039;53741&#039;,&#039;53744&#039;,&#039;53745&#039;,&#039;53746&#039;,&#039;53747&#039;,&#039;53748&#039;,&#039;53749&#039;,&#039;53750&#039;,&#039;53751&#039;,&#039;53757&#039;,&#039;53758&#039;,&#039;53759&#039;,&#039;53766&#039;,&#039;53767&#039;,&#039;53768&web_service=no&site_id='
, http_hit_time = '2020-12-03 04:09:26.989'
, request_start_time = '0.000'
, parsing_start_time = '0.000'
, mapping_complete_time = '0.000'
, mongo_start_time = '0.000'
, search_end_time = '0.000'
, total_duration = '1.210'
, error_description = ''
, memory_used = '7910104'
WHERE id = '3319';
[12/03/2020 04:09:28], [file name :-/home/otrams/public_html/otramsphp7/uat/v3otrams/call.php],INSERT INTO xmllogs(reservation_id, type, request_path, response_path, header_path, source_type, create_date, header, session_id, agent_logs_id)
VALUE ('', 'AVAILABILITY', '/request_placeholder.xml', '/response_placeholder.xml', '/response_header_placeholder.xml', 'localsystem', '2020-12-03 04:09:28', '', '022444689e1e001d36d47f0cd789d2f59ca775a70c5309964b275efaf16b5f6a', '491');
[12/03/2020 04:09:28], [file name :-/home/otrams/public_html/otramsphp7/uat/v3otrams/call.php],UPDATE xmllogs SET
hotel_count = ''
, request_url = '/call.php?s=localsystem&sessionid=022444689e1e001d36d47f0cd789d2f59ca775a70c5309964b275efaf16b5f6a&xml_user_id=24&request_no=1&local_hotel_code=53769&#039;,&#039;53771&#039;,&#039;53773&#039;,&#039;53775&#039;,&#039;53776&#039;,&#039;53742&web_service=no&site_id='
, http_hit_time = '2020-12-03 04:09:26.989'
, request_start_time = '0.000'
, parsing_start_time = '0.000'
, mapping_complete_time = '0.000'
, mongo_start_time = '0.000'
, search_end_time = '0.000'
, total_duration = '1.412'
, error_description = ''
, memory_used = '7908664'
WHERE id = '3320';
[12/03/2020 04:09:28], [file name :-/home/otrams/public_html/otramsphp7/uat/v3otrams/xml_all.php],UPDATE agent_logs SET
  hotel_count = '',
  request_path = '/xml_all.php?userid=24&sessionid=022444689e1e001d36d47f0cd789d2f59ca775a70c5309964b275efaf16b5f6a',
  duration = '2.073',
  merge_duration = '0.080',
  assigned_supplier_count = '1',
  searched_supplier_count = '1',
  system_load_1_min = '0.35',
  system_load_5_min = '0.86',
  system_load_15_min = '1.14',
  system_memory_usage = '87.13',
  memory_usage = (SELECT COALESCE(SUM(memory_used),0) FROM xmllogs WHERE agent_logs_id = '491') + '8042712',
  parallel_search_count = '',
  mongo_archive_collection = '',
  error_description = '',
  is_cached = 'no'
WHERE id = '491';
[12/03/2020 04:11:41], [file name :-/home/otrams/public_html/otramsphp7/uat/v3otrams/extranet-app/controllers/controller.php],INSERT INTO room_rates (room_rate_code,rate_group,hotel_id,supplier_id,date_from,date_to,room_class,room_basis,ip_addr,room_type,view_basis,edit_time_stamp,weekend,rate_profile,entered_by,inventory_class_id,status,weekday_rate,weekend_rate,currency,minstay,availability,time_limit,checkin_block_for,exclude_countries,exclude_residence,stop_sale,time_stamp,created_datetime,create_date,created_by,changed_by,modify_date,modified_datetime,modified_by,consumed_inventory,stay_note) values ('53773@S000000241@2020-12-03@2020-12-03@@1044@1@1@@@0','03-12-2020~03-12-2020','53773','S000000241','2020-12-03','2020-12-03','1044','1','60.254.11.202','0','0','f6cafd84999850709807ce4951223df9','Sa,Su','1','Supplier','132','A','500000.000','500000.000','AED','0','0','0','0','','','0','370338697e9d4642f6e612399464fd52','2020-12-01 10:37:32','2020-12-01','Supplier','Supplier','2020-12-03','2020-12-03 04:11:41','Supplier','0','');
[12/03/2020 04:11:41], [file name :-/home/otrams/public_html/otramsphp7/uat/v3otrams/extranet-app/controllers/controller.php],DELETE  FROM room_rates WHERE id IN ('1933379');
[12/03/2020 04:11:41], [file name :-/home/otrams/public_html/otramsphp7/uat/v3otrams/extranet-app/controllers/controller.php],insert into `user_logs` set  `create_date`= '2020-12-03 04:11:41',`log_type`= 'Rates',`sql_query`= '',`log_description`= 'Inserted Rates For RateGainOne Rate:- 0 Room Category :- Standard - Double, Extrabed - 1 (Bed & Breakfast) Market :- All Market From:- 03-12-2020 To:- 16-12-2020',`ip`= '60.254.11.202',`username`= 'tfg',`user_id`= 'S000000241';
[12/03/2020 04:11:41], [file name :-/home/otrams/public_html/otramsphp7/uat/v3otrams/extranet-app/controllers/controller.php],insert into user_log_link Set `user_logs_id`='4021', `entity`='Hotels', `value`='53773' ;
[12/03/2020 04:11:41], [file name :-/home/otrams/public_html/otramsphp7/uat/v3otrams/extranet-app/controllers/controller.php],insert into user_log_link Set `user_logs_id`='4021', `entity`='Suppliers', `value`='S000000241' ;
[12/03/2020 04:11:41], [file name :-/home/otrams/public_html/otramsphp7/uat/v3otrams/extranet-app/controllers/controller.php],insert into user_log_link Set `user_logs_id`='4021', `entity`='Inventory', `value`='132' ;
[12/03/2020 04:11:41], [file name :-/home/otrams/public_html/otramsphp7/uat/v3otrams/extranet-app/controllers/controller.php],insert into user_log_link Set `user_logs_id`='4021', `entity`='Room', `value`='1044' ;
[12/03/2020 04:11:41], [file name :-/home/otrams/public_html/otramsphp7/uat/v3otrams/extranet-app/controllers/controller.php],insert into user_log_link Set `user_logs_id`='4021', `entity`='Market', `value`='1' ;
[12/03/2020 04:11:41], [file name :-/home/otrams/public_html/otramsphp7/uat/v3otrams/extranet-app/controllers/controller.php],insert into `user_logs` set  `create_date`= '2020-12-03 04:11:41',`log_type`= 'Rates',`sql_query`= '',`log_description`= 'Inserted Rates For RateGainOne Rate:- 0 Room Category :- Standard - Five Club (Bed & Breakfast) Market :- All Market From:- 03-12-2020 To:- 16-12-2020',`ip`= '60.254.11.202',`username`= 'tfg',`user_id`= 'S000000241';
[12/03/2020 04:11:41], [file name :-/home/otrams/public_html/otramsphp7/uat/v3otrams/extranet-app/controllers/controller.php],insert into user_log_link Set `user_logs_id`='4022', `entity`='Hotels', `value`='53773' ;
[12/03/2020 04:11:41], [file name :-/home/otrams/public_html/otramsphp7/uat/v3otrams/extranet-app/controllers/controller.php],insert into user_log_link Set `user_logs_id`='4022', `entity`='Suppliers', `value`='S000000241' ;
[12/03/2020 04:11:41], [file name :-/home/otrams/public_html/otramsphp7/uat/v3otrams/extranet-app/controllers/controller.php],insert into user_log_link Set `user_logs_id`='4022', `entity`='Inventory', `value`='132' ;
[12/03/2020 04:11:41], [file name :-/home/otrams/public_html/otramsphp7/uat/v3otrams/extranet-app/controllers/controller.php],insert into user_log_link Set `user_logs_id`='4022', `entity`='Room', `value`='1064' ;
[12/03/2020 04:11:41], [file name :-/home/otrams/public_html/otramsphp7/uat/v3otrams/extranet-app/controllers/controller.php],insert into user_log_link Set `user_logs_id`='4022', `entity`='Market', `value`='1' ;
[12/03/2020 04:11:41], [file name :-/home/otrams/public_html/otramsphp7/uat/v3otrams/extranet-app/controllers/controller.php],insert into `user_logs` set  `create_date`= '2020-12-03 04:11:41',`log_type`= 'Rates',`sql_query`= '',`log_description`= 'Inserted Rates For RateGainOne Rate:- 0 Room Category :- Standard - Four Club (Bed & Breakfast) Market :- All Market From:- 03-12-2020 To:- 16-12-2020',`ip`= '60.254.11.202',`username`= 'tfg',`user_id`= 'S000000241';
[12/03/2020 04:11:41], [file name :-/home/otrams/public_html/otramsphp7/uat/v3otrams/extranet-app/controllers/controller.php],insert into user_log_link Set `user_logs_id`='4023', `entity`='Hotels', `value`='53773' ;
[12/03/2020 04:11:41], [file name :-/home/otrams/public_html/otramsphp7/uat/v3otrams/extranet-app/controllers/controller.php],insert into user_log_link Set `user_logs_id`='4023', `entity`='Suppliers', `value`='S000000241' ;
[12/03/2020 04:11:41], [file name :-/home/otrams/public_html/otramsphp7/uat/v3otrams/extranet-app/controllers/controller.php],insert into user_log_link Set `user_logs_id`='4023', `entity`='Inventory', `value`='132' ;
[12/03/2020 04:11:41], [file name :-/home/otrams/public_html/otramsphp7/uat/v3otrams/extranet-app/controllers/controller.php],insert into user_log_link Set `user_logs_id`='4023', `entity`='Room', `value`='1063' ;
[12/03/2020 04:11:41], [file name :-/home/otrams/public_html/otramsphp7/uat/v3otrams/extranet-app/controllers/controller.php],insert into user_log_link Set `user_logs_id`='4023', `entity`='Market', `value`='1' ;
[12/03/2020 04:11:41], [file name :-/home/otrams/public_html/otramsphp7/uat/v3otrams/extranet-app/controllers/controller.php],insert into `user_logs` set  `create_date`= '2020-12-03 04:11:41',`log_type`= 'Rates',`sql_query`= '',`log_description`= 'Inserted Rates For RateGainOne Rate:- 0 Room Category :- Standard - One Club (Bed & Breakfast) Market :- All Market From:- 03-12-2020 To:- 16-12-2020',`ip`= '60.254.11.202',`username`= 'tfg',`user_id`= 'S000000241';
[12/03/2020 04:11:41], [file name :-/home/otrams/public_html/otramsphp7/uat/v3otrams/extranet-app/controllers/controller.php],insert into user_log_link Set `user_logs_id`='4024', `entity`='Hotels', `value`='53773' ;
[12/03/2020 04:11:41], [file name :-/home/otrams/public_html/otramsphp7/uat/v3otrams/extranet-app/controllers/controller.php],insert into user_log_link Set `user_logs_id`='4024', `entity`='Suppliers', `value`='S000000241' ;
[12/03/2020 04:11:41], [file name :-/home/otrams/public_html/otramsphp7/uat/v3otrams/extranet-app/controllers/controller.php],insert into user_log_link Set `user_logs_id`='4024', `entity`='Inventory', `value`='132' ;
[12/03/2020 04:11:41], [file name :-/home/otrams/public_html/otramsphp7/uat/v3otrams/extranet-app/controllers/controller.php],insert into user_log_link Set `user_logs_id`='4024', `entity`='Room', `value`='1060' ;
[12/03/2020 04:11:41], [file name :-/home/otrams/public_html/otramsphp7/uat/v3otrams/extranet-app/controllers/controller.php],insert into user_log_link Set `user_logs_id`='4024', `entity`='Market', `value`='1' ;
[12/03/2020 04:11:41], [file name :-/home/otrams/public_html/otramsphp7/uat/v3otrams/extranet-app/controllers/controller.php],insert into `user_logs` set  `create_date`= '2020-12-03 04:11:41',`log_type`= 'Rates',`sql_query`= '',`log_description`= 'Inserted Rates For RateGainOne Rate:- 0 Room Category :- Standard - Quad (Bed & Breakfast) Market :- All Market From:- 03-12-2020 To:- 16-12-2020',`ip`= '60.254.11.202',`username`= 'tfg',`user_id`= 'S000000241';
[12/03/2020 04:11:41], [file name :-/home/otrams/public_html/otramsphp7/uat/v3otrams/extranet-app/controllers/controller.php],insert into user_log_link Set `user_logs_id`='4025', `entity`='Hotels', `value`='53773' ;
[12/03/2020 04:11:41], [file name :-/home/otrams/public_html/otramsphp7/uat/v3otrams/extranet-app/controllers/controller.php],insert into user_log_link Set `user_logs_id`='4025', `entity`='Suppliers', `value`='S000000241' ;
[12/03/2020 04:11:41], [file name :-/home/otrams/public_html/otramsphp7/uat/v3otrams/extranet-app/controllers/controller.php],insert into user_log_link Set `user_logs_id`='4025', `entity`='Inventory', `value`='132' ;
[12/03/2020 04:11:41], [file name :-/home/otrams/public_html/otramsphp7/uat/v3otrams/extranet-app/controllers/controller.php],insert into user_log_link Set `user_logs_id`='4025', `entity`='Room', `value`='1059' ;
[12/03/2020 04:11:41], [file name :-/home/otrams/public_html/otramsphp7/uat/v3otrams/extranet-app/controllers/controller.php],insert into user_log_link Set `user_logs_id`='4025', `entity`='Market', `value`='1' ;
[12/03/2020 04:11:41], [file name :-/home/otrams/public_html/otramsphp7/uat/v3otrams/extranet-app/controllers/controller.php],insert into `user_logs` set  `create_date`= '2020-12-03 04:11:41',`log_type`= 'Rates',`sql_query`= '',`log_description`= 'Inserted Rates For RateGainOne Rate:- 0 Room Category :- Standard - Single, Extrabed - 0 (Bed & Breakfast) Market :- All Market From:- 03-12-2020 To:- 16-12-2020',`ip`= '60.254.11.202',`username`= 'tfg',`user_id`= 'S000000241';
[12/03/2020 04:11:41], [file name :-/home/otrams/public_html/otramsphp7/uat/v3otrams/extranet-app/controllers/controller.php],insert into user_log_link Set `user_logs_id`='4026', `entity`='Hotels', `value`='53773' ;
[12/03/2020 04:11:41], [file name :-/home/otrams/public_html/otramsphp7/uat/v3otrams/extranet-app/controllers/controller.php],insert into user_log_link Set `user_logs_id`='4026', `entity`='Suppliers', `value`='S000000241' ;
[12/03/2020 04:11:41], [file name :-/home/otrams/public_html/otramsphp7/uat/v3otrams/extranet-app/controllers/controller.php],insert into user_log_link Set `user_logs_id`='4026', `entity`='Inventory', `value`='132' ;
[12/03/2020 04:11:41], [file name :-/home/otrams/public_html/otramsphp7/uat/v3otrams/extranet-app/controllers/controller.php],insert into user_log_link Set `user_logs_id`='4026', `entity`='Room', `value`='1039' ;
[12/03/2020 04:11:41], [file name :-/home/otrams/public_html/otramsphp7/uat/v3otrams/extranet-app/controllers/controller.php],insert into user_log_link Set `user_logs_id`='4026', `entity`='Market', `value`='1' ;
[12/03/2020 04:11:41], [file name :-/home/otrams/public_html/otramsphp7/uat/v3otrams/extranet-app/controllers/controller.php],insert into `user_logs` set  `create_date`= '2020-12-03 04:11:41',`log_type`= 'Rates',`sql_query`= '',`log_description`= 'Inserted Rates For RateGainOne Rate:- 0 Room Category :- Standard - Three Club (Bed & Breakfast) Market :- All Market From:- 03-12-2020 To:- 16-12-2020',`ip`= '60.254.11.202',`username`= 'tfg',`user_id`= 'S000000241';
[12/03/2020 04:11:41], [file name :-/home/otrams/public_html/otramsphp7/uat/v3otrams/extranet-app/controllers/controller.php],insert into user_log_link Set `user_logs_id`='4027', `entity`='Hotels', `value`='53773' ;
[12/03/2020 04:11:41], [file name :-/home/otrams/public_html/otramsphp7/uat/v3otrams/extranet-app/controllers/controller.php],insert into user_log_link Set `user_logs_id`='4027', `entity`='Suppliers', `value`='S000000241' ;
[12/03/2020 04:11:41], [file name :-/home/otrams/public_html/otramsphp7/uat/v3otrams/extranet-app/controllers/controller.php],insert into user_log_link Set `user_logs_id`='4027', `entity`='Inventory', `value`='132' ;
[12/03/2020 04:11:41], [file name :-/home/otrams/public_html/otramsphp7/uat/v3otrams/extranet-app/controllers/controller.php],insert into user_log_link Set `user_logs_id`='4027', `entity`='Room', `value`='1062' ;
[12/03/2020 04:11:41], [file name :-/home/otrams/public_html/otramsphp7/uat/v3otrams/extranet-app/controllers/controller.php],insert into user_log_link Set `user_logs_id`='4027', `entity`='Market', `value`='1' ;
[12/03/2020 04:11:41], [file name :-/home/otrams/public_html/otramsphp7/uat/v3otrams/extranet-app/controllers/controller.php],insert into `user_logs` set  `create_date`= '2020-12-03 04:11:41',`log_type`= 'Rates',`sql_query`= '',`log_description`= 'Inserted Rates For RateGainOne Rate:- 0 Room Category :- Standard - Triple (Bed & Breakfast) Market :- All Market From:- 03-12-2020 To:- 16-12-2020',`ip`= '60.254.11.202',`username`= 'tfg',`user_id`= 'S000000241';
[12/03/2020 04:11:41], [file name :-/home/otrams/public_html/otramsphp7/uat/v3otrams/extranet-app/controllers/controller.php],insert into user_log_link Set `user_logs_id`='4028', `entity`='Hotels', `value`='53773' ;
[12/03/2020 04:11:41], [file name :-/home/otrams/public_html/otramsphp7/uat/v3otrams/extranet-app/controllers/controller.php],insert into user_log_link Set `user_logs_id`='4028', `entity`='Suppliers', `value`='S000000241' ;
[12/03/2020 04:11:41], [file name :-/home/otrams/public_html/otramsphp7/uat/v3otrams/extranet-app/controllers/controller.php],insert into user_log_link Set `user_logs_id`='4028', `entity`='Inventory', `value`='132' ;
[12/03/2020 04:11:41], [file name :-/home/otrams/public_html/otramsphp7/uat/v3otrams/extranet-app/controllers/controller.php],insert into user_log_link Set `user_logs_id`='4028', `entity`='Room', `value`='1058' ;
[12/03/2020 04:11:41], [file name :-/home/otrams/public_html/otramsphp7/uat/v3otrams/extranet-app/controllers/controller.php],insert into user_log_link Set `user_logs_id`='4028', `entity`='Market', `value`='1' ;
[12/03/2020 04:11:42], [file name :-/home/otrams/public_html/otramsphp7/uat/v3otrams/extranet-app/controllers/controller.php],insert into `user_logs` set  `create_date`= '2020-12-03 04:11:42',`log_type`= 'Rates',`sql_query`= '',`log_description`= 'Inserted Rates For RateGainOne Rate:- 0 Room Category :- Standard - Two Club, Extrabed - 0 (Bed & Breakfast) Market :- All Market From:- 03-12-2020 To:- 16-12-2020',`ip`= '60.254.11.202',`username`= 'tfg',`user_id`= 'S000000241';
[12/03/2020 04:11:42], [file name :-/home/otrams/public_html/otramsphp7/uat/v3otrams/extranet-app/controllers/controller.php],insert into user_log_link Set `user_logs_id`='4029', `entity`='Hotels', `value`='53773' ;
[12/03/2020 04:11:42], [file name :-/home/otrams/public_html/otramsphp7/uat/v3otrams/extranet-app/controllers/controller.php],insert into user_log_link Set `user_logs_id`='4029', `entity`='Suppliers', `value`='S000000241' ;
[12/03/2020 04:11:42], [file name :-/home/otrams/public_html/otramsphp7/uat/v3otrams/extranet-app/controllers/controller.php],insert into user_log_link Set `user_logs_id`='4029', `entity`='Inventory', `value`='132' ;
[12/03/2020 04:11:42], [file name :-/home/otrams/public_html/otramsphp7/uat/v3otrams/extranet-app/controllers/controller.php],insert into user_log_link Set `user_logs_id`='4029', `entity`='Room', `value`='1061' ;
[12/03/2020 04:11:42], [file name :-/home/otrams/public_html/otramsphp7/uat/v3otrams/extranet-app/controllers/controller.php],insert into user_log_link Set `user_logs_id`='4029', `entity`='Market', `value`='1' ;
[12/03/2020 04:11:42], [file name :-/home/otrams/public_html/otramsphp7/uat/v3otrams/extranet-app/controllers/controller.php],INSERT INTO room_rates (room_rate_code,rate_group,hotel_id,supplier_id,date_from,date_to,room_class,room_basis,ip_addr,room_type,view_basis,edit_time_stamp,weekend,rate_profile,entered_by,inventory_class_id,status,weekday_rate,weekend_rate,currency,minstay,availability,time_limit,checkin_block_for,exclude_countries,exclude_residence,stop_sale,time_stamp,created_datetime,create_date,created_by,changed_by,modify_date,modified_datetime,modified_by,consumed_inventory,stay_note) values ('53773@S000000241@2020-12-04@2020-12-04@@1044@1@1@@@0','04-12-2020~04-12-2020','53773','S000000241','2020-12-04','2020-12-04','1044','1','60.254.11.202','0','0','e8cb29fe011fe0ff178a046a44f92217','Sa,Su','1','Supplier','132','A','200.000','200.000','AED','0','0','0','0','','','3','53389b7c90ff8d68749fc6a6c70b5ba2','2020-12-01 10:37:32','2020-12-01','Supplier','Supplier','2020-12-03','2020-12-03 04:11:41','Supplier','0',''),('53773@S000000241@2020-12-05@2020-12-05@@1044@1@1@@@0','05-12-2020~05-12-2020','53773','S000000241','2020-12-05','2020-12-05','1044','1','60.254.11.202','0','0','300d094fef12c7298e70bf5a1a3a1781','Sa,Su','1','Supplier','132','A','200.000','200.000','AED','0','0','0','0','','','3','7cf9214bd80bf0a510047282214de4ff','2020-12-01 10:37:32','2020-12-01','Supplier','Supplier','2020-12-03','2020-12-03 04:11:41','Supplier','0',''),('53773@S000000241@2020-12-06@2020-12-06@@1044@1@1@@@0','06-12-2020~06-12-2020','53773','S000000241','2020-12-06','2020-12-06','1044','1','60.254.11.202','0','0','225f915ee775d9141a92a838c12ebc35','Sa,Su','1','Supplier','132','A','200.000','200.000','AED','0','0','0','0','','','3','d95ecc84d2ed7c2c0f812d655860c831','2020-12-01 10:37:32','2020-12-01','Supplier','Supplier','2020-12-03','2020-12-03 04:11:41','Supplier','0',''),('53773@S000000241@2020-12-07@2020-12-07@@1044@1@1@@@0','07-12-2020~07-12-2020','53773','S000000241','2020-12-07','2020-12-07','1044','1','60.254.11.202','0','0','01c001139a5a6fe1cc944ce0b18e5a82','Sa,Su','1','Supplier','132','A','500000.000','500000.000','AED','0','0','0','0','','','0','d1bb243b5c127a813e9d7f9cedcb714e','2020-12-01 10:37:32','2020-12-01','Supplier','Supplier','2020-12-03','2020-12-03 04:11:41','Supplier','0',''),('53773@S000000241@2020-12-08@2020-12-08@@1044@1@1@@@0','08-12-2020~08-12-2020','53773','S000000241','2020-12-08','2020-12-08','1044','1','60.254.11.202','0','0','a7d2d7523e25aa14f2376aa69efa78c4','Sa,Su','1','Supplier','132','A','200.000','200.000','AED','0','0','0','0','','','3','617692b35b4ef4e92192b51f739b42b0','2020-12-01 10:37:32','2020-12-01','Supplier','Supplier','2020-12-03','2020-12-03 04:11:41','Supplier','0',''),('53773@S000000241@2020-12-09@2020-12-09@@1044@1@1@@@0','09-12-2020~09-12-2020','53773','S000000241','2020-12-09','2020-12-09','1044','1','60.254.11.202','0','0','3ad2f05b4b76d370a2e366ebfac1bf7c','Sa,Su','1','Supplier','132','A','500000.000','500000.000','AED','0','5','0','0','','','0','567bf76acc7c415b1a3df0950fb16580','2020-12-01 10:37:32','2020-12-01','Supplier','Supplier','2020-12-03','2020-12-03 04:11:41','Supplier','0',''),('53773@S000000241@2020-12-10@2020-12-10@@1044@1@1@@@0','10-12-2020~10-12-2020','53773','S000000241','2020-12-10','2020-12-10','1044','1','60.254.11.202','0','0','9d8a5cb894f970b66322c6d5889a81c4','Sa,Su','1','Supplier','132','A','200.000','200.000','AED','0','5','0','0','','','3','5d7c415d10c72bd5135e2c922eb9fd5c','2020-12-01 10:37:32','2020-12-01','Supplier','Supplier','2020-12-03','2020-12-03 04:11:41','Supplier','0',''),('53773@S000000241@2020-12-11@2020-12-11@@1044@1@1@@@0','11-12-2020~11-12-2020','53773','S000000241','2020-12-11','2020-12-11','1044','1','60.254.11.202','0','0','b9ed5b5ea5785b39c109e3d6cf34998c','Sa,Su','1','Supplier','132','A','500000.000','500000.000','AED','0','5','0','0','','','0','6fdda2c9609ce4d85e1e152a444d9fd5','2020-12-01 10:37:32','2020-12-01','Supplier','Supplier','2020-12-03','2020-12-03 04:11:41','Supplier','0',''),('53773@S000000241@2020-12-12@2020-12-12@@1044@1@1@@@0','12-12-2020~12-12-2020','53773','S000000241','2020-12-12','2020-12-12','1044','1','60.254.11.202','0','0','ffd80ae6a4b47ee1f3aebe8eea88c969','Sa,Su','1','Supplier','132','A','200.000','200.000','AED','0','5','0','0','','','3','6287f38c285a2f3fbb44367e1605f6bf','2020-12-01 10:37:32','2020-12-01','Supplier','Supplier','2020-12-03','2020-12-03 04:11:41','Supplier','0',''),('53773@S000000241@2020-12-13@2020-12-13@@1044@1@1@@@0','13-12-2020~13-12-2020','53773','S000000241','2020-12-13','2020-12-13','1044','1','60.254.11.202','0','0','465f09b7ffa3300641e1b0c87bf7df7b','Sa,Su','1','Supplier','132','A','200.000','200.000','AED','0','5','0','0','','','3','a1a111f9fea64de5147f0fda899f37e1','2020-12-01 10:37:32','2020-12-01','Supplier','Supplier','2020-12-03','2020-12-03 04:11:41','Supplier','0',''),('53773@S000000241@2020-12-14@2020-12-14@@1044@1@1@@@0','14-12-2020~14-12-2020','53773','S000000241','2020-12-14','2020-12-14','1044','1','60.254.11.202','0','0','d994a8dadf853b576661bc73c3f46166','Sa,Su','1','Supplier','132','A','200.000','200.000','AED','0','5','0','0','','','3','c08d17414a0b2b654a9d005ce06457e2','2020-12-01 10:37:32','2020-12-01','Supplier','Supplier','2020-12-03','2020-12-03 04:11:41','Supplier','0',''),('53773@S000000241@2020-12-15@2020-12-15@@1044@1@1@@@0','15-12-2020~15-12-2020','53773','S000000241','2020-12-15','2020-12-15','1044','1','60.254.11.202','0','0','7c4ace055cfd6de4b47322698754ccae','Sa,Su','1','Supplier','132','A','500000.000','500000.000','AED','0','5','0','0','','','0','be1c7a360ca97b32f5831a61279857db','2020-12-01 10:37:32','2020-12-01','Supplier','Supplier','2020-12-03','2020-12-03 04:11:41','Supplier','0',''),('53773@S000000241@2020-12-16@2020-12-16@@1044@1@1@@@0','16-12-2020~16-12-2020','53773','S000000241','2020-12-16','2020-12-16','1044','1','60.254.11.202','0','0','a1e451e2c9c703b8e2194d60f907e6be','Sa,Su','1','Supplier','132','A','200.000','200.000','AED','0','5','0','0','','','3','14c105e2c70855a6441989fb110d57a4','2020-12-01 10:37:32','2020-12-01','Supplier','Supplier','2020-12-03','2020-12-03 04:11:41','Supplier','0',''),('53773@S000000241@2020-12-03@2020-12-03@@1064@1@1@@@0','03-12-2020~03-12-2020','53773','S000000241','2020-12-03','2020-12-03','1064','1','60.254.11.202','0','0','de13c0c3ee7292071a691a0f781002eb','Sa,Su','1','Supplier','132','A','500000.000','500000.000','AED','0','0','0','0','','','0','23dea3254776807b5104eaebfed10b9a','2020-12-02 06:54:29','2020-12-02','Supplier','Supplier','2020-12-03','2020-12-03 04:11:41','Supplier','0',''),('53773@S000000241@2020-12-04@2020-12-04@@1064@1@1@@@0','04-12-2020~04-12-2020','53773','S000000241','2020-12-04','2020-12-04','1064','1','60.254.11.202','0','0','cbbe08a3f3b0ef1f1f8c57d137830998','Sa,Su','1','Supplier','132','A','200.000','200.000','AED','0','0','0','0','','','3','64a873cfd8bcafb67dec1efbde5f89a6','2020-12-02 06:54:29','2020-12-02','Supplier','Supplier','2020-12-03','2020-12-03 04:11:41','Supplier','0',''),('53773@S000000241@2020-12-05@2020-12-05@@1064@1@1@@@0','05-12-2020~05-12-2020','53773','S000000241','2020-12-05','2020-12-05','1064','1','60.254.11.202','0','0','aeb8bfc500dde88efc27ef7b4d6d6203','Sa,Su','1','Supplier','132','A','200.000','200.000','AED','0','0','0','0','','','3','b4393411446107acd4f9632e028ba11e','2020-12-02 06:54:29','2020-12-02','Supplier','Supplier','2020-12-03','2020-12-03 04:11:41','Supplier','0',''),('53773@S000000241@2020-12-06@2020-12-06@@1064@1@1@@@0','06-12-2020~06-12-2020','53773','S000000241','2020-12-06','2020-12-06','1064','1','60.254.11.202','0','0','74f479487fa2c1e0e06208b526f73361','Sa,Su','1','Supplier','132','A','200.000','200.000','AED','0','0','0','0','','','3','77109d93586a94d82c3809c9969eb84c','2020-12-02 06:54:29','2020-12-02','Supplier','Supplier','2020-12-03','2020-12-03 04:11:41','Supplier','0',''),('53773@S000000241@2020-12-07@2020-12-07@@1064@1@1@@@0','07-12-2020~07-12-2020','53773','S000000241','2020-12-07','2020-12-07','1064','1','60.254.11.202','0','0','f48d322aa3e00f1dffcbdb2771537a0c','Sa,Su','1','Supplier','132','A','500000.000','500000.000','AED','0','0','0','0','','','0','eb11f2bd91bf1fb0945e8ae4c9dfcb13','2020-12-02 06:54:29','2020-12-02','Supplier','Supplier','2020-12-03','2020-12-03 04:11:41','Supplier','0',''),('53773@S000000241@2020-12-08@2020-12-08@@1064@1@1@@@0','08-12-2020~08-12-2020','53773','S000000241','2020-12-08','2020-12-08','1064','1','60.254.11.202','0','0','fa45122b6ae96a9e6a1a98f54c080346','Sa,Su','1','Supplier','132','A','200.000','200.000','AED','0','0','0','0','','','3','3f8f2858b72d68070720822a5053cfd5','2020-12-02 06:54:29','2020-12-02','Supplier','Supplier','2020-12-03','2020-12-03 04:11:41','Supplier','0',''),('53773@S000000241@2020-12-09@2020-12-09@@1064@1@1@@@0','09-12-2020~09-12-2020','53773','S000000241','2020-12-09','2020-12-09','1064','1','60.254.11.202','0','0','5ad4ac78033952df95f7fc73d3ff05fc','Sa,Su','1','Supplier','132','A','100.000','100.000','AED','0','5','0','0','','','0','180cd7f4d0c67fb54830750534112b16','2020-12-02 06:54:29','2020-12-02','Supplier','Supplier','2020-12-03','2020-12-03 04:11:41','Supplier','0',''),('53773@S000000241@2020-12-10@2020-12-10@@1064@1@1@@@0','10-12-2020~10-12-2020','53773','S000000241','2020-12-10','2020-12-10','1064','1','60.254.11.202','0','0','1a658737c67c7435d313c772270c93d0','Sa,Su','1','Supplier','132','A','200.000','200.000','AED','0','5','0','0','','','3','2018e1d2c82eeee2667fd056eea86f31','2020-12-02 06:54:29','2020-12-02','Supplier','Supplier','2020-12-03','2020-12-03 04:11:41','Supplier','0',''),('53773@S000000241@2020-12-11@2020-12-11@@1064@1@1@@@0','11-12-2020~11-12-2020','53773','S000000241','2020-12-11','2020-12-11','1064','1','60.254.11.202','0','0','4a3998864615e5d9401e0d49363d5f7a','Sa,Su','1','Supplier','132','A','100.000','100.000','AED','0','5','0','0','','','0','f21eb4bd25ec94c4c0b8aad589947865','2020-12-02 06:54:29','2020-12-02','Supplier','Supplier','2020-12-03','2020-12-03 04:11:41','Supplier','0',''),('53773@S000000241@2020-12-12@2020-12-12@@1064@1@1@@@0','12-12-2020~12-12-2020','53773','S000000241','2020-12-12','2020-12-12','1064','1','60.254.11.202','0','0','2ef63cd11ead7c0a2b33ce3ca9065424','Sa,Su','1','Supplier','132','A','200.000','200.000','AED','0','5','0','0','','','3','979687246b7dbb7da777cb8f075d69be','2020-12-02 06:54:29','2020-12-02','Supplier','Supplier','2020-12-03','2020-12-03 04:11:41','Supplier','0',''),('53773@S000000241@2020-12-13@2020-12-13@@1064@1@1@@@0','13-12-2020~13-12-2020','53773','S000000241','2020-12-13','2020-12-13','1064','1','60.254.11.202','0','0','def9877374a57049b91595f7b58c05ea','Sa,Su','1','Supplier','132','A','200.000','200.000','AED','0','5','0','0','','','3','30362523345efb8ff3f4d6dbc87946ee','2020-12-02 06:54:29','2020-12-02','Supplier','Supplier','2020-12-03','2020-12-03 04:11:41','Supplier','0',''),('53773@S000000241@2020-12-14@2020-12-14@@1064@1@1@@@0','14-12-2020~14-12-2020','53773','S000000241','2020-12-14','2020-12-14','1064','1','60.254.11.202','0','0','e53198cab8340f90c38ab984b949679d','Sa,Su','1','Supplier','132','A','200.000','200.000','AED','0','5','0','0','','','3','5109c2ebfcc577c9f75bf8fc3ec73c21','2020-12-02 06:54:29','2020-12-02','Supplier','Supplier','2020-12-03','2020-12-03 04:11:41','Supplier','0',''),('53773@S000000241@2020-12-15@2020-12-15@@1064@1@1@@@0','15-12-2020~15-12-2020','53773','S000000241','2020-12-15','2020-12-15','1064','1','60.254.11.202','0','0','11891fcefba1e68c9f4bfbed0e54a603','Sa,Su','1','Supplier','132','A','100.000','100.000','AED','0','5','0','0','','','0','d57ff876e83c4319c52d8840ff00452f','2020-12-02 06:54:29','2020-12-02','Supplier','Supplier','2020-12-03','2020-12-03 04:11:41','Supplier','0',''),('53773@S000000241@2020-12-16@2020-12-16@@1064@1@1@@@0','16-12-2020~16-12-2020','53773','S000000241','2020-12-16','2020-12-16','1064','1','60.254.11.202','0','0','59ca20eb680a99ad96efcf58349b3785','Sa,Su','1','Supplier','132','A','200.000','200.000','AED','0','5','0','0','','','3','fae4767201fef4406a91214b888f5b78','2020-12-02 06:54:29','2020-12-02','Supplier','Supplier','2020-12-03','2020-12-03 04:11:41','Supplier','0',''),('53773@S000000241@2020-12-03@2020-12-03@@1063@1@1@@@0','03-12-2020~03-12-2020','53773','S000000241','2020-12-03','2020-12-03','1063','1','60.254.11.202','0','0','1b0f307ea80518b90e1acf9969baa667','Sa,Su','1','Supplier','132','A','500000.000','500000.000','AED','0','0','0','0','','','0','d2fcbd500e5bb1eb5206f0977201b353','2020-12-02 06:54:29','2020-12-02','Supplier','Supplier','2020-12-03','2020-12-03 04:11:41','Supplier','0',''),('53773@S000000241@2020-12-04@2020-12-04@@1063@1@1@@@0','04-12-2020~04-12-2020','53773','S000000241','2020-12-04','2020-12-04','1063','1','60.254.11.202','0','0','63df48ecd51047c709a56d15105663f4','Sa,Su','1','Supplier','132','A','200.000','200.000','AED','0','0','0','0','','','3','d9a458629390ce5006679c1a55707bb4','2020-12-02 06:54:29','2020-12-02','Supplier','Supplier','2020-12-03','2020-12-03 04:11:41','Supplier','0',''),('53773@S000000241@2020-12-05@2020-12-05@@1063@1@1@@@0','05-12-2020~05-12-2020','53773','S000000241','2020-12-05','2020-12-05','1063','1','60.254.11.202','0','0','dd719ef3bb1442920ebcc224c4aa9e40','Sa,Su','1','Supplier','132','A','200.000','200.000','AED','0','0','0','0','','','3','2ff9d83b9c9127a1ba3088bc1e207cd7','2020-12-02 06:54:29','2020-12-02','Supplier','Supplier','2020-12-03','2020-12-03 04:11:41','Supplier','0',''),('53773@S000000241@2020-12-06@2020-12-06@@1063@1@1@@@0','06-12-2020~06-12-2020','53773','S000000241','2020-12-06','2020-12-06','1063','1','60.254.11.202','0','0','8b26370f53fc2e2a331f5c98841ebfff','Sa,Su','1','Supplier','132','A','200.000','200.000','AED','0','0','0','0','','','3','1aa6c897225662061f82e4f41c278081','2020-12-02 06:54:29','2020-12-02','Supplier','Supplier','2020-12-03','2020-12-03 04:11:41','Supplier','0',''),('53773@S000000241@2020-12-07@2020-12-07@@1063@1@1@@@0','07-12-2020~07-12-2020','53773','S000000241','2020-12-07','2020-12-07','1063','1','60.254.11.202','0','0','900eb0365794f41e637fed4396b270a6','Sa,Su','1','Supplier','132','A','500000.000','500000.000','AED','0','0','0','0','','','0','c92247d3d124577bd15d6ce39471a358','2020-12-02 06:54:29','2020-12-02','Supplier','Supplier','2020-12-03','2020-12-03 04:11:41','Supplier','0',''),('53773@S000000241@2020-12-08@2020-12-08@@1063@1@1@@@0','08-12-2020~08-12-2020','53773','S000000241','2020-12-08','2020-12-08','1063','1','60.254.11.202','0','0','62dfdf4aa2f483b992694fb14f5eaf6d','Sa,Su','1','Supplier','132','A','200.000','200.000','AED','0','0','0','0','','','3','8f9ac1452014116d663f8fb6303c26ea','2020-12-02 06:54:29','2020-12-02','Supplier','Supplier','2020-12-03','2020-12-03 04:11:41','Supplier','0',''),('53773@S000000241@2020-12-09@2020-12-09@@1063@1@1@@@0','09-12-2020~09-12-2020','53773','S000000241','2020-12-09','2020-12-09','1063','1','60.254.11.202','0','0','5122b76b35993881e1b7fb265e65d3e9','Sa,Su','1','Supplier','132','A','110.000','110.000','AED','0','5','0','0','','','0','8118f1de9e05600d43671756ac579569','2020-12-02 06:54:29','2020-12-02','Supplier','Supplier','2020-12-03','2020-12-03 04:11:41','Supplier','0',''),('53773@S000000241@2020-12-10@2020-12-10@@1063@1@1@@@0','10-12-2020~10-12-2020','53773','S000000241','2020-12-10','2020-12-10','1063','1','60.254.11.202','0','0','53bf3a19434ffe72e65ff3f935513554','Sa,Su','1','Supplier','132','A','200.000','200.000','AED','0','5','0','0','','','3','1bb345848185e81dd950f331f9a96c51','2020-12-02 06:54:29','2020-12-02','Supplier','Supplier','2020-12-03','2020-12-03 04:11:41','Supplier','0',''),('53773@S000000241@2020-12-11@2020-12-11@@1063@1@1@@@0','11-12-2020~11-12-2020','53773','S000000241','2020-12-11','2020-12-11','1063','1','60.254.11.202','0','0','ddb6ca3356c50278e2e709c394ee792d','Sa,Su','1','Supplier','132','A','110.000','110.000','AED','0','5','0','0','','','0','0f63c994df770125832204f6020db63a','2020-12-02 06:54:29','2020-12-02','Supplier','Supplier','2020-12-03','2020-12-03 04:11:41','Supplier','0',''),('53773@S000000241@2020-12-12@2020-12-12@@1063@1@1@@@0','12-12-2020~12-12-2020','53773','S000000241','2020-12-12','2020-12-12','1063','1','60.254.11.202','0','0','0b967f7e9ba70b8c5c5e167ac48e3b96','Sa,Su','1','Supplier','132','A','200.000','200.000','AED','0','5','0','0','','','3','bdf5d5d724a68115e328dd10a2884047','2020-12-02 06:54:29','2020-12-02','Supplier','Supplier','2020-12-03','2020-12-03 04:11:41','Supplier','0',''),('53773@S000000241@2020-12-13@2020-12-13@@1063@1@1@@@0','13-12-2020~13-12-2020','53773','S000000241','2020-12-13','2020-12-13','1063','1','60.254.11.202','0','0','aeace34e6fc1bdd1d982302fee771832','Sa,Su','1','Supplier','132','A','200.000','200.000','AED','0','5','0','0','','','3','a154246fb48383f098dc74d1dc6483e4','2020-12-02 06:54:29','2020-12-02','Supplier','Supplier','2020-12-03','2020-12-03 04:11:41','Supplier','0',''),('53773@S000000241@2020-12-14@2020-12-14@@1063@1@1@@@0','14-12-2020~14-12-2020','53773','S000000241','2020-12-14','2020-12-14','1063','1','60.254.11.202','0','0','aefca914dfb63d5b5292a2861254b661','Sa,Su','1','Supplier','132','A','200.000','200.000','AED','0','5','0','0','','','3','1eb7d9c4e4c6d3ad5069ac9c2ef1b9cb','2020-12-02 06:54:29','2020-12-02','Supplier','Supplier','2020-12-03','2020-12-03 04:11:41','Supplier','0',''),('53773@S000000241@2020-12-15@2020-12-15@@1063@1@1@@@0','15-12-2020~15-12-2020','53773','S000000241','2020-12-15','2020-12-15','1063','1','60.254.11.202','0','0','006c1ac411901ef1c66868a313be6093','Sa,Su','1','Supplier','132','A','110.000','110.000','AED','0','5','0','0','','','0','ef045dc02f1f1707bbbc6fb902f28313','2020-12-02 06:54:29','2020-12-02','Supplier','Supplier','2020-12-03','2020-12-03 04:11:41','Supplier','0',''),('53773@S000000241@2020-12-16@2020-12-16@@1063@1@1@@@0','16-12-2020~16-12-2020','53773','S000000241','2020-12-16','2020-12-16','1063','1','60.254.11.202','0','0','f0b23806583829d56a5216aa860ec545','Sa,Su','1','Supplier','132','A','200.000','200.000','AED','0','5','0','0','','','3','e95e214554c17a8f730bd2bd24984f45','2020-12-02 06:54:29','2020-12-02','Supplier','Supplier','2020-12-03','2020-12-03 04:11:41','Supplier','0',''),('53773@S000000241@2020-12-03@2020-12-03@@1060@1@1@@@0','03-12-2020~03-12-2020','53773','S000000241','2020-12-03','2020-12-03','1060','1','60.254.11.202','0','0','bb1a444136cdb49f65d4826758bbd9f0','Sa,Su','1','Supplier','132','A','500000.000','500000.000','AED','0','0','0','0','','','0','a5f646cb8049996d6229666640250613','2020-12-01 10:37:32','2020-12-01','Supplier','Supplier','2020-12-03','2020-12-03 04:11:41','Supplier','0',''),('53773@S000000241@2020-12-04@2020-12-04@@1060@1@1@@@0','04-12-2020~04-12-2020','53773','S000000241','2020-12-04','2020-12-04','1060','1','60.254.11.202','0','0','7f3d5b59dfaf9f88e7aa2b1e5e31175c','Sa,Su','1','Supplier','132','A','200.000','200.000','AED','0','0','0','0','','','3','d54785017e4a6f83bd7f21e375fa2881','2020-12-01 10:37:32','2020-12-01','Supplier','Supplier','2020-12-03','2020-12-03 04:11:41','Supplier','0',''),('53773@S000000241@2020-12-05@2020-12-05@@1060@1@1@@@0','05-12-2020~05-12-2020','53773','S000000241','2020-12-05','2020-12-05','1060','1','60.254.11.202','0','0','4c7c5d69fdd14f521725df43b65b6b00','Sa,Su','1','Supplier','132','A','200.000','200.000','AED','0','0','0','0','','','3','cb97daa4db93199711603adee520e9ac','2020-12-01 10:37:32','2020-12-01','Supplier','Supplier','2020-12-03','2020-12-03 04:11:41','Supplier','0',''),('53773@S000000241@2020-12-06@2020-12-06@@1060@1@1@@@0','06-12-2020~06-12-2020','53773','S000000241','2020-12-06','2020-12-06','1060','1','60.254.11.202','0','0','83de338a411391a4ec204cada6eebcf9','Sa,Su','1','Supplier','132','A','200.000','200.000','AED','0','0','0','0','','','3','990fab8391d1347dceaf3d792d2ab01c','2020-12-01 10:37:32','2020-12-01','Supplier','Supplier','2020-12-03','2020-12-03 04:11:41','Supplier','0',''),('53773@S000000241@2020-12-07@2020-12-07@@1060@1@1@@@0','07-12-2020~07-12-2020','53773','S000000241','2020-12-07','2020-12-07','1060','1','60.254.11.202','0','0','0c8388a15542a9a50c96b735aa317699','Sa,Su','1','Supplier','132','A','500000.000','500000.000','AED','0','0','0','0','','','0','678edb6e7aec9f6f252f1ef7c5c6ad48','2020-12-01 10:37:32','2020-12-01','Supplier','Supplier','2020-12-03','2020-12-03 04:11:41','Supplier','0',''),('53773@S000000241@2020-12-08@2020-12-08@@1060@1@1@@@0','08-12-2020~08-12-2020','53773','S000000241','2020-12-08','2020-12-08','1060','1','60.254.11.202','0','0','a26be525d6111eceb24c62c70ca6ad80','Sa,Su','1','Supplier','132','A','200.000','200.000','AED','0','0','0','0','','','3','19c80ae0c13353ddf92b0279c811aa01','2020-12-01 10:37:32','2020-12-01','Supplier','Supplier','2020-12-03','2020-12-03 04:11:41','Supplier','0',''),('53773@S000000241@2020-12-09@2020-12-09@@1060@1@1@@@0','09-12-2020~09-12-2020','53773','S000000241','2020-12-09','2020-12-09','1060','1','60.254.11.202','0','0','f6f0c8907f20f1acba2019c5ab042f90','Sa,Su','1','Supplier','132','A','60.000','60.000','AED','0','5','0','0','','','0','1d2dba664d27a584b29a04ed6310d529','2020-12-01 10:37:32','2020-12-01','Supplier','Supplier','2020-12-03','2020-12-03 04:11:41','Supplier','0',''),('53773@S000000241@2020-12-10@2020-12-10@@1060@1@1@@@0','10-12-2020~10-12-2020','53773','S000000241','2020-12-10','2020-12-10','1060','1','60.254.11.202','0','0','8d7dccd587f2d62bf217b391e692aaeb','Sa,Su','1','Supplier','132','A','200.000','200.000','AED','0','5','0','0','','','3','a1be8123c7e221f51b50c0aae627a3a3','2020-12-01 10:37:32','2020-12-01','Supplier','Supplier','2020-12-03','2020-12-03 04:11:41','Supplier','0',''),('53773@S000000241@2020-12-11@2020-12-11@@1060@1@1@@@0','11-12-2020~11-12-2020','53773','S000000241','2020-12-11','2020-12-11','1060','1','60.254.11.202','0','0','4f82d6d134f00efbd50054143c9f8170','Sa,Su','1','Supplier','132','A','60.000','60.000','AED','0','5','0','0','','','0','6f544e03b32933ee08467b597aa091d9','2020-12-01 10:37:32','2020-12-01','Supplier','Supplier','2020-12-03','2020-12-03 04:11:41','Supplier','0',''),('53773@S000000241@2020-12-12@2020-12-12@@1060@1@1@@@0','12-12-2020~12-12-2020','53773','S000000241','2020-12-12','2020-12-12','1060','1','60.254.11.202','0','0','77ada19b4baa7c66936d4bc28db79149','Sa,Su','1','Supplier','132','A','200.000','200.000','AED','0','5','0','0','','','3','b44600e5e2c9030148e35d7f146dfc73','2020-12-01 10:37:32','2020-12-01','Supplier','Supplier','2020-12-03','2020-12-03 04:11:41','Supplier','0',''),('53773@S000000241@2020-12-13@2020-12-13@@1060@1@1@@@0','13-12-2020~13-12-2020','53773','S000000241','2020-12-13','2020-12-13','1060','1','60.254.11.202','0','0','e842fe46efd656ccd3e5e9b3b27d084e','Sa,Su','1','Supplier','132','A','200.000','200.000','AED','0','5','0','0','','','3','c238d74b408592b7f4501f41167b1c79','2020-12-01 10:37:32','2020-12-01','Supplier','Supplier','2020-12-03','2020-12-03 04:11:41','Supplier','0',''),('53773@S000000241@2020-12-14@2020-12-14@@1060@1@1@@@0','14-12-2020~14-12-2020','53773','S000000241','2020-12-14','2020-12-14','1060','1','60.254.11.202','0','0','93fc8b203c29cc01d8128d362cf78e2c','Sa,Su','1','Supplier','132','A','200.000','200.000','AED','0','5','0','0','','','3','c3f7a3203e088336509fd1e24167ef82','2020-12-01 10:37:32','2020-12-01','Supplier','Supplier','2020-12-03','2020-12-03 04:11:41','Supplier','0',''),('53773@S000000241@2020-12-15@2020-12-15@@1060@1@1@@@0','15-12-2020~15-12-2020','53773','S000000241','2020-12-15','2020-12-15','1060','1','60.254.11.202','0','0','cfef702faa45ddc9b4531a3b7ddfce8d','Sa,Su','1','Supplier','132','A','60.000','60.000','AED','0','5','0','0','','','0','3271ea9c163baa0c44fa78018bee3473','2020-12-01 10:37:32','2020-12-01','Supplier','Supplier','2020-12-03','2020-12-03 04:11:41','Supplier','0',''),('53773@S000000241@2020-12-16@2020-12-16@@1060@1@1@@@0','16-12-2020~16-12-2020','53773','S000000241','2020-12-16','2020-12-16','1060','1','60.254.11.202','0','0','ac02e75317b1369ff8127d7551c8cb1b','Sa,Su','1','Supplier','132','A','200.000','200.000','AED','0','5','0','0','','','3','cdf93596d312dab43ebc870e73026365','2020-12-01 10:37:32','2020-12-01','Supplier','Supplier','2020-12-03','2020-12-03 04:11:41','Supplier','0',''),('53773@S000000241@2020-12-03@2020-12-03@@1059@1@1@@@0','03-12-2020~03-12-2020','53773','S000000241','2020-12-03','2020-12-03','1059','1','60.254.11.202','0','0','7bf8deb5279cce94ee92cd98215fb7be','Sa,Su','1','Supplier','132','A','500000.000','500000.000','AED','0','0','0','0','','','0','50b758b6bc326dd780b70d2ac0064a7a','2020-12-01 10:37:33','2020-12-01','Supplier','Supplier','2020-12-03','2020-12-03 04:11:41','Supplier','0',''),('53773@S000000241@2020-12-04@2020-12-04@@1059@1@1@@@0','04-12-2020~04-12-2020','53773','S000000241','2020-12-04','2020-12-04','1059','1','60.254.11.202','0','0','196c8eb86e3d1fb16a12adae1bda14d5','Sa,Su','1','Supplier','132','A','500000.000','500000.000','AED','0','0','0','0','','','3','744336279e5bc1aebf201b5d60ac64b6','2020-12-01 10:37:33','2020-12-01','Supplier','Supplier','2020-12-03','2020-12-03 04:11:41','Supplier','0',''),('53773@S000000241@2020-12-05@2020-12-05@@1059@1@1@@@0','05-12-2020~05-12-2020','53773','S000000241','2020-12-05','2020-12-05','1059','1','60.254.11.202','0','0','781d91b25c4b3a2811dee749c399e201','Sa,Su','1','Supplier','132','A','500000.000','500000.000','AED','0','0','0','0','','','3','6cc937fe6fb9155875e0546385f1db3b','2020-12-01 10:37:33','2020-12-01','Supplier','Supplier','2020-12-03','2020-12-03 04:11:41','Supplier','0',''),('53773@S000000241@2020-12-06@2020-12-06@@1059@1@1@@@0','06-12-2020~06-12-2020','53773','S000000241','2020-12-06','2020-12-06','1059','1','60.254.11.202','0','0','8ddde4b8db2e0a840a3408c1c6e9a2f2','Sa,Su','1','Supplier','132','A','500000.000','500000.000','AED','0','0','0','0','','','3','ee4c779e3f59683e6ff598fc23354d05','2020-12-01 10:37:33','2020-12-01','Supplier','Supplier','2020-12-03','2020-12-03 04:11:41','Supplier','0',''),('53773@S000000241@2020-12-07@2020-12-07@@1059@1@1@@@0','07-12-2020~07-12-2020','53773','S000000241','2020-12-07','2020-12-07','1059','1','60.254.11.202','0','0','7089b9d28cbe66ba41480b612af4bd32','Sa,Su','1','Supplier','132','A','500000.000','500000.000','AED','0','0','0','0','','','0','cebb74b6b30f4e258f5b4932142b59fd','2020-12-01 10:37:33','2020-12-01','Supplier','Supplier','2020-12-03','2020-12-03 04:11:41','Supplier','0',''),('53773@S000000241@2020-12-08@2020-12-08@@1059@1@1@@@0','08-12-2020~08-12-2020','53773','S000000241','2020-12-08','2020-12-08','1059','1','60.254.11.202','0','0','6ae1686286584ec93fb02dd9727f0ba2','Sa,Su','1','Supplier','132','A','500000.000','500000.000','AED','0','0','0','0','','','3','c061cda033d5d5dc590342d7ba24497e','2020-12-01 10:37:33','2020-12-01','Supplier','Supplier','2020-12-03','2020-12-03 04:11:41','Supplier','0',''),('53773@S000000241@2020-12-09@2020-12-09@@1059@1@1@@@0','09-12-2020~09-12-2020','53773','S000000241','2020-12-09','2020-12-09','1059','1','60.254.11.202','0','0','878b7fdf639eae8908bacb871e609cef','Sa,Su','1','Supplier','132','A','70.000','70.000','AED','0','5','0','0','','','0','02e075b518e03a24e66d5c8f8b3ef55d','2020-12-01 10:37:33','2020-12-01','Supplier','Supplier','2020-12-03','2020-12-03 04:11:41','Supplier','0',''),('53773@S000000241@2020-12-10@2020-12-10@@1059@1@1@@@0','10-12-2020~10-12-2020','53773','S000000241','2020-12-10','2020-12-10','1059','1','60.254.11.202','0','0','b18a0130cb66279018e4e447a23334e1','Sa,Su','1','Supplier','132','A','500000.000','500000.000','AED','0','5','0','0','','','3','4c22fc56e9e85e37c1383d93823ccfa5','2020-12-01 10:37:33','2020-12-01','Supplier','Supplier','2020-12-03','2020-12-03 04:11:41','Supplier','0',''),('53773@S000000241@2020-12-11@2020-12-11@@1059@1@1@@@0','11-12-2020~11-12-2020','53773','S000000241','2020-12-11','2020-12-11','1059','1','60.254.11.202','0','0','43ea484d9fb02944cf9d6673b9b80e3c','Sa,Su','1','Supplier','132','A','70.000','70.000','AED','0','5','0','0','','','0','ad861fef1a0addee50b941f6aea2e45f','2020-12-01 10:37:33','2020-12-01','Supplier','Supplier','2020-12-03','2020-12-03 04:11:41','Supplier','0',''),('53773@S000000241@2020-12-12@2020-12-12@@1059@1@1@@@0','12-12-2020~12-12-2020','53773','S000000241','2020-12-12','2020-12-12','1059','1','60.254.11.202','0','0','d8325e3673ca4530b8eacf15b5e13248','Sa,Su','1','Supplier','132','A','500000.000','500000.000','AED','0','5','0','0','','','3','42b8057c7129755e20f2b6afb7bc0508','2020-12-01 10:37:33','2020-12-01','Supplier','Supplier','2020-12-03','2020-12-03 04:11:41','Supplier','0',''),('53773@S000000241@2020-12-13@2020-12-13@@1059@1@1@@@0','13-12-2020~13-12-2020','53773','S000000241','2020-12-13','2020-12-13','1059','1','60.254.11.202','0','0','7a41ee67d548ae63dfb1ac4a9b3a204c','Sa,Su','1','Supplier','132','A','200.000','200.000','AED','0','5','0','0','','','3','62ef17dadeec48fe13c5b811ffb19834','2020-12-01 10:37:33','2020-12-01','Supplier','Supplier','2020-12-03','2020-12-03 04:11:41','Supplier','0',''),('53773@S000000241@2020-12-14@2020-12-14@@1059@1@1@@@0','14-12-2020~14-12-2020','53773','S000000241','2020-12-14','2020-12-14','1059','1','60.254.11.202','0','0','11204a65b2f39f39fe2e075fb2e2e727','Sa,Su','1','Supplier','132','A','500000.000','500000.000','AED','0','5','0','0','','','3','c0477f49b8412efc2a388a0c0f25ce1a','2020-12-01 10:37:33','2020-12-01','Supplier','Supplier','2020-12-03','2020-12-03 04:11:41','Supplier','0',''),('53773@S000000241@2020-12-15@2020-12-15@@1059@1@1@@@0','15-12-2020~15-12-2020','53773','S000000241','2020-12-15','2020-12-15','1059','1','60.254.11.202','0','0','1a574f4d5d96f9bd076027cd80a7b199','Sa,Su','1','Supplier','132','A','70.000','70.000','AED','0','5','0','0','','','0','7fcd9e272b6f7801ea8338982f74c891','2020-12-01 10:37:33','2020-12-01','Supplier','Supplier','2020-12-03','2020-12-03 04:11:41','Supplier','0',''),('53773@S000000241@2020-12-16@2020-12-16@@1059@1@1@@@0','16-12-2020~16-12-2020','53773','S000000241','2020-12-16','2020-12-16','1059','1','60.254.11.202','0','0','465aaa186b617e1d8c8cd117ef4ce1fc','Sa,Su','1','Supplier','132','A','500000.000','500000.000','AED','0','5','0','0','','','3','0dc96aa6302002e2109ed7d9690d5786','2020-12-01 10:37:33','2020-12-01','Supplier','Supplier','2020-12-03','2020-12-03 04:11:41','Supplier','0',''),('53773@S000000241@2020-12-03@2020-12-03@@1039@1@1@@@0','03-12-2020~03-12-2020','53773','S000000241','2020-12-03','2020-12-03','1039','1','60.254.11.202','0','0','b240bef3a93c0faf9520e78fd861f263','Sa,Su','1','Supplier','132','A','100.000','100.000','AED','0','0','0','0','','','0','bb2b94786fae8e6ca30490fabc059206','2020-12-01 10:37:33','2020-12-01','Supplier','Supplier','2020-12-03','2020-12-03 04:11:41','Supplier','0',''),('53773@S000000241@2020-12-04@2020-12-04@@1039@1@1@@@0','04-12-2020~04-12-2020','53773','S000000241','2020-12-04','2020-12-04','1039','1','60.254.11.202','0','0','a1568e5ffca419fb03affef814c419a7','Sa,Su','1','Supplier','132','A','200.000','200.000','AED','0','0','0','0','','','3','c49ba58c42ad27b9024eaf3a560da70e','2020-12-01 10:37:33','2020-12-01','Supplier','Supplier','2020-12-03','2020-12-03 04:11:41','Supplier','0',''),('53773@S000000241@2020-12-05@2020-12-05@@1039@1@1@@@0','05-12-2020~05-12-2020','53773','S000000241','2020-12-05','2020-12-05','1039','1','60.254.11.202','0','0','3892b262162409dc1805f4bd3a3f08ec','Sa,Su','1','Supplier','132','A','200.000','200.000','AED','0','0','0','0','','','3','d63622456e6e3847dced4263697c3847','2020-12-01 10:37:33','2020-12-01','Supplier','Supplier','2020-12-03','2020-12-03 04:11:41','Supplier','0',''),('53773@S000000241@2020-12-06@2020-12-06@@1039@1@1@@@0','06-12-2020~06-12-2020','53773','S000000241','2020-12-06','2020-12-06','1039','1','60.254.11.202','0','0','ae722c3cc333af0030b85215148c858b','Sa,Su','1','Supplier','132','A','200.000','200.000','AED','0','0','0','0','','','3','b5471be16ea3d8bed3a64b242346ca3f','2020-12-01 10:37:33','2020-12-01','Supplier','Supplier','2020-12-03','2020-12-03 04:11:41','Supplier','0',''),('53773@S000000241@2020-12-07@2020-12-07@@1039@1@1@@@0','07-12-2020~07-12-2020','53773','S000000241','2020-12-07','2020-12-07','1039','1','60.254.11.202','0','0','ad2dc92ebe935067ecf3b72671d483a5','Sa,Su','1','Supplier','132','A','40.000','40.000','AED','0','0','0','0','','','0','44fd7d9f669781c342b022df9b5697ae','2020-12-01 10:37:33','2020-12-01','Supplier','Supplier','2020-12-03','2020-12-03 04:11:41','Supplier','0',''),('53773@S000000241@2020-12-08@2020-12-08@@1039@1@1@@@0','08-12-2020~08-12-2020','53773','S000000241','2020-12-08','2020-12-08','1039','1','60.254.11.202','0','0','a6fc87a1cbba0829a3032e52c654f45e','Sa,Su','1','Supplier','132','A','200.000','200.000','AED','0','0','0','0','','','3','915375935a8cbd7bcdb072118f3377a2','2020-12-01 10:37:33','2020-12-01','Supplier','Supplier','2020-12-03','2020-12-03 04:11:41','Supplier','0',''),('53773@S000000241@2020-12-09@2020-12-09@@1039@1@1@@@0','09-12-2020~09-12-2020','53773','S000000241','2020-12-09','2020-12-09','1039','1','60.254.11.202','0','0','804b150a990dc8405f51f1e66cd6cf72','Sa,Su','1','Supplier','132','A','40.000','40.000','AED','0','5','0','0','','','0','7bc6ca2b73b77783f652a75fbdfb26f3','2020-12-01 10:37:33','2020-12-01','Supplier','Supplier','2020-12-03','2020-12-03 04:11:41','Supplier','0',''),('53773@S000000241@2020-12-10@2020-12-10@@1039@1@1@@@0','10-12-2020~10-12-2020','53773','S000000241','2020-12-10','2020-12-10','1039','1','60.254.11.202','0','0','f0a7b29d0aaf6eceb383c0e44d620f1c','Sa,Su','1','Supplier','132','A','200.000','200.000','AED','0','5','0','0','','','3','6babbf0c6ee93401fd1a07f2d3849f76','2020-12-01 10:37:33','2020-12-01','Supplier','Supplier','2020-12-03','2020-12-03 04:11:41','Supplier','0',''),('53773@S000000241@2020-12-11@2020-12-11@@1039@1@1@@@0','11-12-2020~11-12-2020','53773','S000000241','2020-12-11','2020-12-11','1039','1','60.254.11.202','0','0','ec39825a9bd368117690e07d64a3447d','Sa,Su','1','Supplier','132','A','40.000','40.000','AED','0','5','0','0','','','0','f251ef63526d4d2fa7c07ca9a867177d','2020-12-01 10:37:33','2020-12-01','Supplier','Supplier','2020-12-03','2020-12-03 04:11:41','Supplier','0',''),('53773@S000000241@2020-12-12@2020-12-12@@1039@1@1@@@0','12-12-2020~12-12-2020','53773','S000000241','2020-12-12','2020-12-12','1039','1','60.254.11.202','0','0','4c9fcee34988eeea9bbbfe365fe3b8a8','Sa,Su','1','Supplier','132','A','200.000','200.000','AED','0','5','0','0','','','3','d4cd7571d3e5f5af43f56158dbe1e669','2020-12-01 10:37:33','2020-12-01','Supplier','Supplier','2020-12-03','2020-12-03 04:11:41','Supplier','0',''),('53773@S000000241@2020-12-13@2020-12-13@@1039@1@1@@@0','13-12-2020~13-12-2020','53773','S000000241','2020-12-13','2020-12-13','1039','1','60.254.11.202','0','0','cf4f950e0322ca9963027c4df4d2855a','Sa,Su','1','Supplier','132','A','200.000','200.000','AED','0','5','0','0','','','3','1049d9163b08412ced2b745ee1fe941c','2020-12-01 10:37:33','2020-12-01','Supplier','Supplier','2020-12-03','2020-12-03 04:11:41','Supplier','0',''),('53773@S000000241@2020-12-14@2020-12-14@@1039@1@1@@@0','14-12-2020~14-12-2020','53773','S000000241','2020-12-14','2020-12-14','1039','1','60.254.11.202','0','0','73655f4ad9ed1478dee38013b634f6f2','Sa,Su','1','Supplier','132','A','200.000','200.000','AED','0','5','0','0','','','3','53635929a5a30ae02f75c25426408fe7','2020-12-01 10:37:33','2020-12-01','Supplier','Supplier','2020-12-03','2020-12-03 04:11:41','Supplier','0',''),('53773@S000000241@2020-12-15@2020-12-15@@1039@1@1@@@0','15-12-2020~15-12-2020','53773','S000000241','2020-12-15','2020-12-15','1039','1','60.254.11.202','0','0','1f825d75db5e3f7c5d5e69e2d22d9517','Sa,Su','1','Supplier','132','A','40.000','40.000','AED','0','5','0','0','','','0','8ce0aca5f1114eee2d8d22e8fc586ae3','2020-12-01 10:37:33','2020-12-01','Supplier','Supplier','2020-12-03','2020-12-03 04:11:41','Supplier','0',''),('53773@S000000241@2020-12-16@2020-12-16@@1039@1@1@@@0','16-12-2020~16-12-2020','53773','S000000241','2020-12-16','2020-12-16','1039','1','60.254.11.202','0','0','51b5ba46bcd0610d80065760690acd5d','Sa,Su','1','Supplier','132','A','200.000','200.000','AED','0','5','0','0','','','3','287948f0bda4ecd3885c3627f10d6365','2020-12-01 10:37:33','2020-12-01','Supplier','Supplier','2020-12-03','2020-12-03 04:11:41','Supplier','0',''),('53773@S000000241@2020-12-03@2020-12-03@@1062@1@1@@@0','03-12-2020~03-12-2020','53773','S000000241','2020-12-03','2020-12-03','1062','1','60.254.11.202','0','0','ac97035e87a2a836d487999c23c6b605','Sa,Su','1','Supplier','132','A','500000.000','500000.000','AED','0','0','0','0','','','0','ebe187f88e28ce85e504d4a1e8987ee5','2020-12-02 06:54:29','2020-12-02','Supplier','Supplier','2020-12-03','2020-12-03 04:11:41','Supplier','0',''),('53773@S000000241@2020-12-04@2020-12-04@@1062@1@1@@@0','04-12-2020~04-12-2020','53773','S000000241','2020-12-04','2020-12-04','1062','1','60.254.11.202','0','0','6d5b33867e5033b0add0249fb1250ffb','Sa,Su','1','Supplier','132','A','200.000','200.000','AED','0','0','0','0','','','3','10a6510b1132d7c02ee6abc4b3fb626b','2020-12-02 06:54:29','2020-12-02','Supplier','Supplier','2020-12-03','2020-12-03 04:11:41','Supplier','0',''),('53773@S000000241@2020-12-05@2020-12-05@@1062@1@1@@@0','05-12-2020~05-12-2020','53773','S000000241','2020-12-05','2020-12-05','1062','1','60.254.11.202','0','0','65b5f3e794e29d57bd856f0e78d4b7b8','Sa,Su','1','Supplier','132','A','200.000','200.000','AED','0','0','0','0','','','3','100631281f155e3270d6d97f36a81423','2020-12-02 06:54:29','2020-12-02','Supplier','Supplier','2020-12-03','2020-12-03 04:11:41','Supplier','0',''),('53773@S000000241@2020-12-06@2020-12-06@@1062@1@1@@@0','06-12-2020~06-12-2020','53773','S000000241','2020-12-06','2020-12-06','1062','1','60.254.11.202','0','0','434186741d59945740834fe2854b8928','Sa,Su','1','Supplier','132','A','200.000','200.000','AED','0','0','0','0','','','3','55b9611ed424d16c541c838fbb7f5e99','2020-12-02 06:54:29','2020-12-02','Supplier','Supplier','2020-12-03','2020-12-03 04:11:41','Supplier','0',''),('53773@S000000241@2020-12-07@2020-12-07@@1062@1@1@@@0','07-12-2020~07-12-2020','53773','S000000241','2020-12-07','2020-12-07','1062','1','60.254.11.202','0','0','44575a0276390e0601159d9c8c42f6d4','Sa,Su','1','Supplier','132','A','500000.000','500000.000','AED','0','0','0','0','','','0','56d01527516862bab2a4e25096c4ef2e','2020-12-02 06:54:29','2020-12-02','Supplier','Supplier','2020-12-03','2020-12-03 04:11:41','Supplier','0',''),('53773@S000000241@2020-12-08@2020-12-08@@1062@1@1@@@0','08-12-2020~08-12-2020','53773','S000000241','2020-12-08','2020-12-08','1062','1','60.254.11.202','0','0','2c922bce2915a453b1fdd16023f4407d','Sa,Su','1','Supplier','132','A','200.000','200.000','AED','0','0','0','0','','','3','30a08176beee8517bfbd718881b4d221','2020-12-02 06:54:29','2020-12-02','Supplier','Supplier','2020-12-03','2020-12-03 04:11:41','Supplier','0',''),('53773@S000000241@2020-12-09@2020-12-09@@1062@1@1@@@0','09-12-2020~09-12-2020','53773','S000000241','2020-12-09','2020-12-09','1062','1','60.254.11.202','0','0','85d9f8f229a3d5070a7ccfd7e651429f','Sa,Su','1','Supplier','132','A','120.000','120.000','AED','0','5','0','0','','','0','367bffefb6cc0c634314faa593b59798','2020-12-02 06:54:29','2020-12-02','Supplier','Supplier','2020-12-03','2020-12-03 04:11:41','Supplier','0',''),('53773@S000000241@2020-12-10@2020-12-10@@1062@1@1@@@0','10-12-2020~10-12-2020','53773','S000000241','2020-12-10','2020-12-10','1062','1','60.254.11.202','0','0','3e697996668fea51076627be26fd00fb','Sa,Su','1','Supplier','132','A','200.000','200.000','AED','0','5','0','0','','','3','3e338a382b568178c6c4cf2060121c20','2020-12-02 06:54:29','2020-12-02','Supplier','Supplier','2020-12-03','2020-12-03 04:11:41','Supplier','0',''),('53773@S000000241@2020-12-11@2020-12-11@@1062@1@1@@@0','11-12-2020~11-12-2020','53773','S000000241','2020-12-11','2020-12-11','1062','1','60.254.11.202','0','0','9bd5084e3a2007b0e4f43eadef8e1b37','Sa,Su','1','Supplier','132','A','120.000','120.000','AED','0','5','0','0','','','0','303c3e4b551c332fb42114e3528f84b8','2020-12-02 06:54:29','2020-12-02','Supplier','Supplier','2020-12-03','2020-12-03 04:11:41','Supplier','0',''),('53773@S000000241@2020-12-12@2020-12-12@@1062@1@1@@@0','12-12-2020~12-12-2020','53773','S000000241','2020-12-12','2020-12-12','1062','1','60.254.11.202','0','0','ad466af72ead3ac796be3587fe1e48a1','Sa,Su','1','Supplier','132','A','200.000','200.000','AED','0','5','0','0','','','3','ed056edceb7c17cc890fe6f5abaa8318','2020-12-02 06:54:29','2020-12-02','Supplier','Supplier','2020-12-03','2020-12-03 04:11:41','Supplier','0',''),('53773@S000000241@2020-12-13@2020-12-13@@1062@1@1@@@0','13-12-2020~13-12-2020','53773','S000000241','2020-12-13','2020-12-13','1062','1','60.254.11.202','0','0','91589eb428da93ede41175c2fd5f8731','Sa,Su','1','Supplier','132','A','200.000','200.000','AED','0','5','0','0','','','3','49b25aad93ec154f8b5d36e36e37772c','2020-12-02 06:54:29','2020-12-02','Supplier','Supplier','2020-12-03','2020-12-03 04:11:41','Supplier','0',''),('53773@S000000241@2020-12-14@2020-12-14@@1062@1@1@@@0','14-12-2020~14-12-2020','53773','S000000241','2020-12-14','2020-12-14','1062','1','60.254.11.202','0','0','9f8bd6aa4d36fc18b84ef0fc35f58768','Sa,Su','1','Supplier','132','A','200.000','200.000','AED','0','5','0','0','','','3','7e51e7cdb77909b6032cfc79df9df46c','2020-12-02 06:54:29','2020-12-02','Supplier','Supplier','2020-12-03','2020-12-03 04:11:41','Supplier','0',''),('53773@S000000241@2020-12-15@2020-12-15@@1062@1@1@@@0','15-12-2020~15-12-2020','53773','S000000241','2020-12-15','2020-12-15','1062','1','60.254.11.202','0','0','8ea1b46344fe2d93747f71b9ae6d8887','Sa,Su','1','Supplier','132','A','120.000','120.000','AED','0','5','0','0','','','0','f8f392f68ced50a03a9b1e1f8f5f7c72','2020-12-02 06:54:29','2020-12-02','Supplier','Supplier','2020-12-03','2020-12-03 04:11:41','Supplier','0',''),('53773@S000000241@2020-12-16@2020-12-16@@1062@1@1@@@0','16-12-2020~16-12-2020','53773','S000000241','2020-12-16','2020-12-16','1062','1','60.254.11.202','0','0','15df2f3688f502b98d6877d559602578','Sa,Su','1','Supplier','132','A','200.000','200.000','AED','0','5','0','0','','','3','59502035b3c75f3612ead81e744c9bf0','2020-12-02 06:54:29','2020-12-02','Supplier','Supplier','2020-12-03','2020-12-03 04:11:41','Supplier','0',''),('53773@S000000241@2020-12-03@2020-12-03@@1058@1@1@@@0','03-12-2020~03-12-2020','53773','S000000241','2020-12-03','2020-12-03','1058','1','60.254.11.202','0','0','e79093d47fde5e117b73c171f1f41f7a','Sa,Su','1','Supplier','132','A','500000.000','500000.000','AED','0','0','0','0','','','0','5375cb423032068a1bad55fad81952bd','2020-12-01 10:37:34','2020-12-01','Supplier','Supplier','2020-12-03','2020-12-03 04:11:41','Supplier','0',''),('53773@S000000241@2020-12-04@2020-12-04@@1058@1@1@@@0','04-12-2020~04-12-2020','53773','S000000241','2020-12-04','2020-12-04','1058','1','60.254.11.202','0','0','c00e306749aae5723a6ba78d850f3e95','Sa,Su','1','Supplier','132','A','200.000','200.000','AED','0','0','0','0','','','3','f69855f253b297cc3f7a89825cb77f21','2020-12-01 10:37:34','2020-12-01','Supplier','Supplier','2020-12-03','2020-12-03 04:11:41','Supplier','0',''),('53773@S000000241@2020-12-05@2020-12-05@@1058@1@1@@@0','05-12-2020~05-12-2020','53773','S000000241','2020-12-05','2020-12-05','1058','1','60.254.11.202','0','0','181f248ceff99d8bfca3d2c0753124ff','Sa,Su','1','Supplier','132','A','200.000','200.000','AED','0','0','0','0','','','3','b6a869b02ab106e7699ecbbdee39fc4a','2020-12-01 10:37:34','2020-12-01','Supplier','Supplier','2020-12-03','2020-12-03 04:11:41','Supplier','0',''),('53773@S000000241@2020-12-06@2020-12-06@@1058@1@1@@@0','06-12-2020~06-12-2020','53773','S000000241','2020-12-06','2020-12-06','1058','1','60.254.11.202','0','0','f1bcb67dcc88d3993122ada8ad706052','Sa,Su','1','Supplier','132','A','200.000','200.000','AED','0','0','0','0','','','3','a5ee6cc4f405a6eaece7fa184324d630','2020-12-01 10:37:34','2020-12-01','Supplier','Supplier','2020-12-03','2020-12-03 04:11:41','Supplier','0',''),('53773@S000000241@2020-12-07@2020-12-07@@1058@1@1@@@0','07-12-2020~07-12-2020','53773','S000000241','2020-12-07','2020-12-07','1058','1','60.254.11.202','0','0','1666d633bbd4b23ea24472152b55736c','Sa,Su','1','Supplier','132','A','500000.000','500000.000','AED','0','0','0','0','','','0','504a244a61ea8b9615ae71e060c32db7','2020-12-01 10:37:34','2020-12-01','Supplier','Supplier','2020-12-03','2020-12-03 04:11:41','Supplier','0',''),('53773@S000000241@2020-12-08@2020-12-08@@1058@1@1@@@0','08-12-2020~08-12-2020','53773','S000000241','2020-12-08','2020-12-08','1058','1','60.254.11.202','0','0','45611532cff3ec158fb3f29fae787c8b','Sa,Su','1','Supplier','132','A','200.000','200.000','AED','0','0','0','0','','','3','ba88690a2a688ca6515b1a1f4cfcea08','2020-12-01 10:37:34','2020-12-01','Supplier','Supplier','2020-12-03','2020-12-03 04:11:41','Supplier','0',''),('53773@S000000241@2020-12-09@2020-12-09@@1058@1@1@@@0','09-12-2020~09-12-2020','53773','S000000241','2020-12-09','2020-12-09','1058','1','60.254.11.202','0','0','cbe3d5e6df46ec0ea0c981092beb2dbc','Sa,Su','1','Supplier','132','A','80.000','80.000','AED','0','5','0','0','','','0','f5dbdbd5b6a806715e81f26693bf18b2','2020-12-01 10:37:34','2020-12-01','Supplier','Supplier','2020-12-03','2020-12-03 04:11:41','Supplier','0',''),('53773@S000000241@2020-12-10@2020-12-10@@1058@1@1@@@0','10-12-2020~10-12-2020','53773','S000000241','2020-12-10','2020-12-10','1058','1','60.254.11.202','0','0','7e1a9943f25f48a25fe63a97a261db02','Sa,Su','1','Supplier','132','A','200.000','200.000','AED','0','5','0','0','','','3','b604dd81ec2ea2da84210295f577cf7a','2020-12-01 10:37:34','2020-12-01','Supplier','Supplier','2020-12-03','2020-12-03 04:11:41','Supplier','0',''),('53773@S000000241@2020-12-11@2020-12-11@@1058@1@1@@@0','11-12-2020~11-12-2020','53773','S000000241','2020-12-11','2020-12-11','1058','1','60.254.11.202','0','0','ccac61f8d1a16c045d544d0c201cd38a','Sa,Su','1','Supplier','132','A','80.000','80.000','AED','0','5','0','0','','','0','8a9cb7529adf7d4f88311be5d8151c75','2020-12-01 10:37:34','2020-12-01','Supplier','Supplier','2020-12-03','2020-12-03 04:11:41','Supplier','0',''),('53773@S000000241@2020-12-12@2020-12-12@@1058@1@1@@@0','12-12-2020~12-12-2020','53773','S000000241','2020-12-12','2020-12-12','1058','1','60.254.11.202','0','0','fdeed4e3cd60944ad4786cf0aa92cc91','Sa,Su','1','Supplier','132','A','200.000','200.000','AED','0','5','0','0','','','3','dade7536cc49a7e8a7795c254eabd908','2020-12-01 10:37:34','2020-12-01','Supplier','Supplier','2020-12-03','2020-12-03 04:11:41','Supplier','0',''),('53773@S000000241@2020-12-13@2020-12-13@@1058@1@1@@@0','13-12-2020~13-12-2020','53773','S000000241','2020-12-13','2020-12-13','1058','1','60.254.11.202','0','0','56468063e5eb167140352c9925f38786','Sa,Su','1','Supplier','132','A','200.000','200.000','AED','0','5','0','0','','','3','325377b0ded77a95ac256ae3a7157e7a','2020-12-01 10:37:34','2020-12-01','Supplier','Supplier','2020-12-03','2020-12-03 04:11:41','Supplier','0',''),('53773@S000000241@2020-12-14@2020-12-14@@1058@1@1@@@0','14-12-2020~14-12-2020','53773','S000000241','2020-12-14','2020-12-14','1058','1','60.254.11.202','0','0','c830d4ec90a1e06827cd4728e4cb5059','Sa,Su','1','Supplier','132','A','200.000','200.000','AED','0','5','0','0','','','3','66871e4ed2f297d0b202aa68076c14d0','2020-12-01 10:37:34','2020-12-01','Supplier','Supplier','2020-12-03','2020-12-03 04:11:41','Supplier','0',''),('53773@S000000241@2020-12-15@2020-12-15@@1058@1@1@@@0','15-12-2020~15-12-2020','53773','S000000241','2020-12-15','2020-12-15','1058','1','60.254.11.202','0','0','86c914d45ab37ab4cf24c1bd0b26d357','Sa,Su','1','Supplier','132','A','80.000','80.000','AED','0','5','0','0','','','0','034deed81cc0d0aa451b4888f89b042e','2020-12-01 10:37:34','2020-12-01','Supplier','Supplier','2020-12-03','2020-12-03 04:11:41','Supplier','0',''),('53773@S000000241@2020-12-16@2020-12-16@@1058@1@1@@@0','16-12-2020~16-12-2020','53773','S000000241','2020-12-16','2020-12-16','1058','1','60.254.11.202','0','0','6ac279a85586f53d8162c766092d71e0','Sa,Su','1','Supplier','132','A','200.000','200.000','AED','0','5','0','0','','','3','7f6bd3d74ee2c8fd15d12dd7b02de6ab','2020-12-01 10:37:34','2020-12-01','Supplier','Supplier','2020-12-03','2020-12-03 04:11:41','Supplier','0',''),('53773@S000000241@2020-12-03@2020-12-03@@1061@1@1@@@0','03-12-2020~03-12-2020','53773','S000000241','2020-12-03','2020-12-03','1061','1','60.254.11.202','0','0','f2ed947aeddef03d2d33e7602bca14fd','Sa,Su','1','Supplier','132','A','500000.000','500000.000','AED','0','0','0','0','','','0','9cbd5753175beb62b167913607760ed6','2020-12-02 06:54:30','2020-12-02','Supplier','Supplier','2020-12-03','2020-12-03 04:11:41','Supplier','0',''),('53773@S000000241@2020-12-04@2020-12-04@@1061@1@1@@@0','04-12-2020~04-12-2020','53773','S000000241','2020-12-04','2020-12-04','1061','1','60.254.11.202','0','0','76f3eae693aeffd7e93811d5238b2feb','Sa,Su','1','Supplier','132','A','200.000','200.000','AED','0','0','0','0','','','3','6b40e033e967563c160b7317bacf5eb7','2020-12-02 06:54:30','2020-12-02','Supplier','Supplier','2020-12-03','2020-12-03 04:11:41','Supplier','0',''),('53773@S000000241@2020-12-05@2020-12-05@@1061@1@1@@@0','05-12-2020~05-12-2020','53773','S000000241','2020-12-05','2020-12-05','1061','1','60.254.11.202','0','0','75560acb4ae6a56a82a63ade61c85475','Sa,Su','1','Supplier','132','A','200.000','200.000','AED','0','0','0','0','','','3','dfda8d180a4cf756ea30a626c318373c','2020-12-02 06:54:30','2020-12-02','Supplier','Supplier','2020-12-03','2020-12-03 04:11:41','Supplier','0',''),('53773@S000000241@2020-12-06@2020-12-06@@1061@1@1@@@0','06-12-2020~06-12-2020','53773','S000000241','2020-12-06','2020-12-06','1061','1','60.254.11.202','0','0','5fc51698afd08e2a24f8e90a8def99f3','Sa,Su','1','Supplier','132','A','200.000','200.000','AED','0','0','0','0','','','3','6516c5c2c69c35a2bcfd296e33740784','2020-12-02 06:54:30','2020-12-02','Supplier','Supplier','2020-12-03','2020-12-03 04:11:41','Supplier','0',''),('53773@S000000241@2020-12-07@2020-12-07@@1061@1@1@@@0','07-12-2020~07-12-2020','53773','S000000241','2020-12-07','2020-12-07','1061','1','60.254.11.202','0','0','94344e77d67bfd6428eda884380258a5','Sa,Su','1','Supplier','132','A','500000.000','500000.000','AED','0','0','0','0','','','0','4153807cf4582276edf5f1fa19c7de57','2020-12-02 06:54:30','2020-12-02','Supplier','Supplier','2020-12-03','2020-12-03 04:11:42','Supplier','0',''),('53773@S000000241@2020-12-08@2020-12-08@@1061@1@1@@@0','08-12-2020~08-12-2020','53773','S000000241','2020-12-08','2020-12-08','1061','1','60.254.11.202','0','0','5d35ff6dcb81a0ce98126f6124fa48e7','Sa,Su','1','Supplier','132','A','200.000','200.000','AED','0','0','0','0','','','3','b8a414c826e595d465cfeb6cf2355f37','2020-12-02 06:54:30','2020-12-02','Supplier','Supplier','2020-12-03','2020-12-03 04:11:42','Supplier','0',''),('53773@S000000241@2020-12-09@2020-12-09@@1061@1@1@@@0','09-12-2020~09-12-2020','53773','S000000241','2020-12-09','2020-12-09','1061','1','60.254.11.202','0','0','0afefb2e6a58eeee8b63af5419d79cbd','Sa,Su','1','Supplier','132','A','130.000','130.000','AED','0','5','0','0','','','0','9e48b74ce1181de522a8d87b5b62c420','2020-12-02 06:54:30','2020-12-02','Supplier','Supplier','2020-12-03','2020-12-03 04:11:42','Supplier','0',''),('53773@S000000241@2020-12-10@2020-12-10@@1061@1@1@@@0','10-12-2020~10-12-2020','53773','S000000241','2020-12-10','2020-12-10','1061','1','60.254.11.202','0','0','14c79292a1484dc83e538e2ea16da58c','Sa,Su','1','Supplier','132','A','200.000','200.000','AED','0','5','0','0','','','3','382bf0e5b8c1bb19a6b4a85375ff3865','2020-12-02 06:54:30','2020-12-02','Supplier','Supplier','2020-12-03','2020-12-03 04:11:42','Supplier','0',''),('53773@S000000241@2020-12-11@2020-12-11@@1061@1@1@@@0','11-12-2020~11-12-2020','53773','S000000241','2020-12-11','2020-12-11','1061','1','60.254.11.202','0','0','8cef037713e33361012f991c3fb57844','Sa,Su','1','Supplier','132','A','130.000','130.000','AED','0','5','0','0','','','0','1ddda5d59105ca17a0cb89f635ff81b6','2020-12-02 06:54:30','2020-12-02','Supplier','Supplier','2020-12-03','2020-12-03 04:11:42','Supplier','0',''),('53773@S000000241@2020-12-12@2020-12-12@@1061@1@1@@@0','12-12-2020~12-12-2020','53773','S000000241','2020-12-12','2020-12-12','1061','1','60.254.11.202','0','0','f9f0257f6f41e5b4d8a12529aed68d78','Sa,Su','1','Supplier','132','A','200.000','200.000','AED','0','5','0','0','','','3','b349593d890b5dda28e5243108038c32','2020-12-02 06:54:30','2020-12-02','Supplier','Supplier','2020-12-03','2020-12-03 04:11:42','Supplier','0',''),('53773@S000000241@2020-12-13@2020-12-13@@1061@1@1@@@0','13-12-2020~13-12-2020','53773','S000000241','2020-12-13','2020-12-13','1061','1','60.254.11.202','0','0','59f9d6e97cab3a557d3b956b61b44376','Sa,Su','1','Supplier','132','A','200.000','200.000','AED','0','5','0','0','','','3','27be4ac21b4b4eadd530df735149c758','2020-12-02 06:54:30','2020-12-02','Supplier','Supplier','2020-12-03','2020-12-03 04:11:42','Supplier','0',''),('53773@S000000241@2020-12-14@2020-12-14@@1061@1@1@@@0','14-12-2020~14-12-2020','53773','S000000241','2020-12-14','2020-12-14','1061','1','60.254.11.202','0','0','bec11251274754201ef4d2c49eec0a99','Sa,Su','1','Supplier','132','A','200.000','200.000','AED','0','5','0','0','','','3','dd30f23547fea82654f2fc52d5dc2992','2020-12-02 06:54:30','2020-12-02','Supplier','Supplier','2020-12-03','2020-12-03 04:11:42','Supplier','0',''),('53773@S000000241@2020-12-15@2020-12-15@@1061@1@1@@@0','15-12-2020~15-12-2020','53773','S000000241','2020-12-15','2020-12-15','1061','1','60.254.11.202','0','0','07b509b7fa058b4ffde369f41ae7fcc0','Sa,Su','1','Supplier','132','A','130.000','130.000','AED','0','5','0','0','','','0','82b716ba7ff54bc00fea7154758ae156','2020-12-02 06:54:30','2020-12-02','Supplier','Supplier','2020-12-03','2020-12-03 04:11:42','Supplier','0',''),('53773@S000000241@2020-12-16@2020-12-16@@1061@1@1@@@0','16-12-2020~16-12-2020','53773','S000000241','2020-12-16','2020-12-16','1061','1','60.254.11.202','0','0','d38867ce22baa5268962f20646d47bd5','Sa,Su','1','Supplier','132','A','200.000','200.000','AED','0','5','0','0','','','3','24fccbfe8020ba4deb3835644737e534','2020-12-02 06:54:30','2020-12-02','Supplier','Supplier','2020-12-03','2020-12-03 04:11:42','Supplier','0','');
[12/03/2020 04:11:42], [file name :-/home/otrams/public_html/otramsphp7/uat/v3otrams/extranet-app/controllers/controller.php],DELETE  FROM room_rates WHERE id IN ('1933380','1933381','1933382','1933383','1933384','1933385','1933386','1933387','1933388','1933389','1933390','1933391','1933392','1935358','1935359','1935360','1935361','1935362','1935363','1935364','1935365','1935366','1935367','1935368','1935369','1935370','1935371','1935753','1935754','1935755','1935756','1935757','1935758','1935759','1935760','1935761','1935762','1935763','1935764','1935765','1935766','1933775','1933776','1933777','1933778','1933779','1933780','1933781','1933782','1933783','1933784','1933785','1933786','1933787','1933788','1934171','1934172','1934173','1934174','1934175','1934176','1934177','1934178','1934179','1934180','1934181','1934182','1934183','1934184','1937001','1934568','1934569','1934570','1934571','1934572','1934573','1934574','1934575','1934576','1934577','1934578','1934579','1934580','1936148','1936149','1936150','1936151','1936152','1936153','1936154','1936155','1936156','1936157','1936158','1936159','1936160','1936161','1934963','1934964','1934965','1934966','1934967','1934968','1934969','1934970','1934971','1934972','1934973','1934974','1934975','1934976','1936543','1936544','1936545','1936546','1936547','1936548','1936549','1936550','1936551','1936552','1936553','1936554','1936555','1936556');
[12/03/2020 04:11:54], [file name :-/home/otrams/public_html/otramsphp7/uat/v3otrams/hotel_search_list.php],INSERT INTO agent_logs SET  agent_id = '24' , sub_agent_id = '' , sub_user_id = '0' , branch_id = '1' , ip = '60.254.11.202' , city = 'mumbai' , service_name = '' , service_type = 'hotel' , arrival_date = '2020/12/03' , departure_date = '2020/12/04' , nationality = '106' , nights = '1' , room_types = '1' , create_date = '2020-12-03 04:11:54' , site_id = '' , country_code = '106' , web_service = '' ;
[12/03/2020 04:11:57], [file name :-/home/otrams/public_html/otramsphp7/uat/v3otrams/call.php],INSERT INTO xmllogs(reservation_id, type, request_path, response_path, header_path, source_type, create_date, header, session_id, agent_logs_id)
VALUE ('', 'AVAILABILITY', '/request_placeholder.xml', '/response_placeholder.xml', '/response_header_placeholder.xml', 'localsystem', '2020-12-03 04:11:57', '', '022444689e1e001d36d47f0cd789d2f59ca775a70c5309964b275efaf16b5f6a', '492');
[12/03/2020 04:11:57], [file name :-/home/otrams/public_html/otramsphp7/uat/v3otrams/call.php],UPDATE xmllogs SET
hotel_count = ''
, request_url = '/call.php?s=localsystem&sessionid=022444689e1e001d36d47f0cd789d2f59ca775a70c5309964b275efaf16b5f6a&xml_user_id=24&request_no=1&local_hotel_code=53769&#039;,&#039;53771&#039;,&#039;53773&#039;,&#039;53775&#039;,&#039;53776&#039;,&#039;53742&web_service=no&site_id='
, http_hit_time = '2020-12-03 04:11:56.94'
, request_start_time = '0.000'
, parsing_start_time = '0.000'
, mapping_complete_time = '0.000'
, mongo_start_time = '0.000'
, search_end_time = '0.000'
, total_duration = '1.004'
, error_description = ''
, memory_used = '7908664'
WHERE id = '3321';
[12/03/2020 04:11:57], [file name :-/home/otrams/public_html/otramsphp7/uat/v3otrams/call.php],INSERT INTO xmllogs(reservation_id, type, request_path, response_path, header_path, source_type, create_date, header, session_id, agent_logs_id)
VALUE ('', 'AVAILABILITY', '/request_placeholder.xml', '/response_placeholder.xml', '/response_header_placeholder.xml', 'localsystem', '2020-12-03 04:11:57', '', '022444689e1e001d36d47f0cd789d2f59ca775a70c5309964b275efaf16b5f6a', '492');
[12/03/2020 04:11:57], [file name :-/home/otrams/public_html/otramsphp7/uat/v3otrams/call.php],UPDATE xmllogs SET
hotel_count = ''
, request_url = '/call.php?s=localsystem&sessionid=022444689e1e001d36d47f0cd789d2f59ca775a70c5309964b275efaf16b5f6a&xml_user_id=24&request_no=0&local_hotel_code=2&#039;,&#039;97&#039;,&#039;53716&#039;,&#039;53734&#039;,&#039;53735&#039;,&#039;53736&#039;,&#039;53737&#039;,&#039;53738&#039;,&#039;53739&#039;,&#039;53740&#039;,&#039;53741&#039;,&#039;53744&#039;,&#039;53745&#039;,&#039;53746&#039;,&#039;53747&#039;,&#039;53748&#039;,&#039;53749&#039;,&#039;53750&#039;,&#039;53751&#039;,&#039;53757&#039;,&#039;53758&#039;,&#039;53759&#039;,&#039;53766&#039;,&#039;53767&#039;,&#039;53768&web_service=no&site_id='
, http_hit_time = '2020-12-03 04:11:56.140'
, request_start_time = '0.000'
, parsing_start_time = '0.000'
, mapping_complete_time = '0.000'
, mongo_start_time = '0.000'
, search_end_time = '0.000'
, total_duration = '1.379'
, error_description = ''
, memory_used = '7910104'
WHERE id = '3322';
[12/03/2020 04:11:57], [file name :-/home/otrams/public_html/otramsphp7/uat/v3otrams/xml_all.php],UPDATE agent_logs SET
  hotel_count = '',
  request_path = '/xml_all.php?userid=24&sessionid=022444689e1e001d36d47f0cd789d2f59ca775a70c5309964b275efaf16b5f6a',
  duration = '1.843',
  merge_duration = '0.074',
  assigned_supplier_count = '1',
  searched_supplier_count = '1',
  system_load_1_min = '0.57',
  system_load_5_min = '0.84',
  system_load_15_min = '1.09',
  system_memory_usage = '87.18',
  memory_usage = (SELECT COALESCE(SUM(memory_used),0) FROM xmllogs WHERE agent_logs_id = '492') + '8042560',
  parallel_search_count = '',
  mongo_archive_collection = '',
  error_description = '',
  is_cached = 'no'
WHERE id = '492';
[12/03/2020 04:13:03], [file name :-/home/otrams/public_html/otramsphp7/uat/v3otrams/extranet-app/controllers/controller.php],update room_rates set stop_sale='0' where supplier_id='S000000241' and hotel_id=53773  and inventory_class_id in ('132') and date_from >='2020-12-03' AND date_from <='2020-12-04' ;
[12/03/2020 04:13:03], [file name :-/home/otrams/public_html/otramsphp7/uat/v3otrams/extranet-app/controllers/controller.php],insert into `user_logs` set  `create_date`= '2020-12-03 04:13:03',`log_type`= 'Sell Policy',`sql_query`= 'update room_rates set stop_sale=\&#039;0\&#039; where supplier_id=\&#039;S000000241\&#039; and hotel_id=53773  and inventory_class_id in (\&#039;132\&#039;) and date_from &gt;=\&#039;2020-12-03\&#039; AND date_from &lt;=\&#039;2020-12-04\&#039; &lt;br&gt;',`log_description`= 'Updated Sell Policy For hotel RateGainOne- Inventory Room Class:-Standard From:-03-12-2020 To:-04-12-2020 Weekday Policy:-Withdraw Stop/Free Sell Weekend Policy:-Withdraw Stop/Free Sell',`ip`= '60.254.11.202',`username`= 'tfg',`user_id`= 'S000000241';
[12/03/2020 04:13:03], [file name :-/home/otrams/public_html/otramsphp7/uat/v3otrams/extranet-app/controllers/controller.php],insert into user_log_link Set `user_logs_id`='4030', `entity`='Hotels', `value`='53773' ;
[12/03/2020 04:13:03], [file name :-/home/otrams/public_html/otramsphp7/uat/v3otrams/extranet-app/controllers/controller.php],insert into user_log_link Set `user_logs_id`='4030', `entity`='Suppliers', `value`='S000000241' ;
[12/03/2020 04:13:03], [file name :-/home/otrams/public_html/otramsphp7/uat/v3otrams/extranet-app/controllers/controller.php],insert into user_log_link Set `user_logs_id`='4030', `entity`='Inventory', `value`='' ;
[12/03/2020 04:13:04], [file name :-/home/otrams/public_html/otramsphp7/uat/v3otrams/extranet-app/controllers/controller.php],insert into user_log_link Set `user_logs_id`='4030', `entity`='Roomclass', `value`='' ;
[12/03/2020 04:13:37], [file name :-/home/otrams/public_html/otramsphp7/uat/v3otrams/extranet-app/controllers/controller.php],update room_rates set  availability='5' where supplier_id='S000000241' AND hotel_id='53773' AND inventory_class_id='132'  AND date_from >='2020-12-03' AND date_from <='2021-01-02' AND FIND_IN_SET(LEFT(DAYNAME(date_from),2),'Sa,Su')='0';
[12/03/2020 04:13:37], [file name :-/home/otrams/public_html/otramsphp7/uat/v3otrams/extranet-app/controllers/controller.php],update room_rates set  availability='5' where supplier_id='S000000241' AND hotel_id='53773' AND inventory_class_id='132'  AND date_from >='2020-12-03' AND date_from <='2021-01-02' AND FIND_IN_SET(LEFT(DAYNAME(date_from),2),'Sa,Su')>'0';
[12/03/2020 04:13:37], [file name :-/home/otrams/public_html/otramsphp7/uat/v3otrams/extranet-app/controllers/controller.php],insert into `user_logs` set  `create_date`= '2020-12-03 04:13:37',`log_type`= 'Inventory Allocation',`sql_query`= 'update room_rates set  availability=\&#039;5\&#039; where supplier_id=\&#039;S000000241\&#039; AND hotel_id=\&#039;53773\&#039; AND inventory_class_id=\&#039;132\&#039;  AND date_from &gt;=\&#039;2020-12-03\&#039; AND date_from &lt;=\&#039;2021-01-02\&#039; AND FIND_IN_SET(LEFT(DAYNAME(date_from),2),\&#039;Sa,Su\&#039;)=\&#039;0\&#039;&lt;br&gt;update room_rates set  availability=\&#039;5\&#039; where supplier_id=\&#039;S000000241\&#039; AND hotel_id=\&#039;53773\&#039; AND inventory_class_id=\&#039;132\&#039;  AND date_from &gt;=\&#039;2020-12-03\&#039; AND date_from &lt;=\&#039;2021-01-02\&#039; AND FIND_IN_SET(LEFT(DAYNAME(date_from),2),\&#039;Sa,Su\&#039;)&gt;\&#039;0\&#039;',`log_description`= 'Upadated Inventory Allocation For hotel RateGainOne- Inventory:-Standard From:-03-12-2020 To:-02-01-2021 Weekday Inventory Allocation:-5 Weekend Inventory Allocation:-5',`ip`= '60.254.11.202',`username`= 'tfg',`user_id`= 'S000000241';
[12/03/2020 04:13:37], [file name :-/home/otrams/public_html/otramsphp7/uat/v3otrams/extranet-app/controllers/controller.php],insert into user_log_link Set `user_logs_id`='4031', `entity`='Hotels', `value`='53773' ;
[12/03/2020 04:13:37], [file name :-/home/otrams/public_html/otramsphp7/uat/v3otrams/extranet-app/controllers/controller.php],insert into user_log_link Set `user_logs_id`='4031', `entity`='Suppliers', `value`='S000000241' ;
[12/03/2020 04:13:37], [file name :-/home/otrams/public_html/otramsphp7/uat/v3otrams/extranet-app/controllers/controller.php],insert into user_log_link Set `user_logs_id`='4031', `entity`='Inventory', `value`='132' ;
[12/03/2020 04:14:14], [file name :-/home/otrams/public_html/otramsphp7/uat/v3otrams/hotel_search_list.php],INSERT INTO agent_logs SET  agent_id = '24' , sub_agent_id = '' , sub_user_id = '0' , branch_id = '1' , ip = '60.254.11.202' , city = 'mumbai' , service_name = '' , service_type = 'hotel' , arrival_date = '2020/12/03' , departure_date = '2020/12/04' , nationality = '106' , nights = '1' , room_types = '1' , create_date = '2020-12-03 04:14:14' , site_id = '' , country_code = '106' , web_service = '' ;
[12/03/2020 04:14:16], [file name :-/home/otrams/public_html/otramsphp7/uat/v3otrams/call.php],INSERT INTO xmllogs(reservation_id, type, request_path, response_path, header_path, source_type, create_date, header, session_id, agent_logs_id)
VALUE ('', 'AVAILABILITY', '/request_placeholder.xml', '/response_placeholder.xml', '/response_header_placeholder.xml', 'localsystem', '2020-12-03 04:14:16', '', '022444689e1e001d36d47f0cd789d2f59ca775a70c5309964b275efaf16b5f6a', '493');
[12/03/2020 04:14:16], [file name :-/home/otrams/public_html/otramsphp7/uat/v3otrams/call.php],UPDATE xmllogs SET
hotel_count = ''
, request_url = '/call.php?s=localsystem&sessionid=022444689e1e001d36d47f0cd789d2f59ca775a70c5309964b275efaf16b5f6a&xml_user_id=24&request_no=1&local_hotel_code=53769&#039;,&#039;53771&#039;,&#039;53773&#039;,&#039;53775&#039;,&#039;53776&#039;,&#039;53742&web_service=no&site_id='
, http_hit_time = '2020-12-03 04:14:15.941'
, request_start_time = '0.000'
, parsing_start_time = '0.000'
, mapping_complete_time = '0.000'
, mongo_start_time = '0.000'
, search_end_time = '0.000'
, total_duration = '0.583'
, error_description = ''
, memory_used = '7908664'
WHERE id = '3323';
[12/03/2020 04:14:16], [file name :-/home/otrams/public_html/otramsphp7/uat/v3otrams/call.php],INSERT INTO xmllogs(reservation_id, type, request_path, response_path, header_path, source_type, create_date, header, session_id, agent_logs_id)
VALUE ('', 'AVAILABILITY', '/request_placeholder.xml', '/response_placeholder.xml', '/response_header_placeholder.xml', 'localsystem', '2020-12-03 04:14:16', '', '022444689e1e001d36d47f0cd789d2f59ca775a70c5309964b275efaf16b5f6a', '493');
[12/03/2020 04:14:16], [file name :-/home/otrams/public_html/otramsphp7/uat/v3otrams/call.php],UPDATE xmllogs SET
hotel_count = ''
, request_url = '/call.php?s=localsystem&sessionid=022444689e1e001d36d47f0cd789d2f59ca775a70c5309964b275efaf16b5f6a&xml_user_id=24&request_no=0&local_hotel_code=2&#039;,&#039;97&#039;,&#039;53716&#039;,&#039;53734&#039;,&#039;53735&#039;,&#039;53736&#039;,&#039;53737&#039;,&#039;53738&#039;,&#039;53739&#039;,&#039;53740&#039;,&#039;53741&#039;,&#039;53744&#039;,&#039;53745&#039;,&#039;53746&#039;,&#039;53747&#039;,&#039;53748&#039;,&#039;53749&#039;,&#039;53750&#039;,&#039;53751&#039;,&#039;53757&#039;,&#039;53758&#039;,&#039;53759&#039;,&#039;53766&#039;,&#039;53767&#039;,&#039;53768&web_service=no&site_id='
, http_hit_time = '2020-12-03 04:14:15.964'
, request_start_time = '0.000'
, parsing_start_time = '0.000'
, mapping_complete_time = '0.000'
, mongo_start_time = '0.000'
, search_end_time = '0.000'
, total_duration = '1.004'
, error_description = ''
, memory_used = '7910104'
WHERE id = '3324';
[12/03/2020 04:14:17], [file name :-/home/otrams/public_html/otramsphp7/uat/v3otrams/xml_all.php],UPDATE agent_logs SET
  hotel_count = '',
  request_path = '/xml_all.php?userid=24&sessionid=022444689e1e001d36d47f0cd789d2f59ca775a70c5309964b275efaf16b5f6a',
  duration = '1.383',
  merge_duration = '0.057',
  assigned_supplier_count = '1',
  searched_supplier_count = '1',
  system_load_1_min = '0.30',
  system_load_5_min = '0.62',
  system_load_15_min = '0.97',
  system_memory_usage = '87.19',
  memory_usage = (SELECT COALESCE(SUM(memory_used),0) FROM xmllogs WHERE agent_logs_id = '493') + '8042752',
  parallel_search_count = '',
  mongo_archive_collection = '',
  error_description = '',
  is_cached = 'no'
WHERE id = '493';
[12/03/2020 04:14:27], [file name :-/home/otrams/public_html/otramsphp7/uat/v3otrams/book_now.php],INSERT INTO autogenerator_reservation (reservation_id, remote_id) VALUES ('1606968867','60.254.11.202');
[12/03/2020 04:14:52], [file name :-/home/otrams/public_html/otramsphp7/uat/v3otrams/book_now.php],INSERT INTO autogenerator_reservation (reservation_id, remote_id) VALUES ('1606968892','60.254.11.202');
[12/03/2020 04:14:58], [file name :-/home/otrams/public_html/otramsphp7/uat/v3otrams/confirm_booking.php],INSERT INTO bookings SET  source_type = 'localsystem', reservation_id = '1894', create_date = '2020-12-03 04:14:57', agent_id = '24', parent_agent_id = '24', agent_ref_no = '', nationality = 'Indian', city_id = 'mumbai', country_id = '106', current_status = 'inprocess-booking', is_xml = '0', display_room_rate = '29.94', display_currency_code = 'USD', native_room_rate = '100', native_currency_code = 'AED', supplier_profile_id = '1', service_type = 'hotel', service_date = '2020/12/03', check_out_date = '2020/12/04', sub_user_id = '', booking_status = '1', leader_title = 'Mrs', leader_first_name = 'Deep', leader_last_name = 'Mishra', booking_branch_id = '1', expiration_date = '2020-12-01 00:00:00', cancellation_policy = 'Amendment of Dates, Room Category, Passenger Names are considered as Cancel and Rebook by most of the Hotels.
        Any Changes in initial booking may be denied by the supplier or may result in extra charges.
        Confirmation of amendment requests is subject to availablity and rates at the time of amendment.<Br><Br><B><U>Detailed Cancellation Policy:</U></B> <br/> Cancellation Charges of 29.94 USD applicable if cancelled after 01-Dec-2020 05:30 hrs.', supplier_cancellation_policy = '', status_date = '2020-12-03 04:14:57',  site_url = 'https://alpha.otrams.thefabulousgetaway.com/';
[12/03/2020 04:14:58], [file name :-/home/otrams/public_html/otramsphp7/uat/v3otrams/confirm_booking.php],INSERT INTO external_mapping_data_tracking (booking_id,search_hotel_name,booked_hotel_name_supplier,hotel_id,master_id,city_id,supplier,date) VALUES ('3066','RATEGAINONE','RATEGAINONE','53773','53773','mumbai','LOCAL_SUPPLIER',NOW());
[12/03/2020 04:14:58], [file name :-/home/otrams/public_html/otramsphp7/uat/v3otrams/confirm_booking.php],UPDATE
        bookings
        SET
        booking_branch_id= '1'
        WHERE
        id='3066'
        ;
[12/03/2020 04:14:58], [file name :-/home/otrams/public_html/otramsphp7/uat/v3otrams/confirm_booking.php],insert into bookings_details(booking_id,supplier_id,total_rooms,total_adults,total_children,total_infants,rate_description ,rate_code,hotel_id,local_hotel_id,hotel_name,hotel_address1,hotel_phone,hotel_rating,total_nights,arrival_date,departure_date,room_rate_code,hotel_img)values('3066','S000000241','1','1','0','-','','','53773','53773','RATEGAINONE','Mumbai','123456789','5.0','1','2020/12/03','2020/12/04','','https://alpha.otrams.thefabulousgetaway.com/project_folder/tfg_project/images/imagenotavailable.jpg');
[12/03/2020 04:14:58], [file name :-/home/otrams/public_html/otramsphp7/uat/v3otrams/confirm_booking.php], insert into booking_room_detail set  booking_id = '3066', booking_detail_id = '1204', room_type_code = '1~~~132~~~1039~~~1~~~~~~~~~64440~~~0~~~S000000241', room_name = 'single', room_type_description = 'Standard  -Bed & Breakfast : 1 Pax <font color=\'red\'>-D</font>', display_nightly_rates = 'a:1:{i:0;a:3:{s:18:\"displayNightlyRate\";d:29.94;s:16:\"promotionDisplay\";s:0:\"\";s:25:\"displayNightlyRateDisplay\";s:188:\"Supplier Name - localsupplier(RateGainSupplier - S000000241), Rate - 100 AED, Currency Multiplier (AED-USD) - 0.27222 Supplier Commission-0 #localsystem Agent Hotel Category Markup=10.00 %\";}}', native_nightly_rates = 'a:1:{i:0;a:4:{s:19:\"O_nativeNightlyRate\";i:100;s:17:\"nativeNightlyRate\";i:100;s:9:\"free_sale\";s:2:\"no\";s:14:\"Discount/Offer\";a:7:{s:4:\"code\";s:0:\"\";s:4:\"Name\";s:0:\"\";s:7:\"S_Value\";s:0:\"\";s:5:\"Value\";i:0;s:12:\"Display_Name\";s:0:\"\";s:10:\"Offer_Note\";N;s:10:\"Offer_Type\";N;}}}', markup = '0', commission = '0', native_room_rate_total = '100', display_room_rate_total = '29.94', number_of_rooms = '1';
[12/03/2020 04:14:58], [file name :-/home/otrams/public_html/otramsphp7/uat/v3otrams/confirm_booking.php], insert into passangers set  booking_id = '3066', booking_detail_id = '1204', rid = '1802', room = '0', salutations = 'Mrs', first_name = 'Deep', last_name = 'Mishra', passenger_type = 'adult', age = '';
[12/03/2020 04:14:58], [file name :-/home/otrams/public_html/otramsphp7/uat/v3otrams/confirm_booking.php],update bookings set  special_remark = '', itenirary_id = '', confirmation_number = '', display_discount = '0', current_status = 'confirmed', comment_contract = '', consultant_id = 'SalesConsultant', sales_manager_id = '', admin_booked = '1', email_id = 'deep.mishra@rategain.com', leader_phone = '+123451914108628', agent_currency_multiplier = '1.00000', ip_addr = '60.254.11.202', backoffice_user = 'tfg', customer_id = '', applied_multiplier='0.27222', free_sale='',  applied_markup='10',  agent_markup='10',  basecurrency_multiplier='1.00000',  basecurrency_multiplier_native='0.27222',  parent_agent_id='24',  sub_agent_rate='0', agent_rate='29.94',  applicable_service_tax='0',  supplier_rate='100',  original_source='',  uid='52ddff813e50c16eb64e107962aca443'  where id='3066';
[12/03/2020 04:14:58], [file name :-/home/otrams/public_html/otramsphp7/uat/v3otrams/confirm_booking.php],update bookings_details set touricoRoomResId ='', gta_item_confirm_ref='' ,gtaToken = '' , special_request='' where booking_id ='3066';
[12/03/2020 04:14:58], [file name :-/home/otrams/public_html/otramsphp7/uat/v3otrams/confirm_booking.php],update bookings_details set reservation_pushed = '1', channel_manager = 'rategain',room_type_description='' where booking_id = '3066';
[12/03/2020 04:14:58], [file name :-/home/otrams/public_html/otramsphp7/uat/v3otrams/confirm_booking.php],INSERT INTO booking_cancellation_policy(booking_id,from_date,supplier_from_date,supplier_charge,agent_charge,lead_time,create_date)  VALUES('3066','2020-12-01 05:30:00','2020-12-01 05:30:00','100','29.94','0','2020-12-03 04:14:58');
[12/03/2020 04:14:58], [file name :-/home/otrams/public_html/otramsphp7/uat/v3otrams/confirm_booking.php],insert into booking_lat_long(booking_id,latitude,longitude) values ('3066','','');
[12/03/2020 04:14:58], [file name :-/home/otrams/public_html/otramsphp7/uat/v3otrams/confirm_booking.php],INSERT INTO booking_status (booking_id,status,create_date,memo,agent_id,ip_address,admin,modify_by) VALUES ('3066','confirmed','2020-12-03 04:14:58','Booking confirmed . Booked by Back Office tfg on behalf of Agent - Snehal  Valanju(CD0024)','24','60.254.11.202','0','24');
[12/03/2020 04:14:58], [file name :-/home/otrams/public_html/otramsphp7/uat/v3otrams/confirm_booking.php],INSERT INTO booking_search_log(booking_id, details)
        VALUES(3066, 'a:30:{s:3:\"_id\";a:1:{s:4:\"$oid\";s:24:\"5fc866187e5f274c872df0f7\";}s:7:\"hotelId\";s:25:\"53773----------S000000241\";s:4:\"name\";s:11:\"RATEGAINONE\";s:14:\"local_hotel_id\";s:5:\"53773\";s:8:\"address1\";s:6:\"Mumbai\";s:8:\"latitude\";s:0:\"\";s:9:\"longitude\";s:0:\"\";s:4:\"city\";s:5:\"64440\";s:8:\"location\";s:0:\"\";s:14:\"prefered_hotel\";s:1:\"0\";s:10:\"mlosSlogan\";s:0:\"\";s:16:\"isMlosApplicable\";s:2:\"no\";s:7:\"country\";s:3:\"106\";s:16:\"rateCurrencyCode\";s:3:\"USD\";s:5:\"phone\";s:9:\"123456789\";s:16:\"shortDescription\";s:24:\"No Description Available\";s:11:\"website_url\";s:0:\"\";s:12:\"thumbNailUrl\";s:99:\"https://alpha.otrams.thefabulousgetaway.com/project_folder/tfg_project/images/imagenotavailable.jpg\";s:10:\"sourceType\";s:11:\"localsystem\";s:10:\"supplierid\";s:10:\"S000000241\";s:12:\"suppliername\";s:16:\"RateGainSupplier\";s:14:\"propertyRating\";s:3:\"5.0\";s:15:\"specialCategory\";a:1:{i:0;s:1:\"1\";}s:13:\"HotelProperty\";a:1:{s:11:\"localsystem\";a:1:{i:0;a:1:{s:8:\"RateInfo\";a:13:{s:10:\"room_rates\";a:1:{i:0;a:33:{s:11:\"ratebreakup\";a:4:{s:6:\"markup\";i:0;s:10:\"commission\";i:0;s:18:\"NativeNightlyRates\";a:1:{i:0;a:4:{s:19:\"O_nativeNightlyRate\";i:100;s:17:\"nativeNightlyRate\";i:100;s:9:\"free_sale\";s:2:\"no\";s:14:\"Discount/Offer\";a:7:{s:4:\"code\";s:0:\"\";s:4:\"Name\";s:0:\"\";s:7:\"S_Value\";s:0:\"\";s:5:\"Value\";i:0;s:12:\"Display_Name\";s:0:\"\";s:10:\"Offer_Note\";N;s:10:\"Offer_Type\";N;}}}s:19:\"DisplayNightlyRates\";a:1:{i:0;a:3:{s:18:\"displayNightlyRate\";d:29.94;s:16:\"promotionDisplay\";s:0:\"\";s:25:\"displayNightlyRateDisplay\";s:188:\"Supplier Name - localsupplier(RateGainSupplier - S000000241), Rate - 100 AED, Currency Multiplier (AED-USD) - 0.27222 Supplier Commission-0 #localsystem Agent Hotel Category Markup=10.00 %\";}}}s:20:\"offer_promotion_note\";s:0:\"\";s:19:\"offer_discount_type\";s:0:\"\";s:27:\"offer_discount_note_details\";N;s:9:\"room_name\";s:6:\"single\";s:9:\"stay_note\";N;s:10:\"time_stamp\";s:32:\"b240bef3a93c0faf9520e78fd861f263\";s:16:\"number_of_adults\";s:1:\"1\";s:10:\"view_basis\";s:0:\"\";s:13:\"view_basis_id\";s:1:\"0\";s:9:\"available\";i:1;s:9:\"free_sale\";N;s:7:\"minStay\";s:1:\"0\";s:19:\"displayCurrencyCode\";s:3:\"USD\";s:18:\"nativeCurrencyCode\";s:3:\"AED\";s:20:\"displayRoomTypeRates\";d:29.94;s:20:\"sortingRoomTypeRates\";d:29.94;s:19:\"nativeRoomTypeRates\";i:100;s:12:\"offerApplied\";N;s:7:\"room_id\";s:49:\"1~~~132~~~1039~~~1~~~~~~~~~64440~~~0~~~S000000241\";s:14:\"room_type_code\";s:1:\"1\";s:14:\"boardtype_code\";s:1:\"1\";s:16:\"valuation_number\";s:49:\"1~~~132~~~1039~~~1~~~~~~~~~64440~~~0~~~S000000241\";s:15:\"number_of_child\";i:0;s:13:\"NumberOfRooms\";i:1;s:10:\"supplierId\";s:10:\"S000000241\";s:12:\"supplierName\";s:16:\"RateGainSupplier\";s:10:\"meal_basis\";s:15:\"Bed & Breakfast\";s:4:\"note\";s:0:\"\";s:13:\"room_category\";s:13:\"Standard Room\";s:9:\"room_type\";s:62:\"Standard  -Bed & Breakfast : 1 Pax <font color=\'red\'>-D</font>\";s:14:\"non_refundable\";s:1:\"0\";s:15:\"class_unique_id\";s:17:\"0_0_53773_1316883\";}}s:9:\"available\";i:1;s:15:\"displayRoomRate\";d:29.94;s:14:\"nativeRoomRate\";i:100;s:9:\"unique_id\";s:37:\"1_53773----------S000000241_1_0_87455\";s:10:\"supplierId\";s:10:\"S000000241\";s:19:\"displayCurrencyCode\";s:3:\"USD\";s:18:\"nativeCurrencyCode\";s:3:\"AED\";s:18:\"applied_markup_per\";i:10;s:18:\"applied_multiplier\";d:0.27222;s:19:\"supplier_profile_id\";s:1:\"1\";s:13:\"supplier_data\";a:5:{s:7:\"hotelId\";s:25:\"53773----------S000000241\";s:10:\"sourceType\";s:11:\"localsystem\";s:15:\"supp_hotel_name\";s:11:\"RATEGAINONE\";s:18:\"supp_hotel_address\";s:6:\"Mumbai\";s:10:\"supplierId\";s:10:\"S000000241\";}s:8:\"no_class\";i:0;}}}}s:13:\"total_charges\";d:29.94;s:17:\"propertyAvailable\";i:1;s:8:\"no_class\";i:0;s:18:\"sort_total_charges\";d:29.94;s:16:\"hotel_name_ascii\";s:11:\"rategainone\";s:13:\"supplier_data\";a:5:{s:7:\"hotelId\";s:25:\"53773----------S000000241\";s:10:\"sourceType\";s:11:\"localsystem\";s:15:\"supp_hotel_name\";s:11:\"RATEGAINONE\";s:18:\"supp_hotel_address\";s:6:\"Mumbai\";s:10:\"supplierId\";s:10:\"S000000241\";}}');
[12/03/2020 04:14:58], [file name :-/home/otrams/public_html/otramsphp7/uat/v3otrams/confirm_booking.php],INSERT INTO booking_cancellation_policy(booking_id,from_date,supplier_from_date,to_date,supplier_to_date,supplier_charge,agent_charge,lead_time,create_date,applied_agent_charges)  VALUES('3066','2020-12-01 05:30:00','2020-12-01 05:30:00','1970-01-01 00:00:00','1970-01-01 00:00:00','100','29.94','0','2020-12-03 04:14:58','');
[12/03/2020 04:14:58], [file name :-/home/otrams/public_html/otramsphp7/uat/v3otrams/confirm_booking.php],update bookings_details set reservation_pushed = '1', channel_manager = 'rategain',room_type_description='' where booking_id = '3066';
[12/03/2020 04:14:58], [file name :-/home/otrams/public_html/otramsphp7/uat/v3otrams/confirm_booking.php],INSERT INTO bookings_applicable_offer set  oid= '',  offer_type_code= '',  booking_id= '3066',  room_id= '1~~~132~~~1039~~~1~~~~~~~~~64440~~~0~~~S000000241',  room_name= 'single',  supplier_id= 'S000000241',  agent_id= '',  applied_native_discount= '0',  original_native_rate= '100',  native_rate= '100',  promotion_text= '',  offer_disc_type= '',  offer_disc_value= '',  offer_disc_currency= '',  create_date= '2020-12-03 04:14:58' ;
[12/03/2020 04:14:58], [file name :-/home/otrams/public_html/otramsphp7/uat/v3otrams/confirm_booking.php],update bookings set confirmation_number='',itenirary_id='3066' where  id ='3066';
[12/03/2020 04:14:58], [file name :-/home/otrams/public_html/otramsphp7/uat/v3otrams/confirm_booking.php],UPDATE room_rates SET availability = availability-1,consumed_inventory = consumed_inventory+1 WHERE hotel_id = '53773' and inventory_class_id = '132' and supplier_id = 'S000000241' and date_from = '2020-12-03';
[12/03/2020 04:14:58], [file name :-/home/otrams/public_html/otramsphp7/uat/v3otrams/confirm_booking.php],update supplement_rate set inventory = '0' where supplement_rate_id = '1';
[12/03/2020 04:14:58], [file name :-/home/otrams/public_html/otramsphp7/uat/v3otrams/confirm_booking.php], insert into booking_configuration set  booking_id = '3066', config_key = 'BOOKING OTP', config_value = 'pm7P5HZi';;
[12/03/2020 04:14:58], [file name :-/home/otrams/public_html/otramsphp7/uat/v3otrams/confirm_booking.php],insert into email_logs SET `subject`= ' TFG103066 /  Booking Confirmed ',from_email_id= 'sanket.desai@qtechsoftware.com',body= '[encoded data, 40400 characters]',to_email_id= 'snehal.valanju@qtechsoftware.com',cc= '',bcc= '',status= 'Success',page_url= '/confirm_booking.php',create_date= '2020-12-03 04:14:58';
[12/03/2020 04:14:58], [file name :-/home/otrams/public_html/otramsphp7/uat/v3otrams/confirm_booking.php],insert into temp(booking_id,mail_send_to)values('3066','snehal.valanju@qtechsoftware.com');
[12/03/2020 04:14:58], [file name :-/home/otrams/public_html/otramsphp7/uat/v3otrams/confirm_booking.php],insert into temp(booking_id,mail_send_to)values('3066','snehal.valanju@qtechsoftware.com');
[12/03/2020 04:14:58], [file name :-/home/otrams/public_html/otramsphp7/uat/v3otrams/confirm_booking.php],update posted_bookings set booking_id='3066',status='1' where reservation_id='1894' and booking_id ='0';
[12/03/2020 04:14:58], [file name :-/home/otrams/public_html/otramsphp7/uat/v3otrams/confirm_booking.php],update xmllogs set reservation_id='3066' where agent_logs_id='493' and source_type='localsystem';
[12/03/2020 04:14:58], [file name :-/home/otrams/public_html/otramsphp7/uat/v3otrams/confirm_booking.php],INSERT INTO booking_commission set agent_commission='',  supplier_commission='',  profit_percent='',  gross_profit='',  commission_tax='',  booking_id ='3066',  create_date ='2020-12-03 04:14:58', supplier_tax='';
[12/03/2020 04:14:58], [file name :-/home/otrams/public_html/otramsphp7/uat/v3otrams/confirm_booking.php],update bookings set voucher_id='Test123',status_date='2020-12-03 04:14:58',current_status='vouchered',voucher_hashcode='21d709a6a7c245da2c5009c7961f6907777153066',vouchered_by ='' where id='3066';
[12/03/2020 04:14:58], [file name :-/home/otrams/public_html/otramsphp7/uat/v3otrams/confirm_booking.php],Insert into booking_configuration set booking_id='3066',config_key='VOUCHER_DATE', config_value='2020-12-03 04:14:58',create_date='2020-12-03 04:14:58';
[12/03/2020 04:14:58], [file name :-/home/otrams/public_html/otramsphp7/uat/v3otrams/confirm_booking.php],INSERT INTO autogenerator_invoice_number (id, number) VALUES ('','1606968898');
[12/03/2020 04:14:58], [file name :-/home/otrams/public_html/otramsphp7/uat/v3otrams/confirm_booking.php],update bookings set is_invoiced='yes',invoice_number= '2020/393' where id='3066' and is_invoiced!='yes';
[12/03/2020 04:14:59], [file name :-/home/otrams/public_html/otramsphp7/uat/v3otrams/confirm_booking.php],UPDATE agents SET credit_usage=credit_usage+('29.94'),   credit_value= credit_value-('29.94') ,  cd_credit_usage=cd_credit_usage+('29.94') , cd_credit_value=cd_credit_value-('29.94')  WHERE id = '24';
[12/03/2020 04:14:59], [file name :-/home/otrams/public_html/otramsphp7/uat/v3otrams/confirm_booking.php],insert into  agent_credit_log SET agent_id= '24',credit_value= '9946.100',credit_usage= '53.900',credit_limit= '10000',receipt_id= '',amount= '29.94',booking_id='3066',booking_cost= '29.94',receipt_allocation= '',balance= '29.94',ip='60.254.11.202',user_type='User',admin_id='Agent - Snehal  Valanju(CD0024)',temp_credit_limit='',log_type='Add Invoice',note='Add Invoice',create_date='2020-12-03 04:12:59';
[12/03/2020 04:14:59], [file name :-/home/otrams/public_html/otramsphp7/uat/v3otrams/confirm_booking.php],insert into booking_rate_info set agent_price='0',sub_agent_price='0',supplier_currency='AED',supplier_price='100',supplier_type='offline',supplier_id='S000000241',acc_type='purchase',accounting_multiplier='0.27222',booking_id='3066',booking_log='Booking Vouchered',type='Sale',create_date='2020-12-03 04:14:59',account_invoice='2020/393',particulars='';
[12/03/2020 04:14:59], [file name :-/home/otrams/public_html/otramsphp7/uat/v3otrams/confirm_booking.php],insert into booking_rate_info set agent_price='29.94',sub_agent_price='0',supplier_price='0',acc_type='sale',accounting_multiplier='1.00000',booking_id='3066',booking_log='Booking Vouchered',type='Sale',create_date='2020-12-03 04:14:59',account_invoice='2020/393',particulars='';
[12/03/2020 04:14:59], [file name :-/home/otrams/public_html/otramsphp7/uat/v3otrams/confirm_booking.php],DELETE FROM accounts_invoice_transaction WHERE bid = 1508;
[12/03/2020 04:14:59], [file name :-/home/otrams/public_html/otramsphp7/uat/v3otrams/confirm_booking.php],INSERT INTO accounts_invoice_transaction SET bid= '1508',booking_id= '3066',invoice_number= '2020/393',service_type= 'hotel',booking_type= 'online',service_name= 'RATEGAINONE',type= 'sale',room_type= 'single',quantity_room= '1',from_date= '2020/12/03',to_date= '2020/12/04',quantity= '1',price= '29.94',total_price= '29.94';
[12/03/2020 04:14:59], [file name :-/home/otrams/public_html/otramsphp7/uat/v3otrams/confirm_booking.php],insert into email_logs SET `subject`= 'The Fabulous Getaway Tax Dispute(TaxInvoice)',from_email_id= 'sanket.desai@qtechsoftware.com',body= 'Rm9yIEZvbGxvd2luZyBib29raW5nIFRheCBpcyBub3QgaW5zZXJ0ZWQ8YnI+Qm9va2luZ0lkOi0zMDY2PGJyPkludm9pY2Ugbm86LTIwMjAvMzkzPGJyPmJyYW5jaF9pZDotMTxicj5UeXBlOi1hZ2VudDxicj5BY2NvdW50IHR5cGU6LXNhbGU8YnI+',to_email_id= 'sanket.desai@qtechsoftware.com',cc= '',bcc= '',status= 'Success',page_url= '/confirm_booking.php',create_date= '2020-12-03 04:14:59';
[12/03/2020 04:14:59], [file name :-/home/otrams/public_html/otramsphp7/uat/v3otrams/confirm_booking.php], insert into email_trigger set  subject ='The Fabulous Getaway Tax Dispute',  message='For Following booking Tax is not inserted<br>BookingId:-3066<br>Invoice no:-2020/393<br>branch_id:-1<br>Type:-agent<br>Account type:-sale<br>',  email_sent ='yes', create_date ='2020-12-03 04:14:59', email_sent_to ='sanket.desai@qtechsoftware.com,TESTER_EMAIL_ID', email_type ='TaxInvoice';
[12/03/2020 04:14:59], [file name :-/home/otrams/public_html/otramsphp7/uat/v3otrams/confirm_booking.php],INSERT INTO booking_status (visa_id,visa_status,booking_id,status,create_date,memo,agent_id,ip_address,admin,modify_by,crons) VALUES
        ('','','3066','vouchered-invoiced','2020-12-03 04:14:59','Booking invoiced by Back Office tfg on behalf of Agent - Snehal  Valanju(CD0024)','24','60.254.11.202','','','');
[12/03/2020 04:14:59], [file name :-/home/otrams/public_html/otramsphp7/uat/v3otrams/confirm_booking.php],INSERT INTO agent_commission SET booking_id ='3066',booking_detail_id ='3066',agent_id ='24',is_sub_agent ='N',parent_id ='',display_commission ='2.7222',display_currency ='USD',paid ='N',type ='hotel',description ='Agent Mark Up Percentage is 10 %',create_date ='2020-12-03 04:14:59';
[12/03/2020 04:14:59], [file name :-/home/otrams/public_html/otramsphp7/uat/v3otrams/confirm_booking.php],insert into accounting_status set booking_id ='3066',acc_sales_export='0',acc_purchase_export='0',acc_status='A';
[12/03/2020 04:14:59], [file name :-/home/otrams/public_html/otramsphp7/uat/v3otrams/confirm_booking.php],INSERT INTO booking_status (visa_id,visa_status,booking_id,status,create_date,memo,agent_id,ip_address,admin,modify_by,crons) VALUES
        ('','','3066','vouchered','2020-12-03 04:14:59','Voucherd by Back Office tfg on behalf of Agent - Snehal  Valanju(CD0024)','24','60.254.11.202','','','');
[12/03/2020 04:15:01], [file name :-/home/otrams/public_html/otramsphp7/uat/v3otrams/confirm_booking.php],insert into email_logs SET `subject`= ' TFG103066 /  Booking Vouchered ',from_email_id= 'sanket.desai@qtechsoftware.com',body= '[encoded data, 28148 characters]',to_email_id= 'snehal.valanju@qtechsoftware.com,SalesConsultant@gmail.com',cc= '',bcc= '',status= 'Success',page_url= '/confirm_booking.php',create_date= '2020-12-03 04:15:01';
[12/03/2020 04:15:01], [file name :-/home/otrams/public_html/otramsphp7/uat/v3otrams/confirm_booking.php],insert into temp(booking_id,mail_send_to)values('3066','snehal.valanju@qtechsoftware.com');
[12/03/2020 04:15:01], [file name :-/home/otrams/public_html/otramsphp7/uat/v3otrams/confirm_booking.php],insert into temp(booking_id,mail_send_to)values('3066','SalesConsultant@gmail.com');
[12/03/2020 04:17:24], [file name :-/home/otrams/public_html/otramsphp7/uat/v3otrams/crons/channel_manager_push_reservation.php],update bookings_details set reservation_pushed = '0', channel_manager = 'rategain',room_type_description='' where booking_id = '3066';
[12/03/2020 04:18:42], [file name :-/home/otrams/public_html/otramsphp7/uat/v3otrams/hotel_search_list.php],INSERT INTO agent_logs SET  agent_id = '24' , sub_agent_id = '' , sub_user_id = '0' , branch_id = '1' , ip = '60.254.11.202' , city = 'mumbai' , service_name = '' , service_type = 'hotel' , arrival_date = '2021/06/03' , departure_date = '2021/06/04' , nationality = '106' , nights = '1' , room_types = '1' , create_date = '2020-12-03 04:18:42' , site_id = '' , country_code = '106' , web_service = '' ;
[12/03/2020 04:18:44], [file name :-/home/otrams/public_html/otramsphp7/uat/v3otrams/call.php],INSERT INTO xmllogs(reservation_id, type, request_path, response_path, header_path, source_type, create_date, header, session_id, agent_logs_id)
VALUE ('', 'AVAILABILITY', '/request_placeholder.xml', '/response_placeholder.xml', '/response_header_placeholder.xml', 'localsystem', '2020-12-03 04:18:44', '', '022444689e1e001d36d47f0cd789d2f59ca775a70c5309964b275efaf16b5f6a', '494');
[12/03/2020 04:18:45], [file name :-/home/otrams/public_html/otramsphp7/uat/v3otrams/call.php],UPDATE xmllogs SET
hotel_count = ''
, request_url = '/call.php?s=localsystem&sessionid=022444689e1e001d36d47f0cd789d2f59ca775a70c5309964b275efaf16b5f6a&xml_user_id=24&request_no=0&local_hotel_code=2&#039;,&#039;97&#039;,&#039;53716&#039;,&#039;53734&#039;,&#039;53735&#039;,&#039;53736&#039;,&#039;53737&#039;,&#039;53738&#039;,&#039;53739&#039;,&#039;53740&#039;,&#039;53741&#039;,&#039;53744&#039;,&#039;53745&#039;,&#039;53746&#039;,&#039;53747&#039;,&#039;53748&#039;,&#039;53749&#039;,&#039;53750&#039;,&#039;53751&#039;,&#039;53757&#039;,&#039;53758&#039;,&#039;53759&#039;,&#039;53766&#039;,&#039;53767&#039;,&#039;53768&web_service=no&site_id='
, http_hit_time = '2020-12-03 04:18:44.25'
, request_start_time = '0.000'
, parsing_start_time = '0.000'
, mapping_complete_time = '0.000'
, mongo_start_time = '0.000'
, search_end_time = '0.000'
, total_duration = '1.042'
, error_description = ''
, memory_used = '7910104'
WHERE id = '3325';
[12/03/2020 04:18:45], [file name :-/home/otrams/public_html/otramsphp7/uat/v3otrams/call.php],INSERT INTO xmllogs(reservation_id, type, request_path, response_path, header_path, source_type, create_date, header, session_id, agent_logs_id)
VALUE ('', 'AVAILABILITY', '/request_placeholder.xml', '/response_placeholder.xml', '/response_header_placeholder.xml', 'localsystem', '2020-12-03 04:18:45', '', '022444689e1e001d36d47f0cd789d2f59ca775a70c5309964b275efaf16b5f6a', '494');
[12/03/2020 04:18:45], [file name :-/home/otrams/public_html/otramsphp7/uat/v3otrams/call.php],UPDATE xmllogs SET
hotel_count = ''
, request_url = '/call.php?s=localsystem&sessionid=022444689e1e001d36d47f0cd789d2f59ca775a70c5309964b275efaf16b5f6a&xml_user_id=24&request_no=1&local_hotel_code=53769&#039;,&#039;53771&#039;,&#039;53773&#039;,&#039;53775&#039;,&#039;53776&#039;,&#039;53742&web_service=no&site_id='
, http_hit_time = '2020-12-03 04:18:44.66'
, request_start_time = '0.000'
, parsing_start_time = '0.000'
, mapping_complete_time = '0.000'
, mongo_start_time = '0.000'
, search_end_time = '0.000'
, total_duration = '1.307'
, error_description = ''
, memory_used = '7908664'
WHERE id = '3326';
[12/03/2020 04:18:45], [file name :-/home/otrams/public_html/otramsphp7/uat/v3otrams/xml_all.php],UPDATE agent_logs SET
  hotel_count = '',
  request_path = '/xml_all.php?userid=24&sessionid=022444689e1e001d36d47f0cd789d2f59ca775a70c5309964b275efaf16b5f6a',
  duration = '1.742',
  merge_duration = '0.068',
  assigned_supplier_count = '1',
  searched_supplier_count = '1',
  system_load_1_min = '0.33',
  system_load_5_min = '0.69',
  system_load_15_min = '0.93',
  system_memory_usage = '87.25',
  memory_usage = (SELECT COALESCE(SUM(memory_used),0) FROM xmllogs WHERE agent_logs_id = '494') + '8042752',
  parallel_search_count = '',
  mongo_archive_collection = '',
  error_description = '',
  is_cached = 'no'
WHERE id = '494';
[12/03/2020 04:18:54], [file name :-/home/otrams/public_html/otramsphp7/uat/v3otrams/book_now.php],INSERT INTO autogenerator_reservation (reservation_id, remote_id) VALUES ('1606969134','60.254.11.202');
[12/03/2020 04:19:12], [file name :-/home/otrams/public_html/otramsphp7/uat/v3otrams/book_now.php],INSERT INTO autogenerator_reservation (reservation_id, remote_id) VALUES ('1606969152','60.254.11.202');
[12/03/2020 04:19:18], [file name :-/home/otrams/public_html/otramsphp7/uat/v3otrams/confirm_booking.php],INSERT INTO bookings SET  source_type = 'localsystem', reservation_id = '1896', create_date = '2020-12-03 04:19:18', agent_id = '24', parent_agent_id = '24', agent_ref_no = '', nationality = 'Indian', city_id = 'mumbai', country_id = '106', current_status = 'inprocess-booking', is_xml = '0', display_room_rate = '11.98', display_currency_code = 'USD', native_room_rate = '40', native_currency_code = 'AED', supplier_profile_id = '1', service_type = 'hotel', service_date = '2021/06/03', check_out_date = '2021/06/04', sub_user_id = '', booking_status = '1', leader_title = 'Mr', leader_first_name = 'Deep', leader_last_name = 'Mishra', booking_branch_id = '1', expiration_date = '2020-12-03 04:19:00', cancellation_policy = 'Amendment of Dates, Room Category, Passenger Names are considered as Cancel and Rebook by most of the Hotels.
        Any Changes in initial booking may be denied by the supplier or may result in extra charges.
        Confirmation of amendment requests is subject to availablity and rates at the time of amendment.<Br><Br><B><U>Detailed Cancellation Policy:</U></B> <br/> Cancellation Charges of 11.98 USD applicable if cancelled after 03 Dec 2020 09:48 hrs.', supplier_cancellation_policy = '', status_date = '2020-12-03 04:19:18',  site_url = 'https://alpha.otrams.thefabulousgetaway.com/';
[12/03/2020 04:19:18], [file name :-/home/otrams/public_html/otramsphp7/uat/v3otrams/confirm_booking.php],INSERT INTO external_mapping_data_tracking (booking_id,search_hotel_name,booked_hotel_name_supplier,hotel_id,master_id,city_id,supplier,date) VALUES ('3067','RATEGAINONE','RATEGAINONE','53773','53773','mumbai','LOCAL_SUPPLIER',NOW());
[12/03/2020 04:19:18], [file name :-/home/otrams/public_html/otramsphp7/uat/v3otrams/confirm_booking.php],UPDATE
        bookings
        SET
        booking_branch_id= '1'
        WHERE
        id='3067'
        ;
[12/03/2020 04:19:18], [file name :-/home/otrams/public_html/otramsphp7/uat/v3otrams/confirm_booking.php],insert into bookings_details(booking_id,supplier_id,total_rooms,total_adults,total_children,total_infants,rate_description ,rate_code,hotel_id,local_hotel_id,hotel_name,hotel_address1,hotel_phone,hotel_rating,total_nights,arrival_date,departure_date,room_rate_code,hotel_img)values('3067','S000000241','1','1','0','-','','','53773','53773','RATEGAINONE','Mumbai','123456789','5.0','1','2021/06/03','2021/06/04','','https://alpha.otrams.thefabulousgetaway.com/project_folder/tfg_project/images/imagenotavailable.jpg');
[12/03/2020 04:19:18], [file name :-/home/otrams/public_html/otramsphp7/uat/v3otrams/confirm_booking.php], insert into booking_room_detail set  booking_id = '3067', booking_detail_id = '1205', room_type_code = '1~~~132~~~1039~~~1~~~~~~~~~64440~~~0~~~S000000241', room_name = 'single', room_type_description = 'Standard  -Bed & Breakfast : 1 Pax <font color=\'red\'>-D</font>', display_nightly_rates = 'a:1:{i:0;a:3:{s:18:\"displayNightlyRate\";d:11.98;s:16:\"promotionDisplay\";s:0:\"\";s:25:\"displayNightlyRateDisplay\";s:187:\"Supplier Name - localsupplier(RateGainSupplier - S000000241), Rate - 40 AED, Currency Multiplier (AED-USD) - 0.27222 Supplier Commission-0 #localsystem Agent Hotel Category Markup=10.00 %\";}}', native_nightly_rates = 'a:1:{i:0;a:4:{s:19:\"O_nativeNightlyRate\";i:40;s:17:\"nativeNightlyRate\";i:40;s:9:\"free_sale\";s:2:\"no\";s:14:\"Discount/Offer\";a:7:{s:4:\"code\";s:0:\"\";s:4:\"Name\";s:0:\"\";s:7:\"S_Value\";s:0:\"\";s:5:\"Value\";i:0;s:12:\"Display_Name\";s:0:\"\";s:10:\"Offer_Note\";N;s:10:\"Offer_Type\";N;}}}', markup = '0', commission = '0', native_room_rate_total = '40', display_room_rate_total = '11.98', number_of_rooms = '1';
[12/03/2020 04:19:18], [file name :-/home/otrams/public_html/otramsphp7/uat/v3otrams/confirm_booking.php], insert into passangers set  booking_id = '3067', booking_detail_id = '1205', rid = '1803', room = '0', salutations = 'Mr', first_name = 'Deep', last_name = 'Mishra', passenger_type = 'adult', age = '';
[12/03/2020 04:19:18], [file name :-/home/otrams/public_html/otramsphp7/uat/v3otrams/confirm_booking.php],update bookings set  special_remark = '', itenirary_id = '', confirmation_number = '', display_discount = '0', current_status = 'confirmed', comment_contract = '', consultant_id = 'SalesConsultant', sales_manager_id = '', admin_booked = '1', email_id = 'deep.mishra@rategain.com', leader_phone = '+123451914108628', agent_currency_multiplier = '1.00000', ip_addr = '60.254.11.202', backoffice_user = 'tfg', customer_id = '', applied_multiplier='0.27222', free_sale='',  applied_markup='10',  agent_markup='10',  basecurrency_multiplier='1.00000',  basecurrency_multiplier_native='0.27222',  parent_agent_id='24',  sub_agent_rate='0', agent_rate='11.98',  applicable_service_tax='0',  supplier_rate='40',  original_source='',  uid='93d945c68ded754e46c5d7b0defaa413'  where id='3067';
[12/03/2020 04:19:18], [file name :-/home/otrams/public_html/otramsphp7/uat/v3otrams/confirm_booking.php],update bookings_details set touricoRoomResId ='', gta_item_confirm_ref='' ,gtaToken = '' , special_request='' where booking_id ='3067';
[12/03/2020 04:19:18], [file name :-/home/otrams/public_html/otramsphp7/uat/v3otrams/confirm_booking.php],update bookings_details set reservation_pushed = '1', channel_manager = 'rategain',room_type_description='' where booking_id = '3067';
[12/03/2020 04:19:18], [file name :-/home/otrams/public_html/otramsphp7/uat/v3otrams/confirm_booking.php],INSERT INTO booking_cancellation_policy(booking_id,from_date,supplier_from_date,supplier_charge,agent_charge,lead_time,create_date)  VALUES('3067','2020-12-03 04:18:00','2020-12-03 04:18:00','40','11.98','0','2020-12-03 04:19:18');
[12/03/2020 04:19:18], [file name :-/home/otrams/public_html/otramsphp7/uat/v3otrams/confirm_booking.php],insert into booking_lat_long(booking_id,latitude,longitude) values ('3067','','');
[12/03/2020 04:19:18], [file name :-/home/otrams/public_html/otramsphp7/uat/v3otrams/confirm_booking.php],INSERT INTO booking_status (booking_id,status,create_date,memo,agent_id,ip_address,admin,modify_by) VALUES ('3067','confirmed','2020-12-03 04:19:18','Booking confirmed . Booked by Back Office tfg on behalf of Agent - Snehal  Valanju(CD0024)','24','60.254.11.202','0','24');
[12/03/2020 04:19:18], [file name :-/home/otrams/public_html/otramsphp7/uat/v3otrams/confirm_booking.php],INSERT INTO booking_search_log(booking_id, details)
        VALUES(3067, 'a:30:{s:3:\"_id\";a:1:{s:4:\"$oid\";s:24:\"5fc867257c519412f1487483\";}s:7:\"hotelId\";s:25:\"53773----------S000000241\";s:4:\"name\";s:11:\"RATEGAINONE\";s:14:\"local_hotel_id\";s:5:\"53773\";s:8:\"address1\";s:6:\"Mumbai\";s:8:\"latitude\";s:0:\"\";s:9:\"longitude\";s:0:\"\";s:4:\"city\";s:5:\"64440\";s:8:\"location\";s:0:\"\";s:14:\"prefered_hotel\";s:1:\"0\";s:10:\"mlosSlogan\";s:0:\"\";s:16:\"isMlosApplicable\";s:2:\"no\";s:7:\"country\";s:3:\"106\";s:16:\"rateCurrencyCode\";s:3:\"USD\";s:5:\"phone\";s:9:\"123456789\";s:16:\"shortDescription\";s:24:\"No Description Available\";s:11:\"website_url\";s:0:\"\";s:12:\"thumbNailUrl\";s:99:\"https://alpha.otrams.thefabulousgetaway.com/project_folder/tfg_project/images/imagenotavailable.jpg\";s:10:\"sourceType\";s:11:\"localsystem\";s:10:\"supplierid\";s:10:\"S000000241\";s:12:\"suppliername\";s:16:\"RateGainSupplier\";s:14:\"propertyRating\";s:3:\"5.0\";s:15:\"specialCategory\";a:1:{i:0;s:1:\"1\";}s:13:\"HotelProperty\";a:1:{s:11:\"localsystem\";a:1:{i:0;a:1:{s:8:\"RateInfo\";a:13:{s:10:\"room_rates\";a:1:{i:0;a:33:{s:11:\"ratebreakup\";a:4:{s:6:\"markup\";i:0;s:10:\"commission\";i:0;s:18:\"NativeNightlyRates\";a:1:{i:0;a:4:{s:19:\"O_nativeNightlyRate\";i:40;s:17:\"nativeNightlyRate\";i:40;s:9:\"free_sale\";s:2:\"no\";s:14:\"Discount/Offer\";a:7:{s:4:\"code\";s:0:\"\";s:4:\"Name\";s:0:\"\";s:7:\"S_Value\";s:0:\"\";s:5:\"Value\";i:0;s:12:\"Display_Name\";s:0:\"\";s:10:\"Offer_Note\";N;s:10:\"Offer_Type\";N;}}}s:19:\"DisplayNightlyRates\";a:1:{i:0;a:3:{s:18:\"displayNightlyRate\";d:11.98;s:16:\"promotionDisplay\";s:0:\"\";s:25:\"displayNightlyRateDisplay\";s:187:\"Supplier Name - localsupplier(RateGainSupplier - S000000241), Rate - 40 AED, Currency Multiplier (AED-USD) - 0.27222 Supplier Commission-0 #localsystem Agent Hotel Category Markup=10.00 %\";}}}s:20:\"offer_promotion_note\";s:0:\"\";s:19:\"offer_discount_type\";s:0:\"\";s:27:\"offer_discount_note_details\";N;s:9:\"room_name\";s:6:\"single\";s:9:\"stay_note\";N;s:10:\"time_stamp\";s:32:\"eda0eda538f61f9a9a4d47b0a4ef2361\";s:16:\"number_of_adults\";s:1:\"1\";s:10:\"view_basis\";s:0:\"\";s:13:\"view_basis_id\";s:1:\"0\";s:9:\"available\";i:1;s:9:\"free_sale\";N;s:7:\"minStay\";s:1:\"1\";s:19:\"displayCurrencyCode\";s:3:\"USD\";s:18:\"nativeCurrencyCode\";s:3:\"AED\";s:20:\"displayRoomTypeRates\";d:11.98;s:20:\"sortingRoomTypeRates\";d:11.98;s:19:\"nativeRoomTypeRates\";i:40;s:12:\"offerApplied\";N;s:7:\"room_id\";s:49:\"1~~~132~~~1039~~~1~~~~~~~~~64440~~~0~~~S000000241\";s:14:\"room_type_code\";s:1:\"1\";s:14:\"boardtype_code\";s:1:\"1\";s:16:\"valuation_number\";s:49:\"1~~~132~~~1039~~~1~~~~~~~~~64440~~~0~~~S000000241\";s:15:\"number_of_child\";i:0;s:13:\"NumberOfRooms\";i:1;s:10:\"supplierId\";s:10:\"S000000241\";s:12:\"supplierName\";s:16:\"RateGainSupplier\";s:10:\"meal_basis\";s:15:\"Bed & Breakfast\";s:4:\"note\";s:0:\"\";s:13:\"room_category\";s:13:\"Standard Room\";s:9:\"room_type\";s:62:\"Standard  -Bed & Breakfast : 1 Pax <font color=\'red\'>-D</font>\";s:14:\"non_refundable\";s:1:\"0\";s:15:\"class_unique_id\";s:17:\"0_0_53773_7734115\";}}s:9:\"available\";i:1;s:15:\"displayRoomRate\";d:11.98;s:14:\"nativeRoomRate\";i:40;s:9:\"unique_id\";s:37:\"1_53773----------S000000241_0_0_95887\";s:10:\"supplierId\";s:10:\"S000000241\";s:19:\"displayCurrencyCode\";s:3:\"USD\";s:18:\"nativeCurrencyCode\";s:3:\"AED\";s:18:\"applied_markup_per\";i:10;s:18:\"applied_multiplier\";d:0.27222;s:19:\"supplier_profile_id\";s:1:\"1\";s:13:\"supplier_data\";a:5:{s:7:\"hotelId\";s:25:\"53773----------S000000241\";s:10:\"sourceType\";s:11:\"localsystem\";s:15:\"supp_hotel_name\";s:11:\"RATEGAINONE\";s:18:\"supp_hotel_address\";s:6:\"Mumbai\";s:10:\"supplierId\";s:10:\"S000000241\";}s:8:\"no_class\";i:0;}}}}s:13:\"total_charges\";d:11.98;s:17:\"propertyAvailable\";i:1;s:8:\"no_class\";i:0;s:18:\"sort_total_charges\";d:11.98;s:16:\"hotel_name_ascii\";s:11:\"rategainone\";s:13:\"supplier_data\";a:5:{s:7:\"hotelId\";s:25:\"53773----------S000000241\";s:10:\"sourceType\";s:11:\"localsystem\";s:15:\"supp_hotel_name\";s:11:\"RATEGAINONE\";s:18:\"supp_hotel_address\";s:6:\"Mumbai\";s:10:\"supplierId\";s:10:\"S000000241\";}}');
[12/03/2020 04:19:18], [file name :-/home/otrams/public_html/otramsphp7/uat/v3otrams/confirm_booking.php],INSERT INTO booking_cancellation_policy(booking_id,from_date,supplier_from_date,to_date,supplier_to_date,supplier_charge,agent_charge,lead_time,create_date,applied_agent_charges)  VALUES('3067','2020-12-03 04:18:00','2020-12-03 04:18:00','1970-01-01 00:00:00','1970-01-01 00:00:00','40','11.98','0','2020-12-03 04:19:18','');
[12/03/2020 04:19:18], [file name :-/home/otrams/public_html/otramsphp7/uat/v3otrams/confirm_booking.php],update bookings_details set reservation_pushed = '1', channel_manager = 'rategain',room_type_description='' where booking_id = '3067';
[12/03/2020 04:19:18], [file name :-/home/otrams/public_html/otramsphp7/uat/v3otrams/confirm_booking.php],INSERT INTO bookings_applicable_offer set  oid= '',  offer_type_code= '',  booking_id= '3067',  room_id= '1~~~132~~~1039~~~1~~~~~~~~~64440~~~0~~~S000000241',  room_name= 'single',  supplier_id= 'S000000241',  agent_id= '',  applied_native_discount= '0',  original_native_rate= '40',  native_rate= '40',  promotion_text= '',  offer_disc_type= '',  offer_disc_value= '',  offer_disc_currency= '',  create_date= '2020-12-03 04:19:18' ;
[12/03/2020 04:19:18], [file name :-/home/otrams/public_html/otramsphp7/uat/v3otrams/confirm_booking.php],update bookings set confirmation_number='',itenirary_id='3067' where  id ='3067';
[12/03/2020 04:19:18], [file name :-/home/otrams/public_html/otramsphp7/uat/v3otrams/confirm_booking.php],UPDATE room_rates SET availability = availability-1,consumed_inventory = consumed_inventory+1 WHERE hotel_id = '53773' and inventory_class_id = '132' and supplier_id = 'S000000241' and date_from = '2021-06-03';
[12/03/2020 04:19:18], [file name :-/home/otrams/public_html/otramsphp7/uat/v3otrams/confirm_booking.php],update supplement_rate set inventory = '0' where supplement_rate_id = '1';
[12/03/2020 04:19:18], [file name :-/home/otrams/public_html/otramsphp7/uat/v3otrams/confirm_booking.php], insert into booking_configuration set  booking_id = '3067', config_key = 'BOOKING OTP', config_value = 'ZYAwRWtu';;
[12/03/2020 04:19:18], [file name :-/home/otrams/public_html/otramsphp7/uat/v3otrams/confirm_booking.php],insert into email_logs SET `subject`= ' TFG103067 /  Booking Confirmed ',from_email_id= 'sanket.desai@qtechsoftware.com',body= '[encoded data, 40392 characters]',to_email_id= 'snehal.valanju@qtechsoftware.com',cc= '',bcc= '',status= 'Success',page_url= '/confirm_booking.php',create_date= '2020-12-03 04:19:18';
[12/03/2020 04:19:18], [file name :-/home/otrams/public_html/otramsphp7/uat/v3otrams/confirm_booking.php],insert into temp(booking_id,mail_send_to)values('3067','snehal.valanju@qtechsoftware.com');
[12/03/2020 04:19:18], [file name :-/home/otrams/public_html/otramsphp7/uat/v3otrams/confirm_booking.php],insert into temp(booking_id,mail_send_to)values('3067','snehal.valanju@qtechsoftware.com');
[12/03/2020 04:19:18], [file name :-/home/otrams/public_html/otramsphp7/uat/v3otrams/confirm_booking.php],update posted_bookings set booking_id='3067',status='1' where reservation_id='1896' and booking_id ='0';
[12/03/2020 04:19:18], [file name :-/home/otrams/public_html/otramsphp7/uat/v3otrams/confirm_booking.php],update xmllogs set reservation_id='3067' where agent_logs_id='494' and source_type='localsystem';
[12/03/2020 04:19:18], [file name :-/home/otrams/public_html/otramsphp7/uat/v3otrams/confirm_booking.php],INSERT INTO booking_commission set agent_commission='',  supplier_commission='',  profit_percent='',  gross_profit='',  commission_tax='',  booking_id ='3067',  create_date ='2020-12-03 04:19:18', supplier_tax='';
[12/03/2020 04:19:18], [file name :-/home/otrams/public_html/otramsphp7/uat/v3otrams/confirm_booking.php],update bookings set voucher_id='Test123',status_date='2020-12-03 04:19:18',current_status='vouchered',voucher_hashcode='d40a10dacd808905632d1bf2ef158a63376493067',vouchered_by ='' where id='3067';
[12/03/2020 04:19:18], [file name :-/home/otrams/public_html/otramsphp7/uat/v3otrams/confirm_booking.php],Insert into booking_configuration set booking_id='3067',config_key='VOUCHER_DATE', config_value='2020-12-03 04:19:18',create_date='2020-12-03 04:19:18';
[12/03/2020 04:19:18], [file name :-/home/otrams/public_html/otramsphp7/uat/v3otrams/confirm_booking.php],INSERT INTO autogenerator_invoice_number (id, number) VALUES ('','1606969158');
[12/03/2020 04:19:18], [file name :-/home/otrams/public_html/otramsphp7/uat/v3otrams/confirm_booking.php],update bookings set is_invoiced='yes',invoice_number= '2020/394' where id='3067' and is_invoiced!='yes';
[12/03/2020 04:19:18], [file name :-/home/otrams/public_html/otramsphp7/uat/v3otrams/confirm_booking.php],UPDATE agents SET credit_usage=credit_usage+('11.98'),   credit_value= credit_value-('11.98') ,  cd_credit_usage=cd_credit_usage+('11.98') , cd_credit_value=cd_credit_value-('11.98')  WHERE id = '24';
[12/03/2020 04:19:18], [file name :-/home/otrams/public_html/otramsphp7/uat/v3otrams/confirm_booking.php],insert into  agent_credit_log SET agent_id= '24',credit_value= '9934.120',credit_usage= '65.880',credit_limit= '10000',receipt_id= '',amount= '11.98',booking_id='3067',booking_cost= '11.98',receipt_allocation= '',balance= '11.98',ip='60.254.11.202',user_type='User',admin_id='Agent - Snehal  Valanju(CD0024)',temp_credit_limit='',log_type='Add Invoice',note='Add Invoice',create_date='2020-12-03 04:12:18';
[12/03/2020 04:19:18], [file name :-/home/otrams/public_html/otramsphp7/uat/v3otrams/confirm_booking.php],insert into booking_rate_info set agent_price='0',sub_agent_price='0',supplier_currency='AED',supplier_price='40',supplier_type='offline',supplier_id='S000000241',acc_type='purchase',accounting_multiplier='0.27222',booking_id='3067',booking_log='Booking Vouchered',type='Sale',create_date='2020-12-03 04:19:18',account_invoice='2020/394',particulars='';
[12/03/2020 04:19:19], [file name :-/home/otrams/public_html/otramsphp7/uat/v3otrams/confirm_booking.php],insert into booking_rate_info set agent_price='11.98',sub_agent_price='0',supplier_price='0',acc_type='sale',accounting_multiplier='1.00000',booking_id='3067',booking_log='Booking Vouchered',type='Sale',create_date='2020-12-03 04:19:18',account_invoice='2020/394',particulars='';
[12/03/2020 04:19:19], [file name :-/home/otrams/public_html/otramsphp7/uat/v3otrams/confirm_booking.php],DELETE FROM accounts_invoice_transaction WHERE bid = 1510;
[12/03/2020 04:19:19], [file name :-/home/otrams/public_html/otramsphp7/uat/v3otrams/confirm_booking.php],INSERT INTO accounts_invoice_transaction SET bid= '1510',booking_id= '3067',invoice_number= '2020/394',service_type= 'hotel',booking_type= 'online',service_name= 'RATEGAINONE',type= 'sale',room_type= 'single',quantity_room= '1',from_date= '2021/06/03',to_date= '2021/06/04',quantity= '1',price= '11.98',total_price= '11.98';
[12/03/2020 04:19:19], [file name :-/home/otrams/public_html/otramsphp7/uat/v3otrams/confirm_booking.php],insert into email_logs SET `subject`= 'The Fabulous Getaway Tax Dispute(TaxInvoice)',from_email_id= 'sanket.desai@qtechsoftware.com',body= 'Rm9yIEZvbGxvd2luZyBib29raW5nIFRheCBpcyBub3QgaW5zZXJ0ZWQ8YnI+Qm9va2luZ0lkOi0zMDY3PGJyPkludm9pY2Ugbm86LTIwMjAvMzk0PGJyPmJyYW5jaF9pZDotMTxicj5UeXBlOi1hZ2VudDxicj5BY2NvdW50IHR5cGU6LXNhbGU8YnI+',to_email_id= 'sanket.desai@qtechsoftware.com',cc= '',bcc= '',status= 'Success',page_url= '/confirm_booking.php',create_date= '2020-12-03 04:19:19';
[12/03/2020 04:19:19], [file name :-/home/otrams/public_html/otramsphp7/uat/v3otrams/confirm_booking.php], insert into email_trigger set  subject ='The Fabulous Getaway Tax Dispute',  message='For Following booking Tax is not inserted<br>BookingId:-3067<br>Invoice no:-2020/394<br>branch_id:-1<br>Type:-agent<br>Account type:-sale<br>',  email_sent ='yes', create_date ='2020-12-03 04:19:19', email_sent_to ='sanket.desai@qtechsoftware.com,TESTER_EMAIL_ID', email_type ='TaxInvoice';
[12/03/2020 04:19:19], [file name :-/home/otrams/public_html/otramsphp7/uat/v3otrams/confirm_booking.php],INSERT INTO booking_status (visa_id,visa_status,booking_id,status,create_date,memo,agent_id,ip_address,admin,modify_by,crons) VALUES
        ('','','3067','vouchered-invoiced','2020-12-03 04:19:19','Booking invoiced by Back Office tfg on behalf of Agent - Snehal  Valanju(CD0024)','24','60.254.11.202','','','');
[12/03/2020 04:19:19], [file name :-/home/otrams/public_html/otramsphp7/uat/v3otrams/confirm_booking.php],INSERT INTO agent_commission SET booking_id ='3067',booking_detail_id ='3067',agent_id ='24',is_sub_agent ='N',parent_id ='',display_commission ='1.08888',display_currency ='USD',paid ='N',type ='hotel',description ='Agent Mark Up Percentage is 10 %',create_date ='2020-12-03 04:19:19';
[12/03/2020 04:19:19], [file name :-/home/otrams/public_html/otramsphp7/uat/v3otrams/confirm_booking.php],insert into accounting_status set booking_id ='3067',acc_sales_export='0',acc_purchase_export='0',acc_status='A';
[12/03/2020 04:19:19], [file name :-/home/otrams/public_html/otramsphp7/uat/v3otrams/confirm_booking.php],INSERT INTO booking_status (visa_id,visa_status,booking_id,status,create_date,memo,agent_id,ip_address,admin,modify_by,crons) VALUES
        ('','','3067','vouchered','2020-12-03 04:19:19','Voucherd by Back Office tfg on behalf of Agent - Snehal  Valanju(CD0024)','24','60.254.11.202','','','');
[12/03/2020 04:19:20], [file name :-/home/otrams/public_html/otramsphp7/uat/v3otrams/confirm_booking.php],insert into email_logs SET `subject`= ' TFG103067 /  Booking Vouchered ',from_email_id= 'sanket.desai@qtechsoftware.com',body= '[encoded data, 28144 characters]',to_email_id= 'snehal.valanju@qtechsoftware.com,SalesConsultant@gmail.com',cc= '',bcc= '',status= 'Success',page_url= '/confirm_booking.php',create_date= '2020-12-03 04:19:20';
[12/03/2020 04:19:20], [file name :-/home/otrams/public_html/otramsphp7/uat/v3otrams/confirm_booking.php],insert into temp(booking_id,mail_send_to)values('3067','snehal.valanju@qtechsoftware.com');
[12/03/2020 04:19:20], [file name :-/home/otrams/public_html/otramsphp7/uat/v3otrams/confirm_booking.php],insert into temp(booking_id,mail_send_to)values('3067','SalesConsultant@gmail.com');
[12/03/2020 04:19:29], [file name :-/home/otrams/public_html/otramsphp7/uat/v3otrams/crons/channel_manager_push_reservation.php],update bookings_details set reservation_pushed = '0', channel_manager = 'rategain',room_type_description='' where booking_id = '3067';
[12/03/2020 04:23:36], [file name :-/home/otrams/public_html/otramsphp7/uat/v3otrams/tms/agent.php],UPDATE agents SET agency_name= 'Qtech',other_language_agency_name= '',accounting_id= '123',auto_voucher_bookings = '0',outstanding_limit = '0',accounting_name= '',first_name= 'Snehal',middle_name= '',last_name= 'Valanju',agent_type= 'CC',sort_type= 'price',credit_limit_assigned= '10000',credit_limit= '10000',credit_distribution= '0',temp_credit_limit= '',address= 'Mumbai',other_language_address= '',city= '64440',pincode= '',country= '106',time_zone_offset= '5.5',enable_dst= '',branch_id='1',phone= '01-7348079169',mobile= '01-7348079169',fax= '',currency= '6',email= 'snehal.valanju@qtechsoftware.com',website= '',lead_time= '',search_by_multicurrency= '1',debug= '1',profile= '',designation= '',iata_status= '0',iata_number= '',nature_of_business= '0',can_book= '1',sales_manager_id= '',comp_reg_no= '',allow_quotation= '1',can_voucher= '1',allow_book_under_cancellation='1',modify_date='2020-12-03 04:23:36',consultant_id= 'SalesConsultant',agency_email= '',acc_name= 'A',acc_email= 'snehal.valanju@qtechsoftware.com',acc_phone= '',man_name= 'B',man_email= '',man_phone= '',res_name= 'C',res_email= '',res_phone= '',remarks= '',apply_service_tax= 'no',allow_ticketing= '',agent_category= '',can_show_hotels= '' WHERE id= '24';
[12/03/2020 04:23:36], [file name :-/home/otrams/public_html/otramsphp7/uat/v3otrams/tms/agent.php],insert into `user_logs` set `username`= 'tfg',`create_date`= '2020-12-03 04:23:36',`log_type`= 'Agent Updated',`sql_query`= 'UPDATE agents SET agency_name= \&#039;Qtech\&#039;,other_language_agency_name= \&#039;\&#039;,accounting_id= \&#039;123\&#039;,auto_voucher_bookings = \&#039;0\&#039;,outstanding_limit = \&#039;0\&#039;,accounting_name= \&#039;\&#039;,first_name= \&#039;Snehal\&#039;,middle_name= \&#039;\&#039;,last_name= \&#039;Valanju\&#039;,agent_type= \&#039;CC\&#039;,sort_type= \&#039;price\&#039;,credit_limit_assigned= \&#039;10000\&#039;,credit_limit= \&#039;10000\&#039;,credit_distribution= \&#039;0\&#039;,temp_credit_limit= \&#039;\&#039;,address= \&#039;Mumbai\&#039;,other_language_address= \&#039;\&#039;,city= \&#039;64440\&#039;,pincode= \&#039;\&#039;,country= \&#039;106\&#039;,time_zone_offset= \&#039;5.5\&#039;,enable_dst= 0,branch_id=\&#039;1\&#039;,phone= \&#039;01-7348079169\&#039;,mobile= \&#039;01-7348079169\&#039;,fax= \&#039;\&#039;,currency= \&#039;6\&#039;,email= \&#039;snehal.valanju@qtechsoftware.com\&#039;,website= \&#039;\&#039;,lead_time= 0,search_by_multicurrency= 1,debug= \&#039;1\&#039;,profile= \&#039;\&#039;,designation= \&#039;\&#039;,iata_status= \&#039;0\&#039;,iata_number= \&#039;\&#039;,nature_of_business= \&#039;0\&#039;,can_book= \&#039;1\&#039;,sales_manager_id= \&#039;\&#039;,comp_reg_no= \&#039;\&#039;,allow_quotation= \&#039;1\&#039;,can_voucher= \&#039;1\&#039;,allow_book_under_cancellation=\&#039;1\&#039;,modify_date=\&#039;2020-12-03 04:23:36\&#039;,consultant_id= \&#039;SalesConsultant\&#039;,agency_email= \&#039;\&#039;,acc_name= \&#039;A\&#039;,acc_email= \&#039;snehal.valanju@qtechsoftware.com\&#039;,acc_phone= \&#039;\&#039;,man_name= \&#039;B\&#039;,man_email= \&#039;\&#039;,man_phone= \&#039;\&#039;,res_name= \&#039;C\&#039;,res_email= \&#039;\&#039;,res_phone= \&#039;\&#039;,remarks= \&#039;\&#039;,apply_service_tax= \&#039;no\&#039;,allow_ticketing= 0,agent_category= \&#039;\&#039;,can_show_hotels= 0 WHERE id= \&#039;24\&#039;',`log_description`= 'Agent 24 updated For  - modify_date=0000-00-00+00%3A00%3A00&agent_category=5 changed to - modify_date=2020-12-03+04%3A23%3A36&agent_category=0',`ip`= '60.254.11.202';
[12/03/2020 04:23:36], [file name :-/home/otrams/public_html/otramsphp7/uat/v3otrams/tms/agent.php],insert into user_log_link Set `user_logs_id`='4032', `entity`='Agents', `value`='24' ;
[12/03/2020 04:23:36], [file name :-/home/otrams/public_html/otramsphp7/uat/v3otrams/tms/agent.php],UPDATE agents SET cd_credit_limit=credit_limit-'24' , cd_credit_value=cd_credit_limit-cd_credit_usage WHERE id= ?;
[12/03/2020 04:23:36], [file name :-/home/otrams/public_html/otramsphp7/uat/v3otrams/tms/agent.php],insert into  agent_credit_log SET agent_id= '24',credit_value= '9934.120',credit_usage= '65.880',credit_limit= '10000',receipt_id= '',amount= '',ip='60.254.11.202',user_type='admin',admin_id='tfg',temp_credit_limit='',log_type='Edit_Agent',note='Agent Edited by tfg',create_date='2020-12-03 04:12:36';
[12/03/2020 04:23:36], [file name :-/home/otrams/public_html/otramsphp7/uat/v3otrams/tms/agent.php],UPDATE agents SET currency= '6',branch_id= '1',consultant_id= 'SalesConsultant',sales_manager_id= '',profile= '', auto_voucher_bookings = '0', outstanding_limit = '0', agent_type= 'CC' WHERE parent_agent= '24';
[12/03/2020 04:54:18], [file name :-/home/otrams/public_html/otramsphp7/uat/v3otrams/tms/edit_local_supplier.php],update  `psa_users` set  `consultant_acc_id` ='', `lname`='', `fname`='RateGainSupplier', `email`='snehal.valanju@qtechsoftware.com', `time_zone_offset`='5.5', `phone`='123', `messenger_type`='', `messenger_id`='', `user_description`='', `connection`='', `pass`='dd71fd4c5f3df734e651c7e183c678a7', `modify_by`='tfg', `user_type`='supplier', `allow_book_under_cancellation`='', `allow_cancellation_after_voucher`='', `is_booking_email_received`='', `designation`='', `updated`='2020-12-03 04:54:18', `modify_date`='2020-12-03 04:54:18'  where `site_id`='' and `id` ='Rategain' ;
[12/03/2020 04:54:18], [file name :-/home/otrams/public_html/otramsphp7/uat/v3otrams/tms/edit_local_supplier.php],insert into `user_logs` set `username`= 'tfg',`create_date`= '2020-12-03 04:54:18',`log_type`= 'User',`sql_query`= 'update  `psa_users` set  `consultant_acc_id` =:accounting_id, `lname`=:last_name, `fname`=:first_name, `email`=:email, `time_zone_offset`=:time_zone_offset, `phone`=:phone, `messenger_type`=:messenger_type, `messenger_id`=:messenger_id, `user_description`=:user_description, `connection`=:connection, `pass`=:pass, `modify_by`=:modify_by, `user_type`=:user_type, `allow_book_under_cancellation`=:allow_book_under_cancellation, `allow_cancellation_after_voucher`=:allow_cancellation_after_voucher, `is_booking_email_received`=:is_booking_email_received, `designation`=:designation, `updated`=:updated, `modify_date`=:modify_date  where `site_id`=:site_id and `id` =:user_id ',`log_description`= 'User Rategain updated For  - updated=2020-10-10+11%3A23%3A47&modify_date=2020-10-10+11%3A23%3A47 changed to - updated=2020-12-03+04%3A54%3A18&modify_date=2020-12-03+04%3A54%3A18',`ip`= '60.254.11.202';

