[10/23/2020 09:33:11], [file name :-/home/otrams/public_html/otramsphp7/uat/v3otrams/confirm_booking.php],insert into temp(booking_id,mail_send_to)values('3043','snehal.valanju@qtechsoftware.com');
[10/23/2020 09:33:11], [file name :-/home/otrams/public_html/otramsphp7/uat/v3otrams/confirm_booking.php],insert into temp(booking_id,mail_send_to)values('3043','snehal.valanju@qtechsoftware.com');
[10/23/2020 09:33:50], [file name :-/home/otrams/public_html/otramsphp7/uat/v3otrams/tms/agent.php],UPDATE agents SET credit_option = 'check_out_date', no_of_days= '' WHERE id= '25' ;
[10/23/2020 09:33:50], [file name :-/home/otrams/public_html/otramsphp7/uat/v3otrams/tms/agent.php],insert into `user_logs` set `username`= 'tfg',`create_date`= '2020-10-23 09:33:50',`log_type`= 'Credit Setting',`sql_query`= 'UPDATE agents SET credit_option = \&#039;check_out_date\&#039;, no_of_days= 0 WHERE id= \&#039;25\&#039; ',`log_description`= 'Credit Setting is updated',`ip`= '60.254.11.53';
[10/23/2020 09:33:50], [file name :-/home/otrams/public_html/otramsphp7/uat/v3otrams/tms/agent.php],insert into user_log_link Set `user_logs_id`='3792', `entity`='Agents', `value`='25' ;
[10/23/2020 09:34:30], [file name :-/home/otrams/public_html/otramsphp7/uat/v3otrams/tms/agent.php],UPDATE agents SET agency_name= 'QtechPvt',other_language_agency_name= '',accounting_id= '123',auto_voucher_bookings = '0',outstanding_limit = '0',accounting_name= '',first_name= 'Snehal',middle_name= '',last_name= 'Valanju',agent_type= 'CC',sort_type= 'price',credit_limit_assigned= '1400000',credit_limit= '1400000',credit_distribution= '0',temp_credit_limit= '',address= 'MUmbai',other_language_address= '',city= '64440',pincode= '',country= '106',time_zone_offset= '-10',enable_dst= '',branch_id='1',phone= '12-123456789',mobile= '12-22333134345345',fax= '',currency= '6',email= 'snehal.valanju@qtechsoftware.com',website= '',lead_time= '',search_by_multicurrency= '1',debug= '1',profile= '',designation= '',iata_status= '0',iata_number= '',nature_of_business= 'Tour Operator',can_book= '1',sales_manager_id= 'otrams',comp_reg_no= '',allow_quotation= '1',can_voucher= '1',allow_book_under_cancellation='1',modify_date='2020-10-23 09:34:30',consultant_id= 'nitinalpha',agency_email= '',acc_name= 'A',acc_email= 'snehal.valanju@qtechsoftware.com',acc_phone= '',man_name= 'B',man_email= '',man_phone= '',res_name= 'C',res_email= '',res_phone= '',remarks= '',apply_service_tax= 'no',allow_ticketing= '',agent_category= '2',can_show_hotels= '' WHERE id= '25';
[10/23/2020 09:34:30], [file name :-/home/otrams/public_html/otramsphp7/uat/v3otrams/tms/agent.php],insert into `user_logs` set `username`= 'tfg',`create_date`= '2020-10-23 09:34:30',`log_type`= 'Agent Updated',`sql_query`= 'UPDATE agents SET agency_name= \&#039;QtechPvt\&#039;,other_language_agency_name= \&#039;\&#039;,accounting_id= \&#039;123\&#039;,auto_voucher_bookings = \&#039;0\&#039;,outstanding_limit = \&#039;0\&#039;,accounting_name= \&#039;\&#039;,first_name= \&#039;Snehal\&#039;,middle_name= \&#039;\&#039;,last_name= \&#039;Valanju\&#039;,agent_type= \&#039;CC\&#039;,sort_type= \&#039;price\&#039;,credit_limit_assigned= \&#039;1400000\&#039;,credit_limit= \&#039;1400000\&#039;,credit_distribution= \&#039;0\&#039;,temp_credit_limit= \&#039;\&#039;,address= \&#039;MUmbai\&#039;,other_language_address= \&#039;\&#039;,city= \&#039;64440\&#039;,pincode= \&#039;\&#039;,country= \&#039;106\&#039;,time_zone_offset= \&#039;-10\&#039;,enable_dst= 0,branch_id=\&#039;1\&#039;,phone= \&#039;12-123456789\&#039;,mobile= \&#039;12-22333134345345\&#039;,fax= \&#039;\&#039;,currency= \&#039;6\&#039;,email= \&#039;snehal.valanju@qtechsoftware.com\&#039;,website= \&#039;\&#039;,lead_time= 0,search_by_multicurrency= 1,debug= \&#039;1\&#039;,profile= \&#039;\&#039;,designation= \&#039;\&#039;,iata_status= \&#039;0\&#039;,iata_number= \&#039;\&#039;,nature_of_business= \&#039;Tour Operator\&#039;,can_book= \&#039;1\&#039;,sales_manager_id= \&#039;otrams\&#039;,comp_reg_no= \&#039;\&#039;,allow_quotation= \&#039;1\&#039;,can_voucher= \&#039;1\&#039;,allow_book_under_cancellation=\&#039;1\&#039;,modify_date=\&#039;2020-10-23 09:34:30\&#039;,consultant_id= \&#039;nitinalpha\&#039;,agency_email= \&#039;\&#039;,acc_name= \&#039;A\&#039;,acc_email= \&#039;snehal.valanju@qtechsoftware.com\&#039;,acc_phone= \&#039;\&#039;,man_name= \&#039;B\&#039;,man_email= \&#039;\&#039;,man_phone= \&#039;\&#039;,res_name= \&#039;C\&#039;,res_email= \&#039;\&#039;,res_phone= \&#039;\&#039;,remarks= \&#039;\&#039;,apply_service_tax= \&#039;no\&#039;,allow_ticketing= 0,agent_category= \&#039;2\&#039;,can_show_hotels= 0 WHERE id= \&#039;25\&#039;',`log_description`= 'Agent 25 updated For  - modify_date=2020-10-23+09%3A26%3A34&auto_voucher_bookings=1 changed to - modify_date=2020-10-23+09%3A34%3A30&auto_voucher_bookings=0',`ip`= '60.254.11.53';
[10/23/2020 09:34:30], [file name :-/home/otrams/public_html/otramsphp7/uat/v3otrams/tms/agent.php],insert into user_log_link Set `user_logs_id`='3793', `entity`='Agents', `value`='25' ;
[10/23/2020 09:34:30], [file name :-/home/otrams/public_html/otramsphp7/uat/v3otrams/tms/agent.php],UPDATE agents SET cd_credit_limit=credit_limit-'25' , cd_credit_value=cd_credit_limit-cd_credit_usage WHERE id= ?;
[10/23/2020 09:34:31], [file name :-/home/otrams/public_html/otramsphp7/uat/v3otrams/tms/agent.php],insert into  agent_credit_log SET agent_id= '25',credit_value= '1387062.640',credit_usage= '12937.360',credit_limit= '1400000',receipt_id= '',amount= '',ip='60.254.11.53',user_type='admin',admin_id='tfg',temp_credit_limit='',log_type='Edit_Agent',note='Agent Edited by tfg',create_date='2020-10-23 09:10:31';
[10/23/2020 09:34:31], [file name :-/home/otrams/public_html/otramsphp7/uat/v3otrams/tms/agent.php],UPDATE agents SET currency= '6',branch_id= '1',consultant_id= 'nitinalpha',sales_manager_id= 'otrams',profile= '', auto_voucher_bookings = '0', outstanding_limit = '0', agent_type= 'CC' WHERE parent_agent= '25';
[10/23/2020 09:34:36], [file name :-/home/otrams/public_html/otramsphp7/uat/v3otrams/agent_login.php],update agents set last_login_date = '2020-10-23 09:34:36',login_attempt=0 where id = '25';
[10/23/2020 09:34:36], [file name :-/home/otrams/public_html/otramsphp7/uat/v3otrams/agent_login.php],INSERT INTO psa_login_log  SET username = 'PhpTest', user_type = 'A', branch_id = '1', login_datetime = '2020-10-23 09:34:36', ip = '60.254.11.53', action = 'Login' ;
[10/23/2020 09:34:54], [file name :-/home/otrams/public_html/otramsphp7/uat/v3otrams/hotel_search_list.php],INSERT INTO agent_logs SET  agent_id = '25' , sub_agent_id = '' , sub_user_id = '0' , branch_id = '1' , ip = '60.254.11.53' , city = 'mumbai' , service_name = '' , service_type = 'hotel' , arrival_date = '2020/10/29' , departure_date = '2020/10/30' , nationality = '106' , nights = '1' , room_types = '2' , create_date = '2020-10-23 09:34:54' , site_id = '' , country_code = '106' , web_service = '' ;
[10/23/2020 09:34:57], [file name :-/home/otrams/public_html/otramsphp7/uat/v3otrams/call.php],INSERT INTO xmllogs(reservation_id, type, request_path, response_path, header_path, source_type, create_date, header, session_id, agent_logs_id)
VALUE ('', 'AVAILABILITY', '/request_placeholder.xml', '/response_placeholder.xml', '/response_header_placeholder.xml', 'localsystem', '2020-10-23 09:34:57', '', 'fc8d69515acbce346a2a4cad95e55708ddb842934cc37d8822d907963bae1763', '413');
[10/23/2020 09:34:57], [file name :-/home/otrams/public_html/otramsphp7/uat/v3otrams/call.php],UPDATE xmllogs SET
hotel_count = ''
, request_url = '/call.php?s=localsystem&sessionid=fc8d69515acbce346a2a4cad95e55708ddb842934cc37d8822d907963bae1763&xml_user_id=25&request_no=1&local_hotel_code=53768&#039;,&#039;53769&#039;,&#039;53771&#039;,&#039;53773&web_service=no&site_id='
, http_hit_time = '2020-10-23 09:34:56.358'
, request_start_time = '0.000'
, parsing_start_time = '0.000'
, mapping_complete_time = '0.000'
, mongo_start_time = '0.000'
, search_end_time = '0.000'
, total_duration = '0.923'
, error_description = ''
, memory_used = '7908512'
WHERE id = '3086';
[10/23/2020 09:34:57], [file name :-/home/otrams/public_html/otramsphp7/uat/v3otrams/call.php],INSERT INTO xmllogs(reservation_id, type, request_path, response_path, header_path, source_type, create_date, header, session_id, agent_logs_id)
VALUE ('', 'AVAILABILITY', '/request_placeholder.xml', '/response_placeholder.xml', '/response_header_placeholder.xml', 'localsystem', '2020-10-23 09:34:57', '', 'fc8d69515acbce346a2a4cad95e55708ddb842934cc37d8822d907963bae1763', '413');
[10/23/2020 09:34:57], [file name :-/home/otrams/public_html/otramsphp7/uat/v3otrams/call.php],UPDATE xmllogs SET
hotel_count = ''
, request_url = '/call.php?s=localsystem&sessionid=fc8d69515acbce346a2a4cad95e55708ddb842934cc37d8822d907963bae1763&xml_user_id=25&request_no=0&local_hotel_code=2&#039;,&#039;97&#039;,&#039;53716&#039;,&#039;53734&#039;,&#039;53735&#039;,&#039;53736&#039;,&#039;53737&#039;,&#039;53738&#039;,&#039;53739&#039;,&#039;53740&#039;,&#039;53741&#039;,&#039;53742&#039;,&#039;53744&#039;,&#039;53745&#039;,&#039;53746&#039;,&#039;53747&#039;,&#039;53748&#039;,&#039;53749&#039;,&#039;53750&#039;,&#039;53751&#039;,&#039;53757&#039;,&#039;53758&#039;,&#039;53759&#039;,&#039;53766&#039;,&#039;53767&web_service=no&site_id='
, http_hit_time = '2020-10-23 09:34:56.358'
, request_start_time = '0.000'
, parsing_start_time = '0.000'
, mapping_complete_time = '0.000'
, mongo_start_time = '0.000'
, search_end_time = '0.000'
, total_duration = '1.379'
, error_description = ''
, memory_used = '7910416'
WHERE id = '3087';
[10/23/2020 09:34:57], [file name :-/home/otrams/public_html/otramsphp7/uat/v3otrams/xml_all.php],UPDATE agent_logs SET
  hotel_count = '',
  request_path = '/xml_all.php?userid=25&sessionid=fc8d69515acbce346a2a4cad95e55708ddb842934cc37d8822d907963bae1763',
  duration = '1.868',
  merge_duration = '0.056',
  assigned_supplier_count = '1',
  searched_supplier_count = '1',
  system_load_1_min = '0.60',
  system_load_5_min = '1.54',
  system_load_15_min = '1.46',
  system_memory_usage = '90.62',
  memory_usage = (SELECT COALESCE(SUM(memory_used),0) FROM xmllogs WHERE agent_logs_id = '413') + '8043720',
  parallel_search_count = '',
  mongo_archive_collection = '',
  error_description = '',
  is_cached = 'no'
WHERE id = '413';
[10/23/2020 09:35:44], [file name :-/home/otrams/public_html/otramsphp7/uat/v3otrams/book_now.php],INSERT INTO autogenerator_reservation (reservation_id, remote_id) VALUES ('1603445744','60.254.11.53');
[10/23/2020 09:35:57], [file name :-/home/otrams/public_html/otramsphp7/uat/v3otrams/book_now.php],INSERT INTO autogenerator_reservation (reservation_id, remote_id) VALUES ('1603445757','60.254.11.53');
[10/23/2020 09:36:02], [file name :-/home/otrams/public_html/otramsphp7/uat/v3otrams/confirm_booking.php],INSERT INTO bookings SET  source_type = 'localsystem', reservation_id = '1838', create_date = '2020-10-23 09:36:02', agent_id = '25', parent_agent_id = '25', agent_ref_no = '', nationality = 'Indian', city_id = 'mumbai', country_id = '106', current_status = 'inprocess-booking', is_xml = '0', display_room_rate = '27.22', display_currency_code = 'USD', native_room_rate = '100', native_currency_code = 'AED', supplier_profile_id = '1', service_type = 'hotel', service_date = '2020/10/29', check_out_date = '2020/10/30', sub_user_id = '', booking_status = '1', leader_title = '', leader_first_name = '', leader_last_name = '', booking_branch_id = '1', expiration_date = '2020-10-27 00:00:00', cancellation_policy = 'Amendment of Dates, Room Category, Passenger Names are considered as Cancel and Rebook by most of the Hotels.
        Any Changes in initial booking may be denied by the supplier or may result in extra charges.
        Confirmation of amendment requests is subject to availablity and rates at the time of amendment.<Br><Br><B><U>Detailed Cancellation Policy:</U></B> <br/> Cancellation Charges of 27.22 USD applicable if cancelled after 26-Oct-2020 14:00 hrs.', supplier_cancellation_policy = '', status_date = '2020-10-23 09:36:02',  site_url = 'https://alpha.otrams.thefabulousgetaway.com/';
[10/23/2020 09:36:02], [file name :-/home/otrams/public_html/otramsphp7/uat/v3otrams/confirm_booking.php],INSERT INTO external_mapping_data_tracking (booking_id,search_hotel_name,booked_hotel_name_supplier,hotel_id,master_id,city_id,supplier,date) VALUES ('3044','RATEGAINONE','RATEGAINONE','53773','53773','mumbai','LOCAL_SUPPLIER',NOW());
[10/23/2020 09:36:02], [file name :-/home/otrams/public_html/otramsphp7/uat/v3otrams/confirm_booking.php],UPDATE
        bookings
        SET
        booking_branch_id= '1'
        WHERE
        id='3044'
        ;
[10/23/2020 09:36:02], [file name :-/home/otrams/public_html/otramsphp7/uat/v3otrams/confirm_booking.php],insert into bookings_details(booking_id,supplier_id,total_rooms,total_adults,total_children,total_infants,rate_description ,rate_code,hotel_id,local_hotel_id,hotel_name,hotel_address1,hotel_phone,hotel_rating,total_nights,arrival_date,departure_date,room_rate_code,hotel_img)values('3044','S000000241','1','2','0','-','','','53773','53773','RATEGAINONE','Mumbai','123456789','5.0','1','2020/10/29','2020/10/30','','https://alpha.otrams.thefabulousgetaway.com/project_folder/tfg_project/images/imagenotavailable.jpg');
[10/23/2020 09:36:02], [file name :-/home/otrams/public_html/otramsphp7/uat/v3otrams/confirm_booking.php], insert into booking_room_detail set  booking_id = '3044', booking_detail_id = '1182', room_type_code = '2~~~132~~~1039~~~1~~~~~~~~~64440~~~0~~~S000000241', room_name = 'double', room_type_description = 'Standard  -Bed & Breakfast : 2 Pax <font color=\'red\'>-D</font>', display_nightly_rates = 'a:1:{i:0;a:3:{s:18:\"displayNightlyRate\";d:27.22;s:16:\"promotionDisplay\";s:0:\"\";s:25:\"displayNightlyRateDisplay\";s:152:\"Supplier Name - localsupplier(RateGainSupplier - S000000241), Rate - 100 AED, Currency Multiplier (AED-USD) - 0.27222 Supplier Commission-0 #localsystem\";}}', native_nightly_rates = 'a:1:{i:0;a:4:{s:19:\"O_nativeNightlyRate\";i:100;s:17:\"nativeNightlyRate\";i:100;s:9:\"free_sale\";s:2:\"no\";s:14:\"Discount/Offer\";a:7:{s:4:\"code\";s:0:\"\";s:4:\"Name\";s:0:\"\";s:7:\"S_Value\";s:0:\"\";s:5:\"Value\";i:0;s:12:\"Display_Name\";s:0:\"\";s:10:\"Offer_Note\";N;s:10:\"Offer_Type\";N;}}}', markup = '0', commission = '0', native_room_rate_total = '100', display_room_rate_total = '27.22', number_of_rooms = '1';
[10/23/2020 09:36:02], [file name :-/home/otrams/public_html/otramsphp7/uat/v3otrams/confirm_booking.php],update bookings set  special_remark = '', itenirary_id = '', confirmation_number = '', display_discount = '0', current_status = 'confirmed', comment_contract = '', consultant_id = 'nitinalpha', sales_manager_id = 'otrams', admin_booked = '0', email_id = '', leader_phone = '', agent_currency_multiplier = '1.00000', ip_addr = '60.254.11.53', backoffice_user = 'tfg', customer_id = '', applied_multiplier='0.27222', free_sale='',  applied_markup='0',  agent_markup='0',  basecurrency_multiplier='1.00000',  basecurrency_multiplier_native='0.27222',  parent_agent_id='25',  sub_agent_rate='0', agent_rate='27.22',  applicable_service_tax='0',  supplier_rate='100',  original_source='',  uid='e2de67fbc1f50bb44f3be32b995a317f'  where id='3044';
[10/23/2020 09:36:02], [file name :-/home/otrams/public_html/otramsphp7/uat/v3otrams/confirm_booking.php],update bookings_details set touricoRoomResId ='', gta_item_confirm_ref='' ,gtaToken = '' , special_request='' where booking_id ='3044';
[10/23/2020 09:36:02], [file name :-/home/otrams/public_html/otramsphp7/uat/v3otrams/confirm_booking.php],update bookings_details set reservation_pushed = '1', channel_manager = 'rategain',room_type_description='' where booking_id = '3044';
[10/23/2020 09:36:02], [file name :-/home/otrams/public_html/otramsphp7/uat/v3otrams/confirm_booking.php],INSERT INTO booking_cancellation_policy(booking_id,from_date,supplier_from_date,supplier_charge,agent_charge,lead_time,create_date)  VALUES('3044','2020-10-26 14:00:00','2020-10-26 14:00:00','100','27.22','0','2020-10-23 09:36:02');
[10/23/2020 09:36:02], [file name :-/home/otrams/public_html/otramsphp7/uat/v3otrams/confirm_booking.php],insert into booking_lat_long(booking_id,latitude,longitude) values ('3044','','');
[10/23/2020 09:36:02], [file name :-/home/otrams/public_html/otramsphp7/uat/v3otrams/confirm_booking.php],INSERT INTO booking_status (booking_id,status,create_date,memo,agent_id,ip_address,admin,modify_by) VALUES ('3044','confirmed','2020-10-23 09:36:02','Booking confirmed . Booked by Back Office tfg on behalf of Agent - Snehal  Valanju(CD0025)','25','60.254.11.53','0','25');
[10/23/2020 09:36:02], [file name :-/home/otrams/public_html/otramsphp7/uat/v3otrams/confirm_booking.php],INSERT INTO booking_search_log(booking_id, details)
        VALUES(3044, 'a:30:{s:3:\"_id\";a:1:{s:4:\"$oid\";s:24:\"5f92a3c141cdda2d7e1f0892\";}s:7:\"hotelId\";s:25:\"53773----------S000000241\";s:4:\"name\";s:11:\"RATEGAINONE\";s:14:\"local_hotel_id\";s:5:\"53773\";s:8:\"address1\";s:6:\"Mumbai\";s:8:\"latitude\";s:0:\"\";s:9:\"longitude\";s:0:\"\";s:4:\"city\";s:5:\"64440\";s:8:\"location\";s:0:\"\";s:14:\"prefered_hotel\";s:1:\"0\";s:10:\"mlosSlogan\";s:0:\"\";s:16:\"isMlosApplicable\";s:2:\"no\";s:7:\"country\";s:3:\"106\";s:16:\"rateCurrencyCode\";s:3:\"USD\";s:5:\"phone\";s:9:\"123456789\";s:16:\"shortDescription\";s:24:\"No Description Available\";s:11:\"website_url\";s:0:\"\";s:12:\"thumbNailUrl\";s:99:\"https://alpha.otrams.thefabulousgetaway.com/project_folder/tfg_project/images/imagenotavailable.jpg\";s:10:\"sourceType\";s:11:\"localsystem\";s:10:\"supplierid\";s:10:\"S000000241\";s:12:\"suppliername\";s:16:\"RateGainSupplier\";s:14:\"propertyRating\";s:3:\"5.0\";s:15:\"specialCategory\";a:1:{i:0;s:1:\"1\";}s:13:\"HotelProperty\";a:1:{s:11:\"localsystem\";a:2:{i:0;a:1:{s:8:\"RateInfo\";a:13:{s:10:\"room_rates\";a:1:{i:0;a:33:{s:11:\"ratebreakup\";a:4:{s:6:\"markup\";i:0;s:10:\"commission\";i:0;s:18:\"NativeNightlyRates\";a:1:{i:0;a:4:{s:19:\"O_nativeNightlyRate\";i:100;s:17:\"nativeNightlyRate\";i:100;s:9:\"free_sale\";s:2:\"no\";s:14:\"Discount/Offer\";a:7:{s:4:\"code\";s:0:\"\";s:4:\"Name\";s:0:\"\";s:7:\"S_Value\";s:0:\"\";s:5:\"Value\";i:0;s:12:\"Display_Name\";s:0:\"\";s:10:\"Offer_Note\";N;s:10:\"Offer_Type\";N;}}}s:19:\"DisplayNightlyRates\";a:1:{i:0;a:3:{s:18:\"displayNightlyRate\";d:27.22;s:16:\"promotionDisplay\";s:0:\"\";s:25:\"displayNightlyRateDisplay\";s:152:\"Supplier Name - localsupplier(RateGainSupplier - S000000241), Rate - 100 AED, Currency Multiplier (AED-USD) - 0.27222 Supplier Commission-0 #localsystem\";}}}s:20:\"offer_promotion_note\";s:0:\"\";s:19:\"offer_discount_type\";s:0:\"\";s:27:\"offer_discount_note_details\";N;s:9:\"room_name\";s:6:\"double\";s:9:\"stay_note\";N;s:10:\"time_stamp\";s:32:\"b7df5f38d85ddbc812dfc4dbed23c184\";s:16:\"number_of_adults\";s:1:\"2\";s:10:\"view_basis\";s:0:\"\";s:13:\"view_basis_id\";s:1:\"0\";s:9:\"available\";i:1;s:9:\"free_sale\";N;s:7:\"minStay\";s:1:\"1\";s:19:\"displayCurrencyCode\";s:3:\"USD\";s:18:\"nativeCurrencyCode\";s:3:\"AED\";s:20:\"displayRoomTypeRates\";d:27.22;s:20:\"sortingRoomTypeRates\";d:27.22;s:19:\"nativeRoomTypeRates\";i:100;s:12:\"offerApplied\";N;s:7:\"room_id\";s:49:\"2~~~132~~~1039~~~1~~~~~~~~~64440~~~0~~~S000000241\";s:14:\"room_type_code\";s:1:\"2\";s:14:\"boardtype_code\";s:1:\"1\";s:16:\"valuation_number\";s:49:\"2~~~132~~~1039~~~1~~~~~~~~~64440~~~0~~~S000000241\";s:15:\"number_of_child\";i:0;s:13:\"NumberOfRooms\";i:1;s:10:\"supplierId\";s:10:\"S000000241\";s:12:\"supplierName\";s:16:\"RateGainSupplier\";s:10:\"meal_basis\";s:15:\"Bed & Breakfast\";s:4:\"note\";s:0:\"\";s:13:\"room_category\";s:13:\"Standard Room\";s:9:\"room_type\";s:62:\"Standard  -Bed & Breakfast : 2 Pax <font color=\'red\'>-D</font>\";s:14:\"non_refundable\";s:1:\"0\";s:15:\"class_unique_id\";s:17:\"0_0_53773_9608170\";}}s:9:\"available\";i:1;s:15:\"displayRoomRate\";d:27.22;s:14:\"nativeRoomRate\";i:100;s:9:\"unique_id\";s:37:\"1_53773----------S000000241_2_0_79248\";s:10:\"supplierId\";s:10:\"S000000241\";s:19:\"displayCurrencyCode\";s:3:\"USD\";s:18:\"nativeCurrencyCode\";s:3:\"AED\";s:18:\"applied_markup_per\";i:0;s:18:\"applied_multiplier\";d:0.27222;s:19:\"supplier_profile_id\";s:1:\"1\";s:13:\"supplier_data\";a:5:{s:7:\"hotelId\";s:25:\"53773----------S000000241\";s:10:\"sourceType\";s:11:\"localsystem\";s:15:\"supp_hotel_name\";s:11:\"RATEGAINONE\";s:18:\"supp_hotel_address\";s:6:\"Mumbai\";s:10:\"supplierId\";s:10:\"S000000241\";}s:8:\"no_class\";i:0;}}i:1;a:1:{s:8:\"RateInfo\";a:13:{s:10:\"room_rates\";a:1:{i:0;a:33:{s:11:\"ratebreakup\";a:4:{s:6:\"markup\";i:0;s:10:\"commission\";i:0;s:18:\"NativeNightlyRates\";a:1:{i:0;a:4:{s:19:\"O_nativeNightlyRate\";i:200;s:17:\"nativeNightlyRate\";i:200;s:9:\"free_sale\";s:2:\"no\";s:14:\"Discount/Offer\";a:7:{s:4:\"code\";s:0:\"\";s:4:\"Name\";s:0:\"\";s:7:\"S_Value\";s:0:\"\";s:5:\"Value\";i:0;s:12:\"Display_Name\";s:0:\"\";s:10:\"Offer_Note\";N;s:10:\"Offer_Type\";N;}}}s:19:\"DisplayNightlyRates\";a:1:{i:0;a:3:{s:18:\"displayNightlyRate\";d:54.44;s:16:\"promotionDisplay\";s:0:\"\";s:25:\"displayNightlyRateDisplay\";s:152:\"Supplier Name - localsupplier(RateGainSupplier - S000000241), Rate - 200 AED, Currency Multiplier (AED-USD) - 0.27222 Supplier Commission-0 #localsystem\";}}}s:20:\"offer_promotion_note\";s:0:\"\";s:19:\"offer_discount_type\";s:0:\"\";s:27:\"offer_discount_note_details\";N;s:9:\"room_name\";s:6:\"double\";s:9:\"stay_note\";N;s:10:\"time_stamp\";s:32:\"2f92e7adb76e8eb3cc213f1657760a74\";s:16:\"number_of_adults\";s:1:\"2\";s:10:\"view_basis\";s:0:\"\";s:13:\"view_basis_id\";s:1:\"0\";s:9:\"available\";i:1;s:9:\"free_sale\";N;s:7:\"minStay\";s:1:\"0\";s:19:\"displayCurrencyCode\";s:3:\"USD\";s:18:\"nativeCurrencyCode\";s:3:\"AED\";s:20:\"displayRoomTypeRates\";d:54.44;s:20:\"sortingRoomTypeRates\";d:54.44;s:19:\"nativeRoomTypeRates\";i:200;s:12:\"offerApplied\";N;s:7:\"room_id\";s:48:\"2~~~20~~~1045~~~1~~~~~~~~~64440~~~1~~~S000000241\";s:14:\"room_type_code\";s:1:\"2\";s:14:\"boardtype_code\";s:1:\"1\";s:16:\"valuation_number\";s:48:\"2~~~20~~~1045~~~1~~~~~~~~~64440~~~1~~~S000000241\";s:15:\"number_of_child\";i:0;s:13:\"NumberOfRooms\";i:1;s:10:\"supplierId\";s:10:\"S000000241\";s:12:\"supplierName\";s:16:\"RateGainSupplier\";s:10:\"meal_basis\";s:15:\"Bed & Breakfast\";s:4:\"note\";s:0:\"\";s:13:\"room_category\";s:18:\"Superior Room Room\";s:9:\"room_type\";s:67:\"Superior Room  -Bed & Breakfast : 2 Pax <font color=\'red\'>-D</font>\";s:14:\"non_refundable\";s:1:\"0\";s:15:\"class_unique_id\";s:17:\"1_1_53773_6994351\";}}s:9:\"available\";i:1;s:15:\"displayRoomRate\";d:54.44;s:14:\"nativeRoomRate\";i:200;s:9:\"unique_id\";s:37:\"1_53773----------S000000241_2_1_82381\";s:10:\"supplierId\";s:10:\"S000000241\";s:19:\"displayCurrencyCode\";s:3:\"USD\";s:18:\"nativeCurrencyCode\";s:3:\"AED\";s:18:\"applied_markup_per\";i:0;s:18:\"applied_multiplier\";d:0.27222;s:19:\"supplier_profile_id\";s:1:\"1\";s:13:\"supplier_data\";a:5:{s:7:\"hotelId\";s:25:\"53773----------S000000241\";s:10:\"sourceType\";s:11:\"localsystem\";s:15:\"supp_hotel_name\";s:11:\"RATEGAINONE\";s:18:\"supp_hotel_address\";s:6:\"Mumbai\";s:10:\"supplierId\";s:10:\"S000000241\";}s:8:\"no_class\";i:0;}}}}s:13:\"total_charges\";d:27.22;s:17:\"propertyAvailable\";i:1;s:8:\"no_class\";i:0;s:18:\"sort_total_charges\";d:27.22;s:16:\"hotel_name_ascii\";s:11:\"rategainone\";s:13:\"supplier_data\";a:5:{s:7:\"hotelId\";s:25:\"53773----------S000000241\";s:10:\"sourceType\";s:11:\"localsystem\";s:15:\"supp_hotel_name\";s:11:\"RATEGAINONE\";s:18:\"supp_hotel_address\";s:6:\"Mumbai\";s:10:\"supplierId\";s:10:\"S000000241\";}}');
[10/23/2020 09:36:02], [file name :-/home/otrams/public_html/otramsphp7/uat/v3otrams/confirm_booking.php],INSERT INTO booking_cancellation_policy(booking_id,from_date,supplier_from_date,to_date,supplier_to_date,supplier_charge,agent_charge,lead_time,create_date,applied_agent_charges)  VALUES('3044','2020-10-26 14:00:00','2020-10-26 14:00:00','1970-01-01 00:00:00','1970-01-01 00:00:00','100','27.22','0','2020-10-23 09:36:02','');
[10/23/2020 09:36:02], [file name :-/home/otrams/public_html/otramsphp7/uat/v3otrams/confirm_booking.php],update bookings_details set reservation_pushed = '1', channel_manager = 'rategain',room_type_description='' where booking_id = '3044';
[10/23/2020 09:36:02], [file name :-/home/otrams/public_html/otramsphp7/uat/v3otrams/confirm_booking.php],INSERT INTO bookings_applicable_offer set  oid= '',  offer_type_code= '',  booking_id= '3044',  room_id= '2~~~132~~~1039~~~1~~~~~~~~~64440~~~0~~~S000000241',  room_name= 'double',  supplier_id= 'S000000241',  agent_id= '',  applied_native_discount= '0',  original_native_rate= '100',  native_rate= '100',  promotion_text= '',  offer_disc_type= '',  offer_disc_value= '',  offer_disc_currency= '',  create_date= '2020-10-23 09:36:02' ;
[10/23/2020 09:36:02], [file name :-/home/otrams/public_html/otramsphp7/uat/v3otrams/confirm_booking.php],update bookings set confirmation_number='',itenirary_id='3044' where  id ='3044';
[10/23/2020 09:36:02], [file name :-/home/otrams/public_html/otramsphp7/uat/v3otrams/confirm_booking.php],UPDATE room_rates SET availability = availability-1,consumed_inventory = consumed_inventory+1 WHERE hotel_id = '53773' and inventory_class_id = '132' and supplier_id = 'S000000241' and date_from = '2020-10-29';
[10/23/2020 09:36:02], [file name :-/home/otrams/public_html/otramsphp7/uat/v3otrams/confirm_booking.php],update supplement_rate set inventory = '0' where supplement_rate_id = '1';
[10/23/2020 09:36:02], [file name :-/home/otrams/public_html/otramsphp7/uat/v3otrams/confirm_booking.php], insert into booking_configuration set  booking_id = '3044', config_key = 'BOOKING OTP', config_value = '57CqtjfK';;
[10/23/2020 09:36:03], [file name :-/home/otrams/public_html/otramsphp7/uat/v3otrams/confirm_booking.php],insert into email_logs SET `subject`= ' TFG103044 /  Booking Confirmed ',from_email_id= 'sanket.desai@qtechsoftware.com',body= '[encoded data, 39944 characters]',to_email_id= 'snehal.valanju@qtechsoftware.com',cc= '',bcc= '',status= 'Success',page_url= '/confirm_booking.php',create_date= '2020-10-23 09:36:03';
[10/23/2020 09:36:03], [file name :-/home/otrams/public_html/otramsphp7/uat/v3otrams/confirm_booking.php],insert into temp(booking_id,mail_send_to)values('3044','snehal.valanju@qtechsoftware.com');
[10/23/2020 09:36:03], [file name :-/home/otrams/public_html/otramsphp7/uat/v3otrams/confirm_booking.php],insert into temp(booking_id,mail_send_to)values('3044','snehal.valanju@qtechsoftware.com');
[10/23/2020 09:36:03], [file name :-/home/otrams/public_html/otramsphp7/uat/v3otrams/confirm_booking.php],update posted_bookings set booking_id='3044',status='1' where reservation_id='1838' and booking_id ='0';
[10/23/2020 09:36:03], [file name :-/home/otrams/public_html/otramsphp7/uat/v3otrams/confirm_booking.php],update xmllogs set reservation_id='3044' where agent_logs_id='413' and source_type='localsystem';
[10/23/2020 09:36:03], [file name :-/home/otrams/public_html/otramsphp7/uat/v3otrams/confirm_booking.php],INSERT INTO booking_commission set agent_commission='',  supplier_commission='',  profit_percent='',  gross_profit='',  commission_tax='',  booking_id ='3044',  create_date ='2020-10-23 09:36:03', supplier_tax='';
[10/23/2020 09:36:04], [file name :-/home/otrams/public_html/otramsphp7/uat/v3otrams/confirm_booking.php],insert into email_logs SET `subject`= ' TFG103044 /  Booking Confirmed ',from_email_id= 'sanket.desai@qtechsoftware.com',body= '[encoded data, 26460 characters]',to_email_id= 'snehal.valanju@qtechsoftware.com,nitin@qtechsoftware.com',cc= '',bcc= '',status= 'Success',page_url= '/confirm_booking.php',create_date= '2020-10-23 09:36:04';
[10/23/2020 09:36:04], [file name :-/home/otrams/public_html/otramsphp7/uat/v3otrams/confirm_booking.php],insert into temp(booking_id,mail_send_to)values('3044','snehal.valanju@qtechsoftware.com');
[10/23/2020 09:36:04], [file name :-/home/otrams/public_html/otramsphp7/uat/v3otrams/confirm_booking.php],insert into temp(booking_id,mail_send_to)values('3044','nitin@qtechsoftware.com');
[10/23/2020 09:36:34], [file name :-/home/otrams/public_html/otramsphp7/uat/v3otrams/crons/channel_manager_push_reservation.php],update bookings_details set reservation_pushed = '0', channel_manager = 'rategain',room_type_description='' where booking_id = '3041';
[10/23/2020 09:36:35], [file name :-/home/otrams/public_html/otramsphp7/uat/v3otrams/crons/channel_manager_push_reservation.php],update bookings_details set reservation_pushed = '0', channel_manager = 'rategain',room_type_description='' where booking_id = '3041';
[10/23/2020 09:36:36], [file name :-/home/otrams/public_html/otramsphp7/uat/v3otrams/crons/channel_manager_push_reservation.php],update bookings_details set reservation_pushed = '0', channel_manager = 'rategain',room_type_description='' where booking_id = '3042';
[10/23/2020 09:36:38], [file name :-/home/otrams/public_html/otramsphp7/uat/v3otrams/crons/channel_manager_push_reservation.php],update bookings_details set reservation_pushed = '0', channel_manager = 'rategain',room_type_description='' where booking_id = '3042';
[10/23/2020 09:36:39], [file name :-/home/otrams/public_html/otramsphp7/uat/v3otrams/crons/channel_manager_push_reservation.php],update bookings_details set reservation_pushed = '0', channel_manager = 'rategain',room_type_description='' where booking_id = '3043';
[10/23/2020 09:36:40], [file name :-/home/otrams/public_html/otramsphp7/uat/v3otrams/crons/channel_manager_push_reservation.php],update bookings_details set reservation_pushed = '0', channel_manager = 'rategain',room_type_description='' where booking_id = '3044';
[10/23/2020 09:39:28], [file name :-/home/otrams/public_html/otramsphp7/uat/v3otrams/tms/agent.php],UPDATE agents SET agency_name= 'QtechPvt',other_language_agency_name= '',accounting_id= '123',auto_voucher_bookings = '0',outstanding_limit = '0',accounting_name= '',first_name= 'Snehal',middle_name= '',last_name= 'Valanju',agent_type= 'CC',sort_type= 'price',credit_limit_assigned= '1400000',credit_limit= '1400000',credit_distribution= '0',temp_credit_limit= '',address= 'MUmbai',other_language_address= '',city= '64440',pincode= '',country= '106',time_zone_offset= '-10',enable_dst= '',branch_id='1',phone= '12-123456789',mobile= '12-22333134345345',fax= '',currency= '6',email= 'snehal.valanju@qtechsoftware.com',website= '',lead_time= '',search_by_multicurrency= '1',debug= '1',profile= '',designation= '',iata_status= '0',iata_number= '',nature_of_business= 'Tour Operator',can_book= '1',sales_manager_id= 'otrams',comp_reg_no= '',allow_quotation= '1',can_voucher= '1',allow_book_under_cancellation='1',modify_date='2020-10-23 09:39:28',consultant_id= 'nitinalpha',agency_email= '',acc_name= 'A',acc_email= 'snehal.valanju@qtechsoftware.com',acc_phone= '',man_name= 'B',man_email= '',man_phone= '',res_name= 'C',res_email= '',res_phone= '',remarks= '',apply_service_tax= 'no',allow_ticketing= '',agent_category= '2',can_show_hotels= '' WHERE id= '25';
[10/23/2020 09:39:28], [file name :-/home/otrams/public_html/otramsphp7/uat/v3otrams/tms/agent.php],insert into `user_logs` set `username`= 'tfg',`create_date`= '2020-10-23 09:39:28',`log_type`= 'Agent Updated',`sql_query`= 'UPDATE agents SET agency_name= \&#039;QtechPvt\&#039;,other_language_agency_name= \&#039;\&#039;,accounting_id= \&#039;123\&#039;,auto_voucher_bookings = \&#039;0\&#039;,outstanding_limit = \&#039;0\&#039;,accounting_name= \&#039;\&#039;,first_name= \&#039;Snehal\&#039;,middle_name= \&#039;\&#039;,last_name= \&#039;Valanju\&#039;,agent_type= \&#039;CC\&#039;,sort_type= \&#039;price\&#039;,credit_limit_assigned= \&#039;1400000\&#039;,credit_limit= \&#039;1400000\&#039;,credit_distribution= \&#039;0\&#039;,temp_credit_limit= \&#039;\&#039;,address= \&#039;MUmbai\&#039;,other_language_address= \&#039;\&#039;,city= \&#039;64440\&#039;,pincode= \&#039;\&#039;,country= \&#039;106\&#039;,time_zone_offset= \&#039;-10\&#039;,enable_dst= 0,branch_id=\&#039;1\&#039;,phone= \&#039;12-123456789\&#039;,mobile= \&#039;12-22333134345345\&#039;,fax= \&#039;\&#039;,currency= \&#039;6\&#039;,email= \&#039;snehal.valanju@qtechsoftware.com\&#039;,website= \&#039;\&#039;,lead_time= 0,search_by_multicurrency= 1,debug= \&#039;1\&#039;,profile= \&#039;\&#039;,designation= \&#039;\&#039;,iata_status= \&#039;0\&#039;,iata_number= \&#039;\&#039;,nature_of_business= \&#039;Tour Operator\&#039;,can_book= \&#039;1\&#039;,sales_manager_id= \&#039;otrams\&#039;,comp_reg_no= \&#039;\&#039;,allow_quotation= \&#039;1\&#039;,can_voucher= \&#039;1\&#039;,allow_book_under_cancellation=\&#039;1\&#039;,modify_date=\&#039;2020-10-23 09:39:28\&#039;,consultant_id= \&#039;nitinalpha\&#039;,agency_email= \&#039;\&#039;,acc_name= \&#039;A\&#039;,acc_email= \&#039;snehal.valanju@qtechsoftware.com\&#039;,acc_phone= \&#039;\&#039;,man_name= \&#039;B\&#039;,man_email= \&#039;\&#039;,man_phone= \&#039;\&#039;,res_name= \&#039;C\&#039;,res_email= \&#039;\&#039;,res_phone= \&#039;\&#039;,remarks= \&#039;\&#039;,apply_service_tax= \&#039;no\&#039;,allow_ticketing= 0,agent_category= \&#039;2\&#039;,can_show_hotels= 0 WHERE id= \&#039;25\&#039;',`log_description`= 'Agent 25 updated For  - modify_date=2020-10-23+09%3A34%3A30 changed to - modify_date=2020-10-23+09%3A39%3A28',`ip`= '60.254.11.53';
[10/23/2020 09:39:28], [file name :-/home/otrams/public_html/otramsphp7/uat/v3otrams/tms/agent.php],insert into user_log_link Set `user_logs_id`='3794', `entity`='Agents', `value`='25' ;
[10/23/2020 09:39:28], [file name :-/home/otrams/public_html/otramsphp7/uat/v3otrams/tms/agent.php],UPDATE agents SET cd_credit_limit=credit_limit-'25' , cd_credit_value=cd_credit_limit-cd_credit_usage WHERE id= ?;
[10/23/2020 09:39:28], [file name :-/home/otrams/public_html/otramsphp7/uat/v3otrams/tms/agent.php],insert into  agent_credit_log SET agent_id= '25',credit_value= '1387062.640',credit_usage= '12937.360',credit_limit= '1400000',receipt_id= '',amount= '',ip='60.254.11.53',user_type='admin',admin_id='tfg',temp_credit_limit='',log_type='Edit_Agent',note='Agent Edited by tfg',create_date='2020-10-23 09:10:28';
[10/23/2020 09:39:28], [file name :-/home/otrams/public_html/otramsphp7/uat/v3otrams/tms/agent.php],UPDATE agents SET currency= '6',branch_id= '1',consultant_id= 'nitinalpha',sales_manager_id= 'otrams',profile= '', auto_voucher_bookings = '0', outstanding_limit = '0', agent_type= 'CC' WHERE parent_agent= '25';
[10/23/2020 09:54:37], [file name :-/home/otrams/public_html/otramsphp7/uat/v3otrams/hotel_search_list.php],INSERT INTO agent_logs SET  agent_id = '25' , sub_agent_id = '' , sub_user_id = '0' , branch_id = '1' , ip = '60.254.11.53' , city = 'mumbai' , service_name = '' , service_type = 'hotel' , arrival_date = '2020/10/30' , departure_date = '2020/10/31' , nationality = '106' , nights = '1' , room_types = '2, 2.1' , create_date = '2020-10-23 09:54:37' , site_id = '' , country_code = '106' , web_service = '' ;
[10/23/2020 09:54:40], [file name :-/home/otrams/public_html/otramsphp7/uat/v3otrams/call.php],INSERT INTO xmllogs(reservation_id, type, request_path, response_path, header_path, source_type, create_date, header, session_id, agent_logs_id)
VALUE ('', 'AVAILABILITY', '/request_placeholder.xml', '/response_placeholder.xml', '/response_header_placeholder.xml', 'localsystem', '2020-10-23 09:54:40', '', 'fc8d69515acbce346a2a4cad95e55708ddb842934cc37d8822d907963bae1763', '414');
[10/23/2020 09:54:40], [file name :-/home/otrams/public_html/otramsphp7/uat/v3otrams/call.php],INSERT INTO xmllogs(reservation_id, type, request_path, response_path, header_path, source_type, create_date, header, session_id, agent_logs_id)
VALUE ('', 'AVAILABILITY', '/request_placeholder.xml', '/response_placeholder.xml', '/response_header_placeholder.xml', 'localsystem', '2020-10-23 09:54:40', '', 'fc8d69515acbce346a2a4cad95e55708ddb842934cc37d8822d907963bae1763', '414');
[10/23/2020 09:54:41], [file name :-/home/otrams/public_html/otramsphp7/uat/v3otrams/call.php],UPDATE xmllogs SET
hotel_count = ''
, request_url = '/call.php?s=localsystem&sessionid=fc8d69515acbce346a2a4cad95e55708ddb842934cc37d8822d907963bae1763&xml_user_id=25&request_no=1&local_hotel_code=53768&#039;,&#039;53769&#039;,&#039;53771&#039;,&#039;53773&web_service=no&site_id='
, http_hit_time = '2020-10-23 09:54:39.724'
, request_start_time = '0.000'
, parsing_start_time = '0.000'
, mapping_complete_time = '0.000'
, mongo_start_time = '0.000'
, search_end_time = '0.000'
, total_duration = '1.925'
, error_description = ''
, memory_used = '7913160'
WHERE id = '3088';
[10/23/2020 09:54:43], [file name :-/home/otrams/public_html/otramsphp7/uat/v3otrams/call.php],UPDATE xmllogs SET
hotel_count = ''
, request_url = '/call.php?s=localsystem&sessionid=fc8d69515acbce346a2a4cad95e55708ddb842934cc37d8822d907963bae1763&xml_user_id=25&request_no=0&local_hotel_code=2&#039;,&#039;97&#039;,&#039;53716&#039;,&#039;53734&#039;,&#039;53735&#039;,&#039;53736&#039;,&#039;53737&#039;,&#039;53738&#039;,&#039;53739&#039;,&#039;53740&#039;,&#039;53741&#039;,&#039;53742&#039;,&#039;53744&#039;,&#039;53745&#039;,&#039;53746&#039;,&#039;53747&#039;,&#039;53748&#039;,&#039;53749&#039;,&#039;53750&#039;,&#039;53751&#039;,&#039;53757&#039;,&#039;53758&#039;,&#039;53759&#039;,&#039;53766&#039;,&#039;53767&web_service=no&site_id='
, http_hit_time = '2020-10-23 09:54:39.721'
, request_start_time = '0.000'
, parsing_start_time = '0.000'
, mapping_complete_time = '0.000'
, mongo_start_time = '0.000'
, search_end_time = '0.000'
, total_duration = '3.450'
, error_description = ''
, memory_used = '7915064'
WHERE id = '3089';
[10/23/2020 09:54:43], [file name :-/home/otrams/public_html/otramsphp7/uat/v3otrams/xml_all.php],UPDATE agent_logs SET
  hotel_count = '',
  request_path = '/xml_all.php?userid=25&sessionid=fc8d69515acbce346a2a4cad95e55708ddb842934cc37d8822d907963bae1763',
  duration = '3.980',
  merge_duration = '0.058',
  assigned_supplier_count = '1',
  searched_supplier_count = '1',
  system_load_1_min = '0.22',
  system_load_5_min = '0.56',
  system_load_15_min = '0.92',
  system_memory_usage = '90.66',
  memory_usage = (SELECT COALESCE(SUM(memory_used),0) FROM xmllogs WHERE agent_logs_id = '414') + '8048408',
  parallel_search_count = '',
  mongo_archive_collection = '',
  error_description = '',
  is_cached = 'no'
WHERE id = '414';
[10/23/2020 09:55:03], [file name :-/home/otrams/public_html/otramsphp7/uat/v3otrams/hotel_search_list.php],INSERT INTO agent_logs SET  agent_id = '25' , sub_agent_id = '' , sub_user_id = '0' , branch_id = '1' , ip = '60.254.11.53' , city = 'mumbai' , service_name = '' , service_type = 'hotel' , arrival_date = '2020/10/30' , departure_date = '2020/10/31' , nationality = '106' , nights = '1' , room_types = '2, 2' , create_date = '2020-10-23 09:55:03' , site_id = '' , country_code = '106' , web_service = '' ;
[10/23/2020 09:55:06], [file name :-/home/otrams/public_html/otramsphp7/uat/v3otrams/call.php],INSERT INTO xmllogs(reservation_id, type, request_path, response_path, header_path, source_type, create_date, header, session_id, agent_logs_id)
VALUE ('', 'AVAILABILITY', '/request_placeholder.xml', '/response_placeholder.xml', '/response_header_placeholder.xml', 'localsystem', '2020-10-23 09:55:06', '', 'fc8d69515acbce346a2a4cad95e55708ddb842934cc37d8822d907963bae1763', '415');
[10/23/2020 09:55:06], [file name :-/home/otrams/public_html/otramsphp7/uat/v3otrams/call.php],INSERT INTO xmllogs(reservation_id, type, request_path, response_path, header_path, source_type, create_date, header, session_id, agent_logs_id)
VALUE ('', 'AVAILABILITY', '/request_placeholder.xml', '/response_placeholder.xml', '/response_header_placeholder.xml', 'localsystem', '2020-10-23 09:55:06', '', 'fc8d69515acbce346a2a4cad95e55708ddb842934cc37d8822d907963bae1763', '415');
[10/23/2020 09:55:06], [file name :-/home/otrams/public_html/otramsphp7/uat/v3otrams/call.php],UPDATE xmllogs SET
hotel_count = ''
, request_url = '/call.php?s=localsystem&sessionid=fc8d69515acbce346a2a4cad95e55708ddb842934cc37d8822d907963bae1763&xml_user_id=25&request_no=1&local_hotel_code=53768&#039;,&#039;53769&#039;,&#039;53771&#039;,&#039;53773&web_service=no&site_id='
, http_hit_time = '2020-10-23 09:55:05.586'
, request_start_time = '0.000'
, parsing_start_time = '0.000'
, mapping_complete_time = '0.000'
, mongo_start_time = '0.000'
, search_end_time = '0.000'
, total_duration = '1.237'
, error_description = ''
, memory_used = '7909368'
WHERE id = '3091';
[10/23/2020 09:55:06], [file name :-/home/otrams/public_html/otramsphp7/uat/v3otrams/call.php],UPDATE xmllogs SET
hotel_count = ''
, request_url = '/call.php?s=localsystem&sessionid=fc8d69515acbce346a2a4cad95e55708ddb842934cc37d8822d907963bae1763&xml_user_id=25&request_no=0&local_hotel_code=2&#039;,&#039;97&#039;,&#039;53716&#039;,&#039;53734&#039;,&#039;53735&#039;,&#039;53736&#039;,&#039;53737&#039;,&#039;53738&#039;,&#039;53739&#039;,&#039;53740&#039;,&#039;53741&#039;,&#039;53742&#039;,&#039;53744&#039;,&#039;53745&#039;,&#039;53746&#039;,&#039;53747&#039;,&#039;53748&#039;,&#039;53749&#039;,&#039;53750&#039;,&#039;53751&#039;,&#039;53757&#039;,&#039;53758&#039;,&#039;53759&#039;,&#039;53766&#039;,&#039;53767&web_service=no&site_id='
, http_hit_time = '2020-10-23 09:55:05.586'
, request_start_time = '0.000'
, parsing_start_time = '0.000'
, mapping_complete_time = '0.000'
, mongo_start_time = '0.000'
, search_end_time = '0.000'
, total_duration = '1.345'
, error_description = ''
, memory_used = '7911272'
WHERE id = '3090';
[10/23/2020 09:55:07], [file name :-/home/otrams/public_html/otramsphp7/uat/v3otrams/xml_all.php],UPDATE agent_logs SET
  hotel_count = '',
  request_path = '/xml_all.php?userid=25&sessionid=fc8d69515acbce346a2a4cad95e55708ddb842934cc37d8822d907963bae1763',
  duration = '2.008',
  merge_duration = '0.113',
  assigned_supplier_count = '1',
  searched_supplier_count = '1',
  system_load_1_min = '0.81',
  system_load_5_min = '0.66',
  system_load_15_min = '0.95',
  system_memory_usage = '90.74',
  memory_usage = (SELECT COALESCE(SUM(memory_used),0) FROM xmllogs WHERE agent_logs_id = '415') + '8044616',
  parallel_search_count = '',
  mongo_archive_collection = '',
  error_description = '',
  is_cached = 'no'
WHERE id = '415';
[10/23/2020 09:55:21], [file name :-/home/otrams/public_html/otramsphp7/uat/v3otrams/book_now.php],INSERT INTO autogenerator_reservation (reservation_id, remote_id) VALUES ('1603446921','60.254.11.53');
[10/23/2020 09:55:49], [file name :-/home/otrams/public_html/otramsphp7/uat/v3otrams/book_now.php],INSERT INTO autogenerator_reservation (reservation_id, remote_id) VALUES ('1603446949','60.254.11.53');
[10/23/2020 09:55:55], [file name :-/home/otrams/public_html/otramsphp7/uat/v3otrams/confirm_booking.php],INSERT INTO bookings SET  source_type = 'localsystem', reservation_id = '1840', create_date = '2020-10-23 09:55:55', agent_id = '25', parent_agent_id = '25', agent_ref_no = '', nationality = 'Indian', city_id = 'mumbai', country_id = '106', current_status = 'inprocess-booking', is_xml = '0', display_room_rate = '54.44', display_currency_code = 'USD', native_room_rate = '200', native_currency_code = 'AED', supplier_profile_id = '1', service_type = 'hotel', service_date = '2020/10/30', check_out_date = '2020/10/31', sub_user_id = '', booking_status = '1', leader_title = '', leader_first_name = '', leader_last_name = '', booking_branch_id = '1', expiration_date = '2020-10-28 00:00:00', cancellation_policy = 'Amendment of Dates, Room Category, Passenger Names are considered as Cancel and Rebook by most of the Hotels.
        Any Changes in initial booking may be denied by the supplier or may result in extra charges.
        Confirmation of amendment requests is subject to availablity and rates at the time of amendment.<Br><Br><B><U>Detailed Cancellation Policy:</U></B> <br/> Cancellation Charges of 54.44 USD applicable if cancelled after 27-Oct-2020 14:00 hrs.', supplier_cancellation_policy = '', status_date = '2020-10-23 09:55:55',  site_url = 'https://alpha.otrams.thefabulousgetaway.com/';
[10/23/2020 09:55:55], [file name :-/home/otrams/public_html/otramsphp7/uat/v3otrams/confirm_booking.php],INSERT INTO external_mapping_data_tracking (booking_id,search_hotel_name,booked_hotel_name_supplier,hotel_id,master_id,city_id,supplier,date) VALUES ('3045','RATEGAINONE','RATEGAINONE','53773','53773','mumbai','LOCAL_SUPPLIER',NOW());
[10/23/2020 09:55:55], [file name :-/home/otrams/public_html/otramsphp7/uat/v3otrams/confirm_booking.php],UPDATE
        bookings
        SET
        booking_branch_id= '1'
        WHERE
        id='3045'
        ;
[10/23/2020 09:55:55], [file name :-/home/otrams/public_html/otramsphp7/uat/v3otrams/confirm_booking.php],insert into bookings_details(booking_id,supplier_id,total_rooms,total_adults,total_children,total_infants,rate_description ,rate_code,hotel_id,local_hotel_id,hotel_name,hotel_address1,hotel_phone,hotel_rating,total_nights,arrival_date,departure_date,room_rate_code,hotel_img)values('3045','S000000241','2','2','0','-','','','53773','53773','RATEGAINONE','Mumbai','123456789','5.0','1','2020/10/30','2020/10/31','','https://alpha.otrams.thefabulousgetaway.com/project_folder/tfg_project/images/imagenotavailable.jpg');
[10/23/2020 09:55:55], [file name :-/home/otrams/public_html/otramsphp7/uat/v3otrams/confirm_booking.php], insert into booking_room_detail set  booking_id = '3045', booking_detail_id = '1183', room_type_code = '2~~~132~~~1039~~~1~~~~~~~~~64440~~~0~~~S000000241', room_name = 'double', room_type_description = 'Standard  -Bed & Breakfast : 2 Pax <font color=\'red\'>-D</font>', display_nightly_rates = 'a:1:{i:0;a:3:{s:18:\"displayNightlyRate\";d:27.22;s:16:\"promotionDisplay\";s:0:\"\";s:25:\"displayNightlyRateDisplay\";s:152:\"Supplier Name - localsupplier(RateGainSupplier - S000000241), Rate - 100 AED, Currency Multiplier (AED-USD) - 0.27222 Supplier Commission-0 #localsystem\";}}', native_nightly_rates = 'a:1:{i:0;a:4:{s:19:\"O_nativeNightlyRate\";i:100;s:17:\"nativeNightlyRate\";i:100;s:9:\"free_sale\";s:2:\"no\";s:14:\"Discount/Offer\";a:7:{s:4:\"code\";s:0:\"\";s:4:\"Name\";s:0:\"\";s:7:\"S_Value\";s:0:\"\";s:5:\"Value\";i:0;s:12:\"Display_Name\";s:0:\"\";s:10:\"Offer_Note\";N;s:10:\"Offer_Type\";N;}}}', markup = '0', commission = '0', native_room_rate_total = '200', display_room_rate_total = '54.44', number_of_rooms = '2';
[10/23/2020 09:55:55], [file name :-/home/otrams/public_html/otramsphp7/uat/v3otrams/confirm_booking.php],update bookings set  special_remark = '', itenirary_id = '', confirmation_number = '', display_discount = '0', current_status = 'confirmed', comment_contract = '', consultant_id = 'nitinalpha', sales_manager_id = 'otrams', admin_booked = '0', email_id = '', leader_phone = '', agent_currency_multiplier = '1.00000', ip_addr = '60.254.11.53', backoffice_user = 'tfg', customer_id = '', applied_multiplier='0.27222', free_sale='',  applied_markup='0',  agent_markup='0',  basecurrency_multiplier='1.00000',  basecurrency_multiplier_native='0.27222',  parent_agent_id='25',  sub_agent_rate='0', agent_rate='54.44',  applicable_service_tax='0',  supplier_rate='200',  original_source='',  uid='e706b640524070ef0bf5546fb462a4fa'  where id='3045';
[10/23/2020 09:55:55], [file name :-/home/otrams/public_html/otramsphp7/uat/v3otrams/confirm_booking.php],update bookings_details set touricoRoomResId ='', gta_item_confirm_ref='' ,gtaToken = '' , special_request='' where booking_id ='3045';
[10/23/2020 09:55:55], [file name :-/home/otrams/public_html/otramsphp7/uat/v3otrams/confirm_booking.php],update bookings_details set reservation_pushed = '1', channel_manager = 'rategain',room_type_description='' where booking_id = '3045';
[10/23/2020 09:55:55], [file name :-/home/otrams/public_html/otramsphp7/uat/v3otrams/confirm_booking.php],INSERT INTO booking_cancellation_policy(booking_id,from_date,supplier_from_date,supplier_charge,agent_charge,lead_time,create_date)  VALUES('3045','2020-10-27 14:00:00','2020-10-27 14:00:00','200','54.44','0','2020-10-23 09:55:55');
[10/23/2020 09:55:55], [file name :-/home/otrams/public_html/otramsphp7/uat/v3otrams/confirm_booking.php],insert into booking_lat_long(booking_id,latitude,longitude) values ('3045','','');
[10/23/2020 09:55:55], [file name :-/home/otrams/public_html/otramsphp7/uat/v3otrams/confirm_booking.php],INSERT INTO booking_status (booking_id,status,create_date,memo,agent_id,ip_address,admin,modify_by) VALUES ('3045','confirmed','2020-10-23 09:55:55','Booking confirmed . Booked by Back Office tfg on behalf of Agent - Snehal  Valanju(CD0025)','25','60.254.11.53','0','25');
[10/23/2020 09:55:55], [file name :-/home/otrams/public_html/otramsphp7/uat/v3otrams/confirm_booking.php],INSERT INTO booking_search_log(booking_id, details)
        VALUES(3045, 'a:30:{s:3:\"_id\";a:1:{s:4:\"$oid\";s:24:\"5f92a87afcaa3a62da7cfe82\";}s:7:\"hotelId\";s:25:\"53773----------S000000241\";s:4:\"name\";s:11:\"RATEGAINONE\";s:14:\"local_hotel_id\";s:5:\"53773\";s:8:\"address1\";s:6:\"Mumbai\";s:8:\"latitude\";s:0:\"\";s:9:\"longitude\";s:0:\"\";s:4:\"city\";s:5:\"64440\";s:8:\"location\";s:0:\"\";s:14:\"prefered_hotel\";s:1:\"0\";s:10:\"mlosSlogan\";s:0:\"\";s:16:\"isMlosApplicable\";s:2:\"no\";s:7:\"country\";s:3:\"106\";s:16:\"rateCurrencyCode\";s:3:\"USD\";s:5:\"phone\";s:9:\"123456789\";s:16:\"shortDescription\";s:24:\"No Description Available\";s:11:\"website_url\";s:0:\"\";s:12:\"thumbNailUrl\";s:99:\"https://alpha.otrams.thefabulousgetaway.com/project_folder/tfg_project/images/imagenotavailable.jpg\";s:10:\"sourceType\";s:11:\"localsystem\";s:10:\"supplierid\";s:10:\"S000000241\";s:12:\"suppliername\";s:16:\"RateGainSupplier\";s:14:\"propertyRating\";s:3:\"5.0\";s:15:\"specialCategory\";a:1:{i:0;s:1:\"1\";}s:13:\"HotelProperty\";a:1:{s:11:\"localsystem\";a:2:{i:0;a:1:{s:8:\"RateInfo\";a:13:{s:10:\"room_rates\";a:1:{i:0;a:33:{s:11:\"ratebreakup\";a:4:{s:6:\"markup\";i:0;s:10:\"commission\";i:0;s:18:\"NativeNightlyRates\";a:1:{i:0;a:4:{s:19:\"O_nativeNightlyRate\";i:100;s:17:\"nativeNightlyRate\";i:100;s:9:\"free_sale\";s:2:\"no\";s:14:\"Discount/Offer\";a:7:{s:4:\"code\";s:0:\"\";s:4:\"Name\";s:0:\"\";s:7:\"S_Value\";s:0:\"\";s:5:\"Value\";i:0;s:12:\"Display_Name\";s:0:\"\";s:10:\"Offer_Note\";N;s:10:\"Offer_Type\";N;}}}s:19:\"DisplayNightlyRates\";a:1:{i:0;a:3:{s:18:\"displayNightlyRate\";d:27.22;s:16:\"promotionDisplay\";s:0:\"\";s:25:\"displayNightlyRateDisplay\";s:152:\"Supplier Name - localsupplier(RateGainSupplier - S000000241), Rate - 100 AED, Currency Multiplier (AED-USD) - 0.27222 Supplier Commission-0 #localsystem\";}}}s:20:\"offer_promotion_note\";s:0:\"\";s:19:\"offer_discount_type\";s:0:\"\";s:27:\"offer_discount_note_details\";N;s:9:\"room_name\";s:6:\"double\";s:9:\"stay_note\";N;s:10:\"time_stamp\";s:32:\"fb2f501f52e28327de381cb5bb845a5b\";s:16:\"number_of_adults\";s:1:\"2\";s:10:\"view_basis\";s:0:\"\";s:13:\"view_basis_id\";s:1:\"0\";s:9:\"available\";i:1;s:9:\"free_sale\";N;s:7:\"minStay\";s:1:\"1\";s:19:\"displayCurrencyCode\";s:3:\"USD\";s:18:\"nativeCurrencyCode\";s:3:\"AED\";s:20:\"displayRoomTypeRates\";d:54.44;s:20:\"sortingRoomTypeRates\";d:54.44;s:19:\"nativeRoomTypeRates\";i:200;s:12:\"offerApplied\";N;s:7:\"room_id\";s:49:\"2~~~132~~~1039~~~1~~~~~~~~~64440~~~0~~~S000000241\";s:14:\"room_type_code\";s:1:\"2\";s:14:\"boardtype_code\";s:1:\"1\";s:16:\"valuation_number\";s:49:\"2~~~132~~~1039~~~1~~~~~~~~~64440~~~0~~~S000000241\";s:15:\"number_of_child\";i:0;s:13:\"NumberOfRooms\";i:2;s:10:\"supplierId\";s:10:\"S000000241\";s:12:\"supplierName\";s:16:\"RateGainSupplier\";s:10:\"meal_basis\";s:15:\"Bed & Breakfast\";s:4:\"note\";s:0:\"\";s:13:\"room_category\";s:13:\"Standard Room\";s:9:\"room_type\";s:62:\"Standard  -Bed & Breakfast : 2 Pax <font color=\'red\'>-D</font>\";s:14:\"non_refundable\";s:1:\"0\";s:15:\"class_unique_id\";s:17:\"0_0_53773_8916799\";}}s:9:\"available\";i:1;s:15:\"displayRoomRate\";d:54.44;s:14:\"nativeRoomRate\";i:200;s:9:\"unique_id\";s:36:\"1_53773----------S000000241_2_0_5520\";s:10:\"supplierId\";s:10:\"S000000241\";s:19:\"displayCurrencyCode\";s:3:\"USD\";s:18:\"nativeCurrencyCode\";s:3:\"AED\";s:18:\"applied_markup_per\";i:0;s:18:\"applied_multiplier\";d:0.27222;s:19:\"supplier_profile_id\";s:1:\"1\";s:13:\"supplier_data\";a:5:{s:7:\"hotelId\";s:25:\"53773----------S000000241\";s:10:\"sourceType\";s:11:\"localsystem\";s:15:\"supp_hotel_name\";s:11:\"RATEGAINONE\";s:18:\"supp_hotel_address\";s:6:\"Mumbai\";s:10:\"supplierId\";s:10:\"S000000241\";}s:8:\"no_class\";i:0;}}i:1;a:1:{s:8:\"RateInfo\";a:13:{s:10:\"room_rates\";a:1:{i:0;a:33:{s:11:\"ratebreakup\";a:4:{s:6:\"markup\";i:0;s:10:\"commission\";i:0;s:18:\"NativeNightlyRates\";a:1:{i:0;a:4:{s:19:\"O_nativeNightlyRate\";i:200;s:17:\"nativeNightlyRate\";i:200;s:9:\"free_sale\";s:2:\"no\";s:14:\"Discount/Offer\";a:7:{s:4:\"code\";s:0:\"\";s:4:\"Name\";s:0:\"\";s:7:\"S_Value\";s:0:\"\";s:5:\"Value\";i:0;s:12:\"Display_Name\";s:0:\"\";s:10:\"Offer_Note\";N;s:10:\"Offer_Type\";N;}}}s:19:\"DisplayNightlyRates\";a:1:{i:0;a:3:{s:18:\"displayNightlyRate\";d:54.44;s:16:\"promotionDisplay\";s:0:\"\";s:25:\"displayNightlyRateDisplay\";s:152:\"Supplier Name - localsupplier(RateGainSupplier - S000000241), Rate - 200 AED, Currency Multiplier (AED-USD) - 0.27222 Supplier Commission-0 #localsystem\";}}}s:20:\"offer_promotion_note\";s:0:\"\";s:19:\"offer_discount_type\";s:0:\"\";s:27:\"offer_discount_note_details\";N;s:9:\"room_name\";s:6:\"double\";s:9:\"stay_note\";N;s:10:\"time_stamp\";s:32:\"3d7ebc1d74c5f01598404b2d7336c7f7\";s:16:\"number_of_adults\";s:1:\"2\";s:10:\"view_basis\";s:0:\"\";s:13:\"view_basis_id\";s:1:\"0\";s:9:\"available\";i:1;s:9:\"free_sale\";N;s:7:\"minStay\";s:1:\"0\";s:19:\"displayCurrencyCode\";s:3:\"USD\";s:18:\"nativeCurrencyCode\";s:3:\"AED\";s:20:\"displayRoomTypeRates\";d:108.88;s:20:\"sortingRoomTypeRates\";d:108.88;s:19:\"nativeRoomTypeRates\";i:400;s:12:\"offerApplied\";N;s:7:\"room_id\";s:48:\"2~~~20~~~1045~~~1~~~~~~~~~64440~~~1~~~S000000241\";s:14:\"room_type_code\";s:1:\"2\";s:14:\"boardtype_code\";s:1:\"1\";s:16:\"valuation_number\";s:48:\"2~~~20~~~1045~~~1~~~~~~~~~64440~~~1~~~S000000241\";s:15:\"number_of_child\";i:0;s:13:\"NumberOfRooms\";i:2;s:10:\"supplierId\";s:10:\"S000000241\";s:12:\"supplierName\";s:16:\"RateGainSupplier\";s:10:\"meal_basis\";s:15:\"Bed & Breakfast\";s:4:\"note\";s:0:\"\";s:13:\"room_category\";s:18:\"Superior Room Room\";s:9:\"room_type\";s:67:\"Superior Room  -Bed & Breakfast : 2 Pax <font color=\'red\'>-D</font>\";s:14:\"non_refundable\";s:1:\"0\";s:15:\"class_unique_id\";s:17:\"1_1_53773_9795933\";}}s:9:\"available\";i:1;s:15:\"displayRoomRate\";d:108.88;s:14:\"nativeRoomRate\";i:400;s:9:\"unique_id\";s:37:\"1_53773----------S000000241_2_1_46702\";s:10:\"supplierId\";s:10:\"S000000241\";s:19:\"displayCurrencyCode\";s:3:\"USD\";s:18:\"nativeCurrencyCode\";s:3:\"AED\";s:18:\"applied_markup_per\";i:0;s:18:\"applied_multiplier\";d:0.27222;s:19:\"supplier_profile_id\";s:1:\"1\";s:13:\"supplier_data\";a:5:{s:7:\"hotelId\";s:25:\"53773----------S000000241\";s:10:\"sourceType\";s:11:\"localsystem\";s:15:\"supp_hotel_name\";s:11:\"RATEGAINONE\";s:18:\"supp_hotel_address\";s:6:\"Mumbai\";s:10:\"supplierId\";s:10:\"S000000241\";}s:8:\"no_class\";i:0;}}}}s:13:\"total_charges\";d:54.44;s:17:\"propertyAvailable\";i:1;s:8:\"no_class\";i:0;s:18:\"sort_total_charges\";d:54.44;s:16:\"hotel_name_ascii\";s:11:\"rategainone\";s:13:\"supplier_data\";a:5:{s:7:\"hotelId\";s:25:\"53773----------S000000241\";s:10:\"sourceType\";s:11:\"localsystem\";s:15:\"supp_hotel_name\";s:11:\"RATEGAINONE\";s:18:\"supp_hotel_address\";s:6:\"Mumbai\";s:10:\"supplierId\";s:10:\"S000000241\";}}');
[10/23/2020 09:55:55], [file name :-/home/otrams/public_html/otramsphp7/uat/v3otrams/confirm_booking.php],INSERT INTO booking_cancellation_policy(booking_id,from_date,supplier_from_date,to_date,supplier_to_date,supplier_charge,agent_charge,lead_time,create_date,applied_agent_charges)  VALUES('3045','2020-10-27 14:00:00','2020-10-27 14:00:00','1970-01-01 00:00:00','1970-01-01 00:00:00','200','54.44','0','2020-10-23 09:55:55','');
[10/23/2020 09:55:55], [file name :-/home/otrams/public_html/otramsphp7/uat/v3otrams/confirm_booking.php],update bookings_details set reservation_pushed = '1', channel_manager = 'rategain',room_type_description='' where booking_id = '3045';
[10/23/2020 09:55:55], [file name :-/home/otrams/public_html/otramsphp7/uat/v3otrams/confirm_booking.php],INSERT INTO bookings_applicable_offer set  oid= '',  offer_type_code= '',  booking_id= '3045',  room_id= '2~~~132~~~1039~~~1~~~~~~~~~64440~~~0~~~S000000241',  room_name= 'double',  supplier_id= 'S000000241',  agent_id= '',  applied_native_discount= '0',  original_native_rate= '100',  native_rate= '100',  promotion_text= '',  offer_disc_type= '',  offer_disc_value= '',  offer_disc_currency= '',  create_date= '2020-10-23 09:55:55' ;
[10/23/2020 09:55:55], [file name :-/home/otrams/public_html/otramsphp7/uat/v3otrams/confirm_booking.php],update bookings set confirmation_number='',itenirary_id='3045' where  id ='3045';
[10/23/2020 09:55:55], [file name :-/home/otrams/public_html/otramsphp7/uat/v3otrams/confirm_booking.php],UPDATE room_rates SET availability = availability-2,consumed_inventory = consumed_inventory+2 WHERE hotel_id = '53773' and inventory_class_id = '132' and supplier_id = 'S000000241' and date_from = '2020-10-30';
[10/23/2020 09:55:55], [file name :-/home/otrams/public_html/otramsphp7/uat/v3otrams/confirm_booking.php],update supplement_rate set inventory = '0' where supplement_rate_id = '1';
[10/23/2020 09:55:55], [file name :-/home/otrams/public_html/otramsphp7/uat/v3otrams/confirm_booking.php], insert into booking_configuration set  booking_id = '3045', config_key = 'BOOKING OTP', config_value = 'kCX00pV0';;
[10/23/2020 09:55:56], [file name :-/home/otrams/public_html/otramsphp7/uat/v3otrams/confirm_booking.php],insert into email_logs SET `subject`= ' TFG103045 /  Booking Confirmed ',from_email_id= 'sanket.desai@qtechsoftware.com',body= '[encoded data, 40284 characters]',to_email_id= 'snehal.valanju@qtechsoftware.com',cc= '',bcc= '',status= 'Success',page_url= '/confirm_booking.php',create_date= '2020-10-23 09:55:56';
[10/23/2020 09:55:56], [file name :-/home/otrams/public_html/otramsphp7/uat/v3otrams/confirm_booking.php],insert into temp(booking_id,mail_send_to)values('3045','snehal.valanju@qtechsoftware.com');
[10/23/2020 09:55:56], [file name :-/home/otrams/public_html/otramsphp7/uat/v3otrams/confirm_booking.php],insert into temp(booking_id,mail_send_to)values('3045','snehal.valanju@qtechsoftware.com');
[10/23/2020 09:55:56], [file name :-/home/otrams/public_html/otramsphp7/uat/v3otrams/confirm_booking.php],update posted_bookings set booking_id='3045',status='1' where reservation_id='1840' and booking_id ='0';
[10/23/2020 09:55:56], [file name :-/home/otrams/public_html/otramsphp7/uat/v3otrams/confirm_booking.php],update xmllogs set reservation_id='3045' where agent_logs_id='415' and source_type='localsystem';
[10/23/2020 09:55:56], [file name :-/home/otrams/public_html/otramsphp7/uat/v3otrams/confirm_booking.php],INSERT INTO booking_commission set agent_commission='',  supplier_commission='',  profit_percent='',  gross_profit='',  commission_tax='',  booking_id ='3045',  create_date ='2020-10-23 09:55:56', supplier_tax='';
[10/23/2020 09:55:57], [file name :-/home/otrams/public_html/otramsphp7/uat/v3otrams/confirm_booking.php],insert into email_logs SET `subject`= ' TFG103045 /  Booking Confirmed ',from_email_id= 'sanket.desai@qtechsoftware.com',body= '[encoded data, 26768 characters]',to_email_id= 'snehal.valanju@qtechsoftware.com,nitin@qtechsoftware.com',cc= '',bcc= '',status= 'Success',page_url= '/confirm_booking.php',create_date= '2020-10-23 09:55:57';
[10/23/2020 09:55:57], [file name :-/home/otrams/public_html/otramsphp7/uat/v3otrams/confirm_booking.php],insert into temp(booking_id,mail_send_to)values('3045','snehal.valanju@qtechsoftware.com');
[10/23/2020 09:55:57], [file name :-/home/otrams/public_html/otramsphp7/uat/v3otrams/confirm_booking.php],insert into temp(booking_id,mail_send_to)values('3045','nitin@qtechsoftware.com');
[10/23/2020 09:56:44], [file name :-/home/otrams/public_html/otramsphp7/uat/v3otrams/crons/channel_manager_push_reservation.php],update bookings_details set reservation_pushed = '0', channel_manager = 'rategain',room_type_description='' where booking_id = '3045';
[10/23/2020 09:56:46], [file name :-/home/otrams/public_html/otramsphp7/uat/v3otrams/crons/channel_manager_push_reservation.php],update bookings_details set reservation_pushed = '0', channel_manager = 'rategain',room_type_description='' where booking_id = '3045';
