[10/23/2020 09:00:00], [file name :-/home/otrams/public_html/otramsphp7/uat/v3otrams/agent_login.php],update agents set last_login_date = '2020-10-23 09:00:00',login_attempt=0 where id = '25';
[10/23/2020 09:00:00], [file name :-/home/otrams/public_html/otramsphp7/uat/v3otrams/agent_login.php],INSERT INTO psa_login_log  SET username = 'PhpTest', user_type = 'A', branch_id = '1', login_datetime = '2020-10-23 09:00:00', ip = '60.254.11.53', action = 'Login' ;
[10/23/2020 09:00:33], [file name :-/home/otrams/public_html/otramsphp7/uat/v3otrams/hotel_search_list.php],INSERT INTO agent_logs SET  agent_id = '25' , sub_agent_id = '' , sub_user_id = '0' , branch_id = '1' , ip = '60.254.11.53' , city = 'mumbai' , service_name = '' , service_type = 'hotel' , arrival_date = '2020/10/23' , departure_date = '2020/10/24' , nationality = '106' , nights = '1' , room_types = '2' , create_date = '2020-10-23 09:00:33' , site_id = '' , country_code = '106' , web_service = '' ;
[10/23/2020 09:00:36], [file name :-/home/otrams/public_html/otramsphp7/uat/v3otrams/call.php],INSERT INTO xmllogs(reservation_id, type, request_path, response_path, header_path, source_type, create_date, header, session_id, agent_logs_id)
VALUE ('', 'AVAILABILITY', '/request_placeholder.xml', '/response_placeholder.xml', '/response_header_placeholder.xml', 'localsystem', '2020-10-23 09:00:36', '', 'fc8d69515acbce346a2a4cad95e55708ddb842934cc37d8822d907963bae1763', '407');
[10/23/2020 09:00:36], [file name :-/home/otrams/public_html/otramsphp7/uat/v3otrams/call.php],INSERT INTO xmllogs(reservation_id, type, request_path, response_path, header_path, source_type, create_date, header, session_id, agent_logs_id)
VALUE ('', 'AVAILABILITY', '/request_placeholder.xml', '/response_placeholder.xml', '/response_header_placeholder.xml', 'localsystem', '2020-10-23 09:00:36', '', 'fc8d69515acbce346a2a4cad95e55708ddb842934cc37d8822d907963bae1763', '407');
[10/23/2020 09:00:36], [file name :-/home/otrams/public_html/otramsphp7/uat/v3otrams/call.php],UPDATE xmllogs SET
hotel_count = ''
, request_url = '/call.php?s=localsystem&sessionid=fc8d69515acbce346a2a4cad95e55708ddb842934cc37d8822d907963bae1763&xml_user_id=25&request_no=1&local_hotel_code=53768&#039;,&#039;53769&#039;,&#039;53771&#039;,&#039;53773&web_service=no&site_id='
, http_hit_time = '2020-10-23 09:00:35.468'
, request_start_time = '0.000'
, parsing_start_time = '0.000'
, mapping_complete_time = '0.000'
, mongo_start_time = '0.000'
, search_end_time = '0.000'
, total_duration = '1.403'
, error_description = ''
, memory_used = '7908512'
WHERE id = '3075';
[10/23/2020 09:00:36], [file name :-/home/otrams/public_html/otramsphp7/uat/v3otrams/call.php],UPDATE xmllogs SET
hotel_count = ''
, request_url = '/call.php?s=localsystem&sessionid=fc8d69515acbce346a2a4cad95e55708ddb842934cc37d8822d907963bae1763&xml_user_id=25&request_no=0&local_hotel_code=2&#039;,&#039;97&#039;,&#039;53716&#039;,&#039;53734&#039;,&#039;53735&#039;,&#039;53736&#039;,&#039;53737&#039;,&#039;53738&#039;,&#039;53739&#039;,&#039;53740&#039;,&#039;53741&#039;,&#039;53742&#039;,&#039;53744&#039;,&#039;53745&#039;,&#039;53746&#039;,&#039;53747&#039;,&#039;53748&#039;,&#039;53749&#039;,&#039;53750&#039;,&#039;53751&#039;,&#039;53757&#039;,&#039;53758&#039;,&#039;53759&#039;,&#039;53766&#039;,&#039;53767&web_service=no&site_id='
, http_hit_time = '2020-10-23 09:00:35.462'
, request_start_time = '0.000'
, parsing_start_time = '0.000'
, mapping_complete_time = '0.000'
, mongo_start_time = '0.000'
, search_end_time = '0.000'
, total_duration = '1.476'
, error_description = ''
, memory_used = '7910416'
WHERE id = '3074';
[10/23/2020 09:00:37], [file name :-/home/otrams/public_html/otramsphp7/uat/v3otrams/xml_all.php],UPDATE agent_logs SET
  hotel_count = '',
  request_path = '/xml_all.php?userid=25&sessionid=fc8d69515acbce346a2a4cad95e55708ddb842934cc37d8822d907963bae1763',
  duration = '2.103',
  merge_duration = '0.103',
  assigned_supplier_count = '1',
  searched_supplier_count = '1',
  system_load_1_min = '9.16',
  system_load_5_min = '3.08',
  system_load_15_min = '1.71',
  system_memory_usage = '90.75',
  memory_usage = (SELECT COALESCE(SUM(memory_used),0) FROM xmllogs WHERE agent_logs_id = '407') + '8043720',
  parallel_search_count = '',
  mongo_archive_collection = '',
  error_description = '',
  is_cached = 'no'
WHERE id = '407';
[10/23/2020 09:01:37], [file name :-/home/otrams/public_html/otramsphp7/uat/v3otrams/hotel_search_list.php],INSERT INTO agent_logs SET  agent_id = '25' , sub_agent_id = '' , sub_user_id = '0' , branch_id = '1' , ip = '60.254.11.53' , city = 'mumbai' , service_name = '' , service_type = 'hotel' , arrival_date = '2020/10/29' , departure_date = '2020/10/30' , nationality = '106' , nights = '1' , room_types = '2' , create_date = '2020-10-23 09:01:37' , site_id = '' , country_code = '106' , web_service = '' ;
[10/23/2020 09:01:40], [file name :-/home/otrams/public_html/otramsphp7/uat/v3otrams/call.php],INSERT INTO xmllogs(reservation_id, type, request_path, response_path, header_path, source_type, create_date, header, session_id, agent_logs_id)
VALUE ('', 'AVAILABILITY', '/request_placeholder.xml', '/response_placeholder.xml', '/response_header_placeholder.xml', 'localsystem', '2020-10-23 09:01:40', '', 'fc8d69515acbce346a2a4cad95e55708ddb842934cc37d8822d907963bae1763', '408');
[10/23/2020 09:01:40], [file name :-/home/otrams/public_html/otramsphp7/uat/v3otrams/call.php],INSERT INTO xmllogs(reservation_id, type, request_path, response_path, header_path, source_type, create_date, header, session_id, agent_logs_id)
VALUE ('', 'AVAILABILITY', '/request_placeholder.xml', '/response_placeholder.xml', '/response_header_placeholder.xml', 'localsystem', '2020-10-23 09:01:40', '', 'fc8d69515acbce346a2a4cad95e55708ddb842934cc37d8822d907963bae1763', '408');
[10/23/2020 09:01:40], [file name :-/home/otrams/public_html/otramsphp7/uat/v3otrams/call.php],UPDATE xmllogs SET
hotel_count = ''
, request_url = '/call.php?s=localsystem&sessionid=fc8d69515acbce346a2a4cad95e55708ddb842934cc37d8822d907963bae1763&xml_user_id=25&request_no=1&local_hotel_code=53768&#039;,&#039;53769&#039;,&#039;53771&#039;,&#039;53773&web_service=no&site_id='
, http_hit_time = '2020-10-23 09:01:39.265'
, request_start_time = '0.000'
, parsing_start_time = '0.000'
, mapping_complete_time = '0.000'
, mongo_start_time = '0.000'
, search_end_time = '0.000'
, total_duration = '1.230'
, error_description = ''
, memory_used = '7908888'
WHERE id = '3077';
[10/23/2020 09:01:40], [file name :-/home/otrams/public_html/otramsphp7/uat/v3otrams/call.php],UPDATE xmllogs SET
hotel_count = ''
, request_url = '/call.php?s=localsystem&sessionid=fc8d69515acbce346a2a4cad95e55708ddb842934cc37d8822d907963bae1763&xml_user_id=25&request_no=0&local_hotel_code=2&#039;,&#039;97&#039;,&#039;53716&#039;,&#039;53734&#039;,&#039;53735&#039;,&#039;53736&#039;,&#039;53737&#039;,&#039;53738&#039;,&#039;53739&#039;,&#039;53740&#039;,&#039;53741&#039;,&#039;53742&#039;,&#039;53744&#039;,&#039;53745&#039;,&#039;53746&#039;,&#039;53747&#039;,&#039;53748&#039;,&#039;53749&#039;,&#039;53750&#039;,&#039;53751&#039;,&#039;53757&#039;,&#039;53758&#039;,&#039;53759&#039;,&#039;53766&#039;,&#039;53767&web_service=no&site_id='
, http_hit_time = '2020-10-23 09:01:39.265'
, request_start_time = '0.000'
, parsing_start_time = '0.000'
, mapping_complete_time = '0.000'
, mongo_start_time = '0.000'
, search_end_time = '0.000'
, total_duration = '1.255'
, error_description = ''
, memory_used = '7910792'
WHERE id = '3076';
[10/23/2020 09:01:40], [file name :-/home/otrams/public_html/otramsphp7/uat/v3otrams/xml_all.php],UPDATE agent_logs SET
  hotel_count = '',
  request_path = '/xml_all.php?userid=25&sessionid=fc8d69515acbce346a2a4cad95e55708ddb842934cc37d8822d907963bae1763',
  duration = '1.853',
  merge_duration = '0.078',
  assigned_supplier_count = '1',
  searched_supplier_count = '1',
  system_load_1_min = '4.10',
  system_load_5_min = '2.72',
  system_load_15_min = '1.67',
  system_memory_usage = '90.42',
  memory_usage = (SELECT COALESCE(SUM(memory_used),0) FROM xmllogs WHERE agent_logs_id = '408') + '8043944',
  parallel_search_count = '',
  mongo_archive_collection = '',
  error_description = '',
  is_cached = 'no'
WHERE id = '408';
[10/23/2020 09:01:56], [file name :-/home/otrams/public_html/otramsphp7/uat/v3otrams/book_now.php],INSERT INTO autogenerator_reservation (reservation_id, remote_id) VALUES ('1603443716','60.254.11.53');
[10/23/2020 09:02:31], [file name :-/home/otrams/public_html/otramsphp7/uat/v3otrams/book_now.php],INSERT INTO autogenerator_reservation (reservation_id, remote_id) VALUES ('1603443751','60.254.11.53');
[10/23/2020 09:02:37], [file name :-/home/otrams/public_html/otramsphp7/uat/v3otrams/confirm_booking.php],INSERT INTO bookings SET  source_type = 'localsystem', reservation_id = '1828', create_date = '2020-10-23 09:02:37', agent_id = '25', parent_agent_id = '25', agent_ref_no = '', nationality = 'Indian', city_id = 'mumbai', country_id = '106', current_status = 'inprocess-booking', is_xml = '0', display_room_rate = '27.22', display_currency_code = 'USD', native_room_rate = '100', native_currency_code = 'AED', supplier_profile_id = '1', service_type = 'hotel', service_date = '2020/10/29', check_out_date = '2020/10/30', sub_user_id = '', booking_status = '1', leader_title = '', leader_first_name = '', leader_last_name = '', booking_branch_id = '1', expiration_date = '2020-10-23 09:02:00', cancellation_policy = 'Amendment of Dates, Room Category, Passenger Names are considered as Cancel and Rebook by most of the Hotels.
        Any Changes in initial booking may be denied by the supplier or may result in extra charges.
        Confirmation of amendment requests is subject to availablity and rates at the time of amendment.<Br><Br><B><U>Detailed Cancellation Policy:</U></B> <br/> Cancellation Charges of 27.22 USD applicable if cancelled after 22 Oct 2020 23:01 hrs.', supplier_cancellation_policy = '', status_date = '2020-10-23 09:02:37',  site_url = 'https://alpha.otrams.thefabulousgetaway.com/';
[10/23/2020 09:02:37], [file name :-/home/otrams/public_html/otramsphp7/uat/v3otrams/confirm_booking.php],INSERT INTO external_mapping_data_tracking (booking_id,search_hotel_name,booked_hotel_name_supplier,hotel_id,master_id,city_id,supplier,date) VALUES ('3040','RATEGAINONE','RATEGAINONE','53773','53773','mumbai','LOCAL_SUPPLIER',NOW());
[10/23/2020 09:02:37], [file name :-/home/otrams/public_html/otramsphp7/uat/v3otrams/confirm_booking.php],UPDATE
        bookings
        SET
        booking_branch_id= '1'
        WHERE
        id='3040'
        ;
[10/23/2020 09:02:37], [file name :-/home/otrams/public_html/otramsphp7/uat/v3otrams/confirm_booking.php],insert into bookings_details(booking_id,supplier_id,total_rooms,total_adults,total_children,total_infants,rate_description ,rate_code,hotel_id,local_hotel_id,hotel_name,hotel_address1,hotel_phone,hotel_rating,total_nights,arrival_date,departure_date,room_rate_code,hotel_img)values('3040','S000000241','1','2','0','-','','','53773','53773','RATEGAINONE','Mumbai','123456789','5.0','1','2020/10/29','2020/10/30','','https://alpha.otrams.thefabulousgetaway.com/project_folder/tfg_project/images/imagenotavailable.jpg');
[10/23/2020 09:02:37], [file name :-/home/otrams/public_html/otramsphp7/uat/v3otrams/confirm_booking.php], insert into booking_room_detail set  booking_id = '3040', booking_detail_id = '1178', room_type_code = '2~~~132~~~1039~~~1~~~~~~~~~64440~~~0~~~S000000241', room_name = 'double', room_type_description = 'Standard  -Bed & Breakfast : 2 Pax <font color=\'red\'>-D</font>', display_nightly_rates = 'a:1:{i:0;a:3:{s:18:\"displayNightlyRate\";d:27.22;s:16:\"promotionDisplay\";s:0:\"\";s:25:\"displayNightlyRateDisplay\";s:152:\"Supplier Name - localsupplier(RateGainSupplier - S000000241), Rate - 100 AED, Currency Multiplier (AED-USD) - 0.27222 Supplier Commission-0 #localsystem\";}}', native_nightly_rates = 'a:1:{i:0;a:4:{s:19:\"O_nativeNightlyRate\";i:100;s:17:\"nativeNightlyRate\";i:100;s:9:\"free_sale\";s:2:\"no\";s:14:\"Discount/Offer\";a:7:{s:4:\"code\";s:0:\"\";s:4:\"Name\";s:0:\"\";s:7:\"S_Value\";s:0:\"\";s:5:\"Value\";i:0;s:12:\"Display_Name\";s:0:\"\";s:10:\"Offer_Note\";N;s:10:\"Offer_Type\";N;}}}', markup = '0', commission = '0', native_room_rate_total = '100', display_room_rate_total = '27.22', number_of_rooms = '1';
[10/23/2020 09:02:37], [file name :-/home/otrams/public_html/otramsphp7/uat/v3otrams/confirm_booking.php],update bookings set  special_remark = '', itenirary_id = '', confirmation_number = '', display_discount = '0', current_status = 'confirmed', comment_contract = '', consultant_id = 'nitinalpha', sales_manager_id = 'otrams', admin_booked = '1', email_id = '', leader_phone = '', agent_currency_multiplier = '1.00000', ip_addr = '60.254.11.53', backoffice_user = 'tfg', customer_id = '', applied_multiplier='0.27222', free_sale='',  applied_markup='0',  agent_markup='0',  basecurrency_multiplier='1.00000',  basecurrency_multiplier_native='0.27222',  parent_agent_id='25',  sub_agent_rate='0', agent_rate='27.22',  applicable_service_tax='0',  supplier_rate='100',  original_source='',  uid='3d1f648fabd1f62ad783bb7cfe3180fa'  where id='3040';
[10/23/2020 09:02:37], [file name :-/home/otrams/public_html/otramsphp7/uat/v3otrams/confirm_booking.php],update bookings_details set touricoRoomResId ='', gta_item_confirm_ref='' ,gtaToken = '' , special_request='' where booking_id ='3040';
[10/23/2020 09:02:37], [file name :-/home/otrams/public_html/otramsphp7/uat/v3otrams/confirm_booking.php],update bookings_details set reservation_pushed = '1', channel_manager = 'rategain',room_type_description='' where booking_id = '3040';
[10/23/2020 09:02:37], [file name :-/home/otrams/public_html/otramsphp7/uat/v3otrams/confirm_booking.php],INSERT INTO booking_cancellation_policy(booking_id,from_date,supplier_from_date,supplier_charge,agent_charge,lead_time,create_date)  VALUES('3040','2020-10-23 09:01:00','2020-10-23 09:01:00','100','27.22','0','2020-10-23 09:02:37');
[10/23/2020 09:02:37], [file name :-/home/otrams/public_html/otramsphp7/uat/v3otrams/confirm_booking.php],insert into booking_lat_long(booking_id,latitude,longitude) values ('3040','','');
[10/23/2020 09:02:37], [file name :-/home/otrams/public_html/otramsphp7/uat/v3otrams/confirm_booking.php],INSERT INTO booking_status (booking_id,status,create_date,memo,agent_id,ip_address,admin,modify_by) VALUES ('3040','confirmed','2020-10-23 09:02:37','Booking confirmed . Booked by Back Office tfg on behalf of Agent - Snehal  Valanju(CD0025)','25','60.254.11.53','0','25');
[10/23/2020 09:02:37], [file name :-/home/otrams/public_html/otramsphp7/uat/v3otrams/confirm_booking.php],INSERT INTO booking_search_log(booking_id, details)
        VALUES(3040, 'a:30:{s:3:\"_id\";a:1:{s:4:\"$oid\";s:24:\"5f929bf4d6667c4589135432\";}s:7:\"hotelId\";s:25:\"53773----------S000000241\";s:4:\"name\";s:11:\"RATEGAINONE\";s:14:\"local_hotel_id\";s:5:\"53773\";s:8:\"address1\";s:6:\"Mumbai\";s:8:\"latitude\";s:0:\"\";s:9:\"longitude\";s:0:\"\";s:4:\"city\";s:5:\"64440\";s:8:\"location\";s:0:\"\";s:14:\"prefered_hotel\";s:1:\"0\";s:10:\"mlosSlogan\";s:0:\"\";s:16:\"isMlosApplicable\";s:2:\"no\";s:7:\"country\";s:3:\"106\";s:16:\"rateCurrencyCode\";s:3:\"USD\";s:5:\"phone\";s:9:\"123456789\";s:16:\"shortDescription\";s:24:\"No Description Available\";s:11:\"website_url\";s:0:\"\";s:12:\"thumbNailUrl\";s:99:\"https://alpha.otrams.thefabulousgetaway.com/project_folder/tfg_project/images/imagenotavailable.jpg\";s:10:\"sourceType\";s:11:\"localsystem\";s:10:\"supplierid\";s:10:\"S000000241\";s:12:\"suppliername\";s:16:\"RateGainSupplier\";s:14:\"propertyRating\";s:3:\"5.0\";s:15:\"specialCategory\";a:1:{i:0;s:1:\"1\";}s:13:\"HotelProperty\";a:1:{s:11:\"localsystem\";a:1:{i:0;a:1:{s:8:\"RateInfo\";a:13:{s:10:\"room_rates\";a:1:{i:0;a:33:{s:11:\"ratebreakup\";a:4:{s:6:\"markup\";i:0;s:10:\"commission\";i:0;s:18:\"NativeNightlyRates\";a:1:{i:0;a:4:{s:19:\"O_nativeNightlyRate\";i:100;s:17:\"nativeNightlyRate\";i:100;s:9:\"free_sale\";s:2:\"no\";s:14:\"Discount/Offer\";a:7:{s:4:\"code\";s:0:\"\";s:4:\"Name\";s:0:\"\";s:7:\"S_Value\";s:0:\"\";s:5:\"Value\";i:0;s:12:\"Display_Name\";s:0:\"\";s:10:\"Offer_Note\";N;s:10:\"Offer_Type\";N;}}}s:19:\"DisplayNightlyRates\";a:1:{i:0;a:3:{s:18:\"displayNightlyRate\";d:27.22;s:16:\"promotionDisplay\";s:0:\"\";s:25:\"displayNightlyRateDisplay\";s:152:\"Supplier Name - localsupplier(RateGainSupplier - S000000241), Rate - 100 AED, Currency Multiplier (AED-USD) - 0.27222 Supplier Commission-0 #localsystem\";}}}s:20:\"offer_promotion_note\";s:0:\"\";s:19:\"offer_discount_type\";s:0:\"\";s:27:\"offer_discount_note_details\";N;s:9:\"room_name\";s:6:\"double\";s:9:\"stay_note\";N;s:10:\"time_stamp\";s:32:\"b7df5f38d85ddbc812dfc4dbed23c184\";s:16:\"number_of_adults\";s:1:\"2\";s:10:\"view_basis\";s:0:\"\";s:13:\"view_basis_id\";s:1:\"0\";s:9:\"available\";i:1;s:9:\"free_sale\";N;s:7:\"minStay\";s:1:\"1\";s:19:\"displayCurrencyCode\";s:3:\"USD\";s:18:\"nativeCurrencyCode\";s:3:\"AED\";s:20:\"displayRoomTypeRates\";d:27.22;s:20:\"sortingRoomTypeRates\";d:27.22;s:19:\"nativeRoomTypeRates\";i:100;s:12:\"offerApplied\";N;s:7:\"room_id\";s:49:\"2~~~132~~~1039~~~1~~~~~~~~~64440~~~0~~~S000000241\";s:14:\"room_type_code\";s:1:\"2\";s:14:\"boardtype_code\";s:1:\"1\";s:16:\"valuation_number\";s:49:\"2~~~132~~~1039~~~1~~~~~~~~~64440~~~0~~~S000000241\";s:15:\"number_of_child\";i:0;s:13:\"NumberOfRooms\";i:1;s:10:\"supplierId\";s:10:\"S000000241\";s:12:\"supplierName\";s:16:\"RateGainSupplier\";s:10:\"meal_basis\";s:15:\"Bed & Breakfast\";s:4:\"note\";s:0:\"\";s:13:\"room_category\";s:13:\"Standard Room\";s:9:\"room_type\";s:62:\"Standard  -Bed & Breakfast : 2 Pax <font color=\'red\'>-D</font>\";s:14:\"non_refundable\";s:1:\"0\";s:15:\"class_unique_id\";s:17:\"0_0_53773_4631196\";}}s:9:\"available\";i:1;s:15:\"displayRoomRate\";d:27.22;s:14:\"nativeRoomRate\";i:100;s:9:\"unique_id\";s:37:\"1_53773----------S000000241_2_0_86429\";s:10:\"supplierId\";s:10:\"S000000241\";s:19:\"displayCurrencyCode\";s:3:\"USD\";s:18:\"nativeCurrencyCode\";s:3:\"AED\";s:18:\"applied_markup_per\";i:0;s:18:\"applied_multiplier\";d:0.27222;s:19:\"supplier_profile_id\";s:1:\"1\";s:13:\"supplier_data\";a:5:{s:7:\"hotelId\";s:25:\"53773----------S000000241\";s:10:\"sourceType\";s:11:\"localsystem\";s:15:\"supp_hotel_name\";s:11:\"RATEGAINONE\";s:18:\"supp_hotel_address\";s:6:\"Mumbai\";s:10:\"supplierId\";s:10:\"S000000241\";}s:8:\"no_class\";i:0;}}}}s:13:\"total_charges\";d:27.22;s:17:\"propertyAvailable\";i:1;s:8:\"no_class\";i:0;s:18:\"sort_total_charges\";d:27.22;s:16:\"hotel_name_ascii\";s:11:\"rategainone\";s:13:\"supplier_data\";a:5:{s:7:\"hotelId\";s:25:\"53773----------S000000241\";s:10:\"sourceType\";s:11:\"localsystem\";s:15:\"supp_hotel_name\";s:11:\"RATEGAINONE\";s:18:\"supp_hotel_address\";s:6:\"Mumbai\";s:10:\"supplierId\";s:10:\"S000000241\";}}');
[10/23/2020 09:02:37], [file name :-/home/otrams/public_html/otramsphp7/uat/v3otrams/confirm_booking.php],INSERT INTO booking_cancellation_policy(booking_id,from_date,supplier_from_date,to_date,supplier_to_date,supplier_charge,agent_charge,lead_time,create_date,applied_agent_charges)  VALUES('3040','2020-10-23 09:01:00','2020-10-23 09:01:00','1970-01-01 00:00:00','1970-01-01 00:00:00','100','27.22','0','2020-10-23 09:02:37','');
[10/23/2020 09:02:37], [file name :-/home/otrams/public_html/otramsphp7/uat/v3otrams/confirm_booking.php],update bookings_details set reservation_pushed = '1', channel_manager = 'rategain',room_type_description='' where booking_id = '3040';
[10/23/2020 09:02:37], [file name :-/home/otrams/public_html/otramsphp7/uat/v3otrams/confirm_booking.php],INSERT INTO bookings_applicable_offer set  oid= '',  offer_type_code= '',  booking_id= '3040',  room_id= '2~~~132~~~1039~~~1~~~~~~~~~64440~~~0~~~S000000241',  room_name= 'double',  supplier_id= 'S000000241',  agent_id= '',  applied_native_discount= '0',  original_native_rate= '100',  native_rate= '100',  promotion_text= '',  offer_disc_type= '',  offer_disc_value= '',  offer_disc_currency= '',  create_date= '2020-10-23 09:02:37' ;
[10/23/2020 09:02:37], [file name :-/home/otrams/public_html/otramsphp7/uat/v3otrams/confirm_booking.php],update bookings set confirmation_number='',itenirary_id='3040' where  id ='3040';
[10/23/2020 09:02:37], [file name :-/home/otrams/public_html/otramsphp7/uat/v3otrams/confirm_booking.php],UPDATE room_rates SET availability = availability-1,consumed_inventory = consumed_inventory+1 WHERE hotel_id = '53773' and inventory_class_id = '132' and supplier_id = 'S000000241' and date_from = '2020-10-29';
[10/23/2020 09:02:37], [file name :-/home/otrams/public_html/otramsphp7/uat/v3otrams/confirm_booking.php],update supplement_rate set inventory = '0' where supplement_rate_id = '1';
[10/23/2020 09:02:37], [file name :-/home/otrams/public_html/otramsphp7/uat/v3otrams/confirm_booking.php],update posted_bookings set booking_id='3040',status='1' where reservation_id='1828' and booking_id ='0';
[10/23/2020 09:02:37], [file name :-/home/otrams/public_html/otramsphp7/uat/v3otrams/confirm_booking.php],update xmllogs set reservation_id='3040' where agent_logs_id='408' and source_type='localsystem';
[10/23/2020 09:02:37], [file name :-/home/otrams/public_html/otramsphp7/uat/v3otrams/confirm_booking.php],INSERT INTO booking_commission set agent_commission='',  supplier_commission='',  profit_percent='',  gross_profit='',  commission_tax='',  booking_id ='3040',  create_date ='2020-10-23 09:02:37', supplier_tax='';
[10/23/2020 09:02:37], [file name :-/home/otrams/public_html/otramsphp7/uat/v3otrams/confirm_booking.php],update bookings set voucher_id='Test123',status_date='2020-10-23 09:02:37',current_status='vouchered',voucher_hashcode='da4d1170f888c5a4dc2ace34c930885d347923040',vouchered_by ='' where id='3040';
[10/23/2020 09:02:37], [file name :-/home/otrams/public_html/otramsphp7/uat/v3otrams/confirm_booking.php],Insert into booking_configuration set booking_id='3040',config_key='VOUCHER_DATE', config_value='2020-10-23 09:02:37',create_date='2020-10-23 09:02:37';
[10/23/2020 09:02:38], [file name :-/home/otrams/public_html/otramsphp7/uat/v3otrams/confirm_booking.php],INSERT INTO booking_status (visa_id,visa_status,booking_id,status,create_date,memo,agent_id,ip_address,admin,modify_by,crons) VALUES
        ('','','3040','vouchered','2020-10-23 09:02:38','Voucherd by Back Office tfg on behalf of Agent - Snehal  Valanju(CD0025)','25','60.254.11.53','','','');
[10/23/2020 09:02:39], [file name :-/home/otrams/public_html/otramsphp7/uat/v3otrams/confirm_booking.php],insert into email_logs SET `subject`= ' TFG103040 /  Booking Vouchered ',from_email_id= 'sanket.desai@qtechsoftware.com',body= '[encoded data, 27832 characters]',to_email_id= 'snehal.valanju@qtechsoftware.com,nitin@qtechsoftware.com',cc= '',bcc= '',status= 'Success',page_url= '/confirm_booking.php',create_date= '2020-10-23 09:02:39';
[10/23/2020 09:02:39], [file name :-/home/otrams/public_html/otramsphp7/uat/v3otrams/confirm_booking.php],insert into temp(booking_id,mail_send_to)values('3040','snehal.valanju@qtechsoftware.com');
[10/23/2020 09:02:39], [file name :-/home/otrams/public_html/otramsphp7/uat/v3otrams/confirm_booking.php],insert into temp(booking_id,mail_send_to)values('3040','nitin@qtechsoftware.com');
[10/23/2020 09:02:40], [file name :-/home/otrams/public_html/otramsphp7/uat/v3otrams/confirm_booking.php], insert into booking_configuration set  booking_id = '3040', config_key = 'BOOKING OTP', config_value = 'ofO9NQKb';;
[10/23/2020 09:02:40], [file name :-/home/otrams/public_html/otramsphp7/uat/v3otrams/confirm_booking.php],insert into email_logs SET `subject`= ' TFG103040 / Booking Confirmed ',from_email_id= 'sanket.desai@qtechsoftware.com',body= '[encoded data, 39944 characters]',to_email_id= 'snehal.valanju@qtechsoftware.com',cc= '',bcc= '',status= 'Success',page_url= '/confirm_booking.php',create_date= '2020-10-23 09:02:40';
[10/23/2020 09:02:40], [file name :-/home/otrams/public_html/otramsphp7/uat/v3otrams/confirm_booking.php],insert into temp(booking_id,mail_send_to)values('3040','snehal.valanju@qtechsoftware.com');
[10/23/2020 09:02:40], [file name :-/home/otrams/public_html/otramsphp7/uat/v3otrams/confirm_booking.php],insert into temp(booking_id,mail_send_to)values('3040','snehal.valanju@qtechsoftware.com');
[10/23/2020 09:03:04], [file name :-/home/otrams/public_html/otramsphp7/uat/v3otrams/crons/channel_manager_push_reservation.php],update bookings_details set reservation_pushed = '0', channel_manager = 'rategain',room_type_description='' where booking_id = '3040';
[10/23/2020 09:10:46], [file name :-/home/otrams/public_html/otramsphp7/uat/v3otrams/tms/agent.php],UPDATE agents SET agency_name= 'QtechPvt',other_language_agency_name= '',accounting_id= '123',auto_voucher_bookings = '1',outstanding_limit = '0',accounting_name= '',first_name= 'Snehal',middle_name= '',last_name= 'Valanju',agent_type= 'CC',sort_type= 'price',credit_limit_assigned= '14000',credit_limit= '14000',credit_distribution= '0',temp_credit_limit= '',address= 'MUmbai',other_language_address= '',city= '64440',pincode= '',country= '106',time_zone_offset= '-10',enable_dst= '',branch_id='1',phone= '12-123456789',mobile= '12-22333134345345',fax= '',currency= '6',email= 'snehal.valanju@qtechsoftware.com',website= '',lead_time= '',search_by_multicurrency= '1',debug= '1',profile= '',designation= '',iata_status= '0',iata_number= '',nature_of_business= 'Tour Operator',can_book= '1',sales_manager_id= 'otrams',comp_reg_no= '',allow_quotation= '1',can_voucher= '1',allow_book_under_cancellation='1',modify_date='2020-10-23 09:10:46',consultant_id= 'nitinalpha',agency_email= '',acc_name= 'A',acc_email= 'snehal.valanju@qtechsoftware.com',acc_phone= '',man_name= 'B',man_email= '',man_phone= '',res_name= 'C',res_email= '',res_phone= '',remarks= '',apply_service_tax= 'no',allow_ticketing= '',agent_category= '2',can_show_hotels= '' WHERE id= '25';
[10/23/2020 09:10:46], [file name :-/home/otrams/public_html/otramsphp7/uat/v3otrams/tms/agent.php],insert into `user_logs` set `username`= 'tfg',`create_date`= '2020-10-23 09:10:46',`log_type`= 'Agent Updated',`sql_query`= 'UPDATE agents SET agency_name= \&#039;QtechPvt\&#039;,other_language_agency_name= \&#039;\&#039;,accounting_id= \&#039;123\&#039;,auto_voucher_bookings = \&#039;1\&#039;,outstanding_limit = \&#039;0\&#039;,accounting_name= \&#039;\&#039;,first_name= \&#039;Snehal\&#039;,middle_name= \&#039;\&#039;,last_name= \&#039;Valanju\&#039;,agent_type= \&#039;CC\&#039;,sort_type= \&#039;price\&#039;,credit_limit_assigned= \&#039;14000\&#039;,credit_limit= \&#039;14000\&#039;,credit_distribution= \&#039;0\&#039;,temp_credit_limit= \&#039;\&#039;,address= \&#039;MUmbai\&#039;,other_language_address= \&#039;\&#039;,city= \&#039;64440\&#039;,pincode= \&#039;\&#039;,country= \&#039;106\&#039;,time_zone_offset= \&#039;-10\&#039;,enable_dst= 0,branch_id=\&#039;1\&#039;,phone= \&#039;12-123456789\&#039;,mobile= \&#039;12-22333134345345\&#039;,fax= \&#039;\&#039;,currency= \&#039;6\&#039;,email= \&#039;snehal.valanju@qtechsoftware.com\&#039;,website= \&#039;\&#039;,lead_time= 0,search_by_multicurrency= 1,debug= \&#039;1\&#039;,profile= \&#039;\&#039;,designation= \&#039;\&#039;,iata_status= \&#039;0\&#039;,iata_number= \&#039;\&#039;,nature_of_business= \&#039;Tour Operator\&#039;,can_book= \&#039;1\&#039;,sales_manager_id= \&#039;otrams\&#039;,comp_reg_no= \&#039;\&#039;,allow_quotation= \&#039;1\&#039;,can_voucher= \&#039;1\&#039;,allow_book_under_cancellation=\&#039;1\&#039;,modify_date=\&#039;2020-10-23 09:10:46\&#039;,consultant_id= \&#039;nitinalpha\&#039;,agency_email= \&#039;\&#039;,acc_name= \&#039;A\&#039;,acc_email= \&#039;snehal.valanju@qtechsoftware.com\&#039;,acc_phone= \&#039;\&#039;,man_name= \&#039;B\&#039;,man_email= \&#039;\&#039;,man_phone= \&#039;\&#039;,res_name= \&#039;C\&#039;,res_email= \&#039;\&#039;,res_phone= \&#039;\&#039;,remarks= \&#039;\&#039;,apply_service_tax= \&#039;no\&#039;,allow_ticketing= 0,agent_category= \&#039;2\&#039;,can_show_hotels= 0 WHERE id= \&#039;25\&#039;',`log_description`= 'Agent 25 updated For  - modify_date=2020-08-25+05%3A03%3A18 changed to - modify_date=2020-10-23+09%3A10%3A46',`ip`= '60.254.11.53';
[10/23/2020 09:10:47], [file name :-/home/otrams/public_html/otramsphp7/uat/v3otrams/tms/agent.php],insert into user_log_link Set `user_logs_id`='3782', `entity`='Agents', `value`='25' ;
[10/23/2020 09:10:47], [file name :-/home/otrams/public_html/otramsphp7/uat/v3otrams/tms/agent.php],UPDATE agents SET cd_credit_limit=credit_limit-'25' , cd_credit_value=cd_credit_limit-cd_credit_usage WHERE id= ?;
[10/23/2020 09:10:47], [file name :-/home/otrams/public_html/otramsphp7/uat/v3otrams/tms/agent.php],insert into  agent_credit_log SET agent_id= '25',credit_value= '1062.640',credit_usage= '12937.360',credit_limit= '14000',receipt_id= '',amount= '',ip='60.254.11.53',user_type='admin',admin_id='tfg',temp_credit_limit='',log_type='Edit_Agent',note='Agent Edited by tfg',create_date='2020-10-23 09:10:47';
[10/23/2020 09:10:47], [file name :-/home/otrams/public_html/otramsphp7/uat/v3otrams/tms/agent.php],UPDATE agents SET currency= '6',branch_id= '1',consultant_id= 'nitinalpha',sales_manager_id= 'otrams',profile= '', auto_voucher_bookings = '1', outstanding_limit = '0', agent_type= 'CC' WHERE parent_agent= '25';
[10/23/2020 09:14:31], [file name :-/home/otrams/public_html/otramsphp7/uat/v3otrams/tms/add_room_class.php],INSERT INTO room_class SET room_class ='Double, Extrabed - 1 ',supplier_id ='S000000241',min_adult ='2',max_adult ='2',max_capacity ='3',is_child_extrabed ='yes',is_adult_extrabed ='yes',inventory_class_id  ='132',non_refundable  ='0',status ='A',create_date ='2020-10-23 09:14:31';
[10/23/2020 09:14:31], [file name :-/home/otrams/public_html/otramsphp7/uat/v3otrams/tms/add_room_class.php],insert into `user_logs` set `username`= 'tfg',`create_date`= '2020-10-23 09:14:31',`log_type`= 'Room Category',`sql_query`= 'INSERT INTO room_class SET room_class =\&#039;Double, Extrabed - 1 \&#039;,supplier_id =\&#039;S000000241\&#039;,min_adult =\&#039;2\&#039;,max_adult =\&#039;2\&#039;,max_capacity =3,is_child_extrabed =\&#039;yes\&#039;,is_adult_extrabed =\&#039;yes\&#039;,inventory_class_id  =\&#039;132\&#039;,non_refundable  =\&#039;0\&#039;,status =\&#039;A\&#039;,create_date =\&#039;2020-10-23 09:14:31\&#039;',`log_description`= 'Room Category Added ',`ip`= '60.254.11.53';
[10/23/2020 09:15:16], [file name :-/home/otrams/public_html/otramsphp7/uat/v3otrams/tms/local_system.php],DELETE FROM hotel_room_class_mapping WHERE hotel_id='53773' AND supplier_id='S000000241';
[10/23/2020 09:15:16], [file name :-/home/otrams/public_html/otramsphp7/uat/v3otrams/tms/local_system.php],INSERT into hotel_room_class_mapping SET hotel_id='53773', supplier_id='S000000241', class_id='1044', is_channel_manager_mapped = '0';
[10/23/2020 09:15:16], [file name :-/home/otrams/public_html/otramsphp7/uat/v3otrams/tms/local_system.php],INSERT into hotel_room_class_mapping SET hotel_id='53773', supplier_id='S000000241', class_id='1039', is_channel_manager_mapped = '1';
[10/23/2020 09:15:24], [file name :-/home/otrams/public_html/otramsphp7/uat/v3otrams/tms/local_system.php],DELETE FROM hotel_room_class_mapping WHERE hotel_id='53773' AND supplier_id='S000000241';
[10/23/2020 09:15:24], [file name :-/home/otrams/public_html/otramsphp7/uat/v3otrams/tms/local_system.php],INSERT into hotel_room_class_mapping SET hotel_id='53773', supplier_id='S000000241', class_id='1044', is_channel_manager_mapped = '1';
[10/23/2020 09:15:24], [file name :-/home/otrams/public_html/otramsphp7/uat/v3otrams/tms/local_system.php],INSERT into hotel_room_class_mapping SET hotel_id='53773', supplier_id='S000000241', class_id='1039', is_channel_manager_mapped = '1';
[10/23/2020 09:15:28], [file name :-/home/otrams/public_html/otramsphp7/uat/v3otrams/tms/local_system.php],DELETE FROM hotel_room_class_mapping WHERE hotel_id='53773' AND supplier_id='S000000241';
[10/23/2020 09:15:28], [file name :-/home/otrams/public_html/otramsphp7/uat/v3otrams/tms/local_system.php],INSERT into hotel_room_class_mapping SET hotel_id='53773', supplier_id='S000000241', class_id='1044', is_channel_manager_mapped = '1';
[10/23/2020 09:15:28], [file name :-/home/otrams/public_html/otramsphp7/uat/v3otrams/tms/local_system.php],INSERT into hotel_room_class_mapping SET hotel_id='53773', supplier_id='S000000241', class_id='1039', is_channel_manager_mapped = '1';
[10/23/2020 09:16:50], [file name :-/home/otrams/public_html/otramsphp7/uat/v3otrams/tms/add_room_class.php],INSERT INTO room_class SET room_class ='Double, Extrabed - 1 ',supplier_id ='S000000241',min_adult ='2',max_adult ='2',max_capacity ='3',is_child_extrabed ='yes',is_adult_extrabed ='yes',inventory_class_id  ='20',non_refundable  ='0',status ='A',create_date ='2020-10-23 09:16:50';
[10/23/2020 09:16:50], [file name :-/home/otrams/public_html/otramsphp7/uat/v3otrams/tms/add_room_class.php],insert into `user_logs` set `username`= 'tfg',`create_date`= '2020-10-23 09:16:50',`log_type`= 'Room Category',`sql_query`= 'INSERT INTO room_class SET room_class =\&#039;Double, Extrabed - 1 \&#039;,supplier_id =\&#039;S000000241\&#039;,min_adult =\&#039;2\&#039;,max_adult =\&#039;2\&#039;,max_capacity =3,is_child_extrabed =\&#039;yes\&#039;,is_adult_extrabed =\&#039;yes\&#039;,inventory_class_id  =\&#039;20\&#039;,non_refundable  =\&#039;0\&#039;,status =\&#039;A\&#039;,create_date =\&#039;2020-10-23 09:16:50\&#039;',`log_description`= 'Room Category Added ',`ip`= '60.254.11.53';
[10/23/2020 09:17:08], [file name :-/home/otrams/public_html/otramsphp7/uat/v3otrams/tms/local_system.php],DELETE FROM hotel_room_class_mapping WHERE hotel_id='53773' AND supplier_id='S000000241';
[10/23/2020 09:17:08], [file name :-/home/otrams/public_html/otramsphp7/uat/v3otrams/tms/local_system.php],INSERT into hotel_room_class_mapping SET hotel_id='53773', supplier_id='S000000241', class_id='1044', is_channel_manager_mapped = '1';
[10/23/2020 09:17:08], [file name :-/home/otrams/public_html/otramsphp7/uat/v3otrams/tms/local_system.php],INSERT into hotel_room_class_mapping SET hotel_id='53773', supplier_id='S000000241', class_id='1039', is_channel_manager_mapped = '1';
[10/23/2020 09:17:08], [file name :-/home/otrams/public_html/otramsphp7/uat/v3otrams/tms/local_system.php],INSERT into hotel_room_class_mapping SET hotel_id='53773', supplier_id='S000000241', class_id='1045', is_channel_manager_mapped = '1';
[10/23/2020 09:18:09], [file name :-/home/otrams/public_html/otramsphp7/uat/v3otrams/extranet-app/controllers/controller.php],INSERT INTO child_extrabed_rates SET from_date='2020-10-23',to_date='2020-10-23',supplier_id='S000000241',hotel_id='53773',room_basis_id='1',room_class_id='1045',child_no='',infant_wtc_rate=NULL,infant_wtc_weekend_rate=NULL,infant_display= 'no',tiny_child_wtb_rate=NULL,tiny_child_wtb_weekend_rate=NULL,tiny_display= 'no',child_wtb_rate=NULL,child_wtb_weekend_rate=NULL,child_display= 'no',teen_child_wtb_rate=NULL,teen_child_wtb_weekend_rate=NULL,teen_display= 'no',adult_wb_rate= '50',adult_wb_weekend_rate= '50',adult_display= 'yes';
[10/23/2020 09:18:09], [file name :-/home/otrams/public_html/otramsphp7/uat/v3otrams/extranet-app/controllers/controller.php],INSERT INTO child_extrabed_rates SET from_date='2020-10-24',to_date='2020-10-24',supplier_id='S000000241',hotel_id='53773',room_basis_id='1',room_class_id='1045',child_no='',infant_wtc_rate=NULL,infant_wtc_weekend_rate=NULL,infant_display= 'no',tiny_child_wtb_rate=NULL,tiny_child_wtb_weekend_rate=NULL,tiny_display= 'no',child_wtb_rate=NULL,child_wtb_weekend_rate=NULL,child_display= 'no',teen_child_wtb_rate=NULL,teen_child_wtb_weekend_rate=NULL,teen_display= 'no',adult_wb_rate= '50',adult_wb_weekend_rate= '50',adult_display= 'yes';
[10/23/2020 09:18:09], [file name :-/home/otrams/public_html/otramsphp7/uat/v3otrams/extranet-app/controllers/controller.php],INSERT INTO child_extrabed_rates SET from_date='2020-10-25',to_date='2020-10-25',supplier_id='S000000241',hotel_id='53773',room_basis_id='1',room_class_id='1045',child_no='',infant_wtc_rate=NULL,infant_wtc_weekend_rate=NULL,infant_display= 'no',tiny_child_wtb_rate=NULL,tiny_child_wtb_weekend_rate=NULL,tiny_display= 'no',child_wtb_rate=NULL,child_wtb_weekend_rate=NULL,child_display= 'no',teen_child_wtb_rate=NULL,teen_child_wtb_weekend_rate=NULL,teen_display= 'no',adult_wb_rate= '50',adult_wb_weekend_rate= '50',adult_display= 'yes';
[10/23/2020 09:18:09], [file name :-/home/otrams/public_html/otramsphp7/uat/v3otrams/extranet-app/controllers/controller.php],INSERT INTO child_extrabed_rates SET from_date='2020-10-26',to_date='2020-10-26',supplier_id='S000000241',hotel_id='53773',room_basis_id='1',room_class_id='1045',child_no='',infant_wtc_rate=NULL,infant_wtc_weekend_rate=NULL,infant_display= 'no',tiny_child_wtb_rate=NULL,tiny_child_wtb_weekend_rate=NULL,tiny_display= 'no',child_wtb_rate=NULL,child_wtb_weekend_rate=NULL,child_display= 'no',teen_child_wtb_rate=NULL,teen_child_wtb_weekend_rate=NULL,teen_display= 'no',adult_wb_rate= '50',adult_wb_weekend_rate= '50',adult_display= 'yes';
[10/23/2020 09:18:09], [file name :-/home/otrams/public_html/otramsphp7/uat/v3otrams/extranet-app/controllers/controller.php],INSERT INTO child_extrabed_rates SET from_date='2020-10-27',to_date='2020-10-27',supplier_id='S000000241',hotel_id='53773',room_basis_id='1',room_class_id='1045',child_no='',infant_wtc_rate=NULL,infant_wtc_weekend_rate=NULL,infant_display= 'no',tiny_child_wtb_rate=NULL,tiny_child_wtb_weekend_rate=NULL,tiny_display= 'no',child_wtb_rate=NULL,child_wtb_weekend_rate=NULL,child_display= 'no',teen_child_wtb_rate=NULL,teen_child_wtb_weekend_rate=NULL,teen_display= 'no',adult_wb_rate= '50',adult_wb_weekend_rate= '50',adult_display= 'yes';
[10/23/2020 09:18:09], [file name :-/home/otrams/public_html/otramsphp7/uat/v3otrams/extranet-app/controllers/controller.php],INSERT INTO child_extrabed_rates SET from_date='2020-10-28',to_date='2020-10-28',supplier_id='S000000241',hotel_id='53773',room_basis_id='1',room_class_id='1045',child_no='',infant_wtc_rate=NULL,infant_wtc_weekend_rate=NULL,infant_display= 'no',tiny_child_wtb_rate=NULL,tiny_child_wtb_weekend_rate=NULL,tiny_display= 'no',child_wtb_rate=NULL,child_wtb_weekend_rate=NULL,child_display= 'no',teen_child_wtb_rate=NULL,teen_child_wtb_weekend_rate=NULL,teen_display= 'no',adult_wb_rate= '50',adult_wb_weekend_rate= '50',adult_display= 'yes';
[10/23/2020 09:18:09], [file name :-/home/otrams/public_html/otramsphp7/uat/v3otrams/extranet-app/controllers/controller.php],INSERT INTO child_extrabed_rates SET from_date='2020-10-29',to_date='2020-10-29',supplier_id='S000000241',hotel_id='53773',room_basis_id='1',room_class_id='1045',child_no='',infant_wtc_rate=NULL,infant_wtc_weekend_rate=NULL,infant_display= 'no',tiny_child_wtb_rate=NULL,tiny_child_wtb_weekend_rate=NULL,tiny_display= 'no',child_wtb_rate=NULL,child_wtb_weekend_rate=NULL,child_display= 'no',teen_child_wtb_rate=NULL,teen_child_wtb_weekend_rate=NULL,teen_display= 'no',adult_wb_rate= '50',adult_wb_weekend_rate= '50',adult_display= 'yes';
[10/23/2020 09:18:09], [file name :-/home/otrams/public_html/otramsphp7/uat/v3otrams/extranet-app/controllers/controller.php],INSERT INTO child_extrabed_rates SET from_date='2020-10-30',to_date='2020-10-30',supplier_id='S000000241',hotel_id='53773',room_basis_id='1',room_class_id='1045',child_no='',infant_wtc_rate=NULL,infant_wtc_weekend_rate=NULL,infant_display= 'no',tiny_child_wtb_rate=NULL,tiny_child_wtb_weekend_rate=NULL,tiny_display= 'no',child_wtb_rate=NULL,child_wtb_weekend_rate=NULL,child_display= 'no',teen_child_wtb_rate=NULL,teen_child_wtb_weekend_rate=NULL,teen_display= 'no',adult_wb_rate= '50',adult_wb_weekend_rate= '50',adult_display= 'yes';
[10/23/2020 09:18:09], [file name :-/home/otrams/public_html/otramsphp7/uat/v3otrams/extranet-app/controllers/controller.php],INSERT INTO child_extrabed_rates SET from_date='2020-10-31',to_date='2020-10-31',supplier_id='S000000241',hotel_id='53773',room_basis_id='1',room_class_id='1045',child_no='',infant_wtc_rate=NULL,infant_wtc_weekend_rate=NULL,infant_display= 'no',tiny_child_wtb_rate=NULL,tiny_child_wtb_weekend_rate=NULL,tiny_display= 'no',child_wtb_rate=NULL,child_wtb_weekend_rate=NULL,child_display= 'no',teen_child_wtb_rate=NULL,teen_child_wtb_weekend_rate=NULL,teen_display= 'no',adult_wb_rate= '50',adult_wb_weekend_rate= '50',adult_display= 'yes';
[10/23/2020 09:18:09], [file name :-/home/otrams/public_html/otramsphp7/uat/v3otrams/extranet-app/controllers/controller.php],INSERT INTO child_extrabed_rates SET from_date='2020-11-01',to_date='2020-11-01',supplier_id='S000000241',hotel_id='53773',room_basis_id='1',room_class_id='1045',child_no='',infant_wtc_rate=NULL,infant_wtc_weekend_rate=NULL,infant_display= 'no',tiny_child_wtb_rate=NULL,tiny_child_wtb_weekend_rate=NULL,tiny_display= 'no',child_wtb_rate=NULL,child_wtb_weekend_rate=NULL,child_display= 'no',teen_child_wtb_rate=NULL,teen_child_wtb_weekend_rate=NULL,teen_display= 'no',adult_wb_rate= '50',adult_wb_weekend_rate= '50',adult_display= 'yes';
[10/23/2020 09:18:09], [file name :-/home/otrams/public_html/otramsphp7/uat/v3otrams/extranet-app/controllers/controller.php],INSERT INTO child_extrabed_rates SET from_date='2020-11-02',to_date='2020-11-02',supplier_id='S000000241',hotel_id='53773',room_basis_id='1',room_class_id='1045',child_no='',infant_wtc_rate=NULL,infant_wtc_weekend_rate=NULL,infant_display= 'no',tiny_child_wtb_rate=NULL,tiny_child_wtb_weekend_rate=NULL,tiny_display= 'no',child_wtb_rate=NULL,child_wtb_weekend_rate=NULL,child_display= 'no',teen_child_wtb_rate=NULL,teen_child_wtb_weekend_rate=NULL,teen_display= 'no',adult_wb_rate= '50',adult_wb_weekend_rate= '50',adult_display= 'yes';
[10/23/2020 09:18:09], [file name :-/home/otrams/public_html/otramsphp7/uat/v3otrams/extranet-app/controllers/controller.php],INSERT INTO child_extrabed_rates SET from_date='2020-11-03',to_date='2020-11-03',supplier_id='S000000241',hotel_id='53773',room_basis_id='1',room_class_id='1045',child_no='',infant_wtc_rate=NULL,infant_wtc_weekend_rate=NULL,infant_display= 'no',tiny_child_wtb_rate=NULL,tiny_child_wtb_weekend_rate=NULL,tiny_display= 'no',child_wtb_rate=NULL,child_wtb_weekend_rate=NULL,child_display= 'no',teen_child_wtb_rate=NULL,teen_child_wtb_weekend_rate=NULL,teen_display= 'no',adult_wb_rate= '50',adult_wb_weekend_rate= '50',adult_display= 'yes';
[10/23/2020 09:18:09], [file name :-/home/otrams/public_html/otramsphp7/uat/v3otrams/extranet-app/controllers/controller.php],INSERT INTO child_extrabed_rates SET from_date='2020-11-04',to_date='2020-11-04',supplier_id='S000000241',hotel_id='53773',room_basis_id='1',room_class_id='1045',child_no='',infant_wtc_rate=NULL,infant_wtc_weekend_rate=NULL,infant_display= 'no',tiny_child_wtb_rate=NULL,tiny_child_wtb_weekend_rate=NULL,tiny_display= 'no',child_wtb_rate=NULL,child_wtb_weekend_rate=NULL,child_display= 'no',teen_child_wtb_rate=NULL,teen_child_wtb_weekend_rate=NULL,teen_display= 'no',adult_wb_rate= '50',adult_wb_weekend_rate= '50',adult_display= 'yes';
[10/23/2020 09:18:09], [file name :-/home/otrams/public_html/otramsphp7/uat/v3otrams/extranet-app/controllers/controller.php],INSERT INTO child_extrabed_rates SET from_date='2020-11-05',to_date='2020-11-05',supplier_id='S000000241',hotel_id='53773',room_basis_id='1',room_class_id='1045',child_no='',infant_wtc_rate=NULL,infant_wtc_weekend_rate=NULL,infant_display= 'no',tiny_child_wtb_rate=NULL,tiny_child_wtb_weekend_rate=NULL,tiny_display= 'no',child_wtb_rate=NULL,child_wtb_weekend_rate=NULL,child_display= 'no',teen_child_wtb_rate=NULL,teen_child_wtb_weekend_rate=NULL,teen_display= 'no',adult_wb_rate= '50',adult_wb_weekend_rate= '50',adult_display= 'yes';
[10/23/2020 09:18:09], [file name :-/home/otrams/public_html/otramsphp7/uat/v3otrams/extranet-app/controllers/controller.php],INSERT INTO child_extrabed_rates SET from_date='2020-11-06',to_date='2020-11-06',supplier_id='S000000241',hotel_id='53773',room_basis_id='1',room_class_id='1045',child_no='',infant_wtc_rate=NULL,infant_wtc_weekend_rate=NULL,infant_display= 'no',tiny_child_wtb_rate=NULL,tiny_child_wtb_weekend_rate=NULL,tiny_display= 'no',child_wtb_rate=NULL,child_wtb_weekend_rate=NULL,child_display= 'no',teen_child_wtb_rate=NULL,teen_child_wtb_weekend_rate=NULL,teen_display= 'no',adult_wb_rate= '50',adult_wb_weekend_rate= '50',adult_display= 'yes';
[10/23/2020 09:18:09], [file name :-/home/otrams/public_html/otramsphp7/uat/v3otrams/extranet-app/controllers/controller.php],INSERT INTO child_extrabed_rates SET from_date='2020-11-07',to_date='2020-11-07',supplier_id='S000000241',hotel_id='53773',room_basis_id='1',room_class_id='1045',child_no='',infant_wtc_rate=NULL,infant_wtc_weekend_rate=NULL,infant_display= 'no',tiny_child_wtb_rate=NULL,tiny_child_wtb_weekend_rate=NULL,tiny_display= 'no',child_wtb_rate=NULL,child_wtb_weekend_rate=NULL,child_display= 'no',teen_child_wtb_rate=NULL,teen_child_wtb_weekend_rate=NULL,teen_display= 'no',adult_wb_rate= '50',adult_wb_weekend_rate= '50',adult_display= 'yes';
[10/23/2020 09:18:09], [file name :-/home/otrams/public_html/otramsphp7/uat/v3otrams/extranet-app/controllers/controller.php],INSERT INTO child_extrabed_rates SET from_date='2020-11-08',to_date='2020-11-08',supplier_id='S000000241',hotel_id='53773',room_basis_id='1',room_class_id='1045',child_no='',infant_wtc_rate=NULL,infant_wtc_weekend_rate=NULL,infant_display= 'no',tiny_child_wtb_rate=NULL,tiny_child_wtb_weekend_rate=NULL,tiny_display= 'no',child_wtb_rate=NULL,child_wtb_weekend_rate=NULL,child_display= 'no',teen_child_wtb_rate=NULL,teen_child_wtb_weekend_rate=NULL,teen_display= 'no',adult_wb_rate= '50',adult_wb_weekend_rate= '50',adult_display= 'yes';
[10/23/2020 09:18:09], [file name :-/home/otrams/public_html/otramsphp7/uat/v3otrams/extranet-app/controllers/controller.php],INSERT INTO child_extrabed_rates SET from_date='2020-11-09',to_date='2020-11-09',supplier_id='S000000241',hotel_id='53773',room_basis_id='1',room_class_id='1045',child_no='',infant_wtc_rate=NULL,infant_wtc_weekend_rate=NULL,infant_display= 'no',tiny_child_wtb_rate=NULL,tiny_child_wtb_weekend_rate=NULL,tiny_display= 'no',child_wtb_rate=NULL,child_wtb_weekend_rate=NULL,child_display= 'no',teen_child_wtb_rate=NULL,teen_child_wtb_weekend_rate=NULL,teen_display= 'no',adult_wb_rate= '50',adult_wb_weekend_rate= '50',adult_display= 'yes';
[10/23/2020 09:18:09], [file name :-/home/otrams/public_html/otramsphp7/uat/v3otrams/extranet-app/controllers/controller.php],INSERT INTO child_extrabed_rates SET from_date='2020-11-10',to_date='2020-11-10',supplier_id='S000000241',hotel_id='53773',room_basis_id='1',room_class_id='1045',child_no='',infant_wtc_rate=NULL,infant_wtc_weekend_rate=NULL,infant_display= 'no',tiny_child_wtb_rate=NULL,tiny_child_wtb_weekend_rate=NULL,tiny_display= 'no',child_wtb_rate=NULL,child_wtb_weekend_rate=NULL,child_display= 'no',teen_child_wtb_rate=NULL,teen_child_wtb_weekend_rate=NULL,teen_display= 'no',adult_wb_rate= '50',adult_wb_weekend_rate= '50',adult_display= 'yes';
[10/23/2020 09:18:09], [file name :-/home/otrams/public_html/otramsphp7/uat/v3otrams/extranet-app/controllers/controller.php],INSERT INTO child_extrabed_rates SET from_date='2020-11-11',to_date='2020-11-11',supplier_id='S000000241',hotel_id='53773',room_basis_id='1',room_class_id='1045',child_no='',infant_wtc_rate=NULL,infant_wtc_weekend_rate=NULL,infant_display= 'no',tiny_child_wtb_rate=NULL,tiny_child_wtb_weekend_rate=NULL,tiny_display= 'no',child_wtb_rate=NULL,child_wtb_weekend_rate=NULL,child_display= 'no',teen_child_wtb_rate=NULL,teen_child_wtb_weekend_rate=NULL,teen_display= 'no',adult_wb_rate= '50',adult_wb_weekend_rate= '50',adult_display= 'yes';
[10/23/2020 09:18:09], [file name :-/home/otrams/public_html/otramsphp7/uat/v3otrams/extranet-app/controllers/controller.php],INSERT INTO child_extrabed_rates SET from_date='2020-11-12',to_date='2020-11-12',supplier_id='S000000241',hotel_id='53773',room_basis_id='1',room_class_id='1045',child_no='',infant_wtc_rate=NULL,infant_wtc_weekend_rate=NULL,infant_display= 'no',tiny_child_wtb_rate=NULL,tiny_child_wtb_weekend_rate=NULL,tiny_display= 'no',child_wtb_rate=NULL,child_wtb_weekend_rate=NULL,child_display= 'no',teen_child_wtb_rate=NULL,teen_child_wtb_weekend_rate=NULL,teen_display= 'no',adult_wb_rate= '50',adult_wb_weekend_rate= '50',adult_display= 'yes';
[10/23/2020 09:18:09], [file name :-/home/otrams/public_html/otramsphp7/uat/v3otrams/extranet-app/controllers/controller.php],INSERT INTO child_extrabed_rates SET from_date='2020-11-13',to_date='2020-11-13',supplier_id='S000000241',hotel_id='53773',room_basis_id='1',room_class_id='1045',child_no='',infant_wtc_rate=NULL,infant_wtc_weekend_rate=NULL,infant_display= 'no',tiny_child_wtb_rate=NULL,tiny_child_wtb_weekend_rate=NULL,tiny_display= 'no',child_wtb_rate=NULL,child_wtb_weekend_rate=NULL,child_display= 'no',teen_child_wtb_rate=NULL,teen_child_wtb_weekend_rate=NULL,teen_display= 'no',adult_wb_rate= '50',adult_wb_weekend_rate= '50',adult_display= 'yes';
[10/23/2020 09:18:09], [file name :-/home/otrams/public_html/otramsphp7/uat/v3otrams/extranet-app/controllers/controller.php],INSERT INTO child_extrabed_rates SET from_date='2020-11-14',to_date='2020-11-14',supplier_id='S000000241',hotel_id='53773',room_basis_id='1',room_class_id='1045',child_no='',infant_wtc_rate=NULL,infant_wtc_weekend_rate=NULL,infant_display= 'no',tiny_child_wtb_rate=NULL,tiny_child_wtb_weekend_rate=NULL,tiny_display= 'no',child_wtb_rate=NULL,child_wtb_weekend_rate=NULL,child_display= 'no',teen_child_wtb_rate=NULL,teen_child_wtb_weekend_rate=NULL,teen_display= 'no',adult_wb_rate= '50',adult_wb_weekend_rate= '50',adult_display= 'yes';
[10/23/2020 09:18:09], [file name :-/home/otrams/public_html/otramsphp7/uat/v3otrams/extranet-app/controllers/controller.php],INSERT INTO child_extrabed_rates SET from_date='2020-11-15',to_date='2020-11-15',supplier_id='S000000241',hotel_id='53773',room_basis_id='1',room_class_id='1045',child_no='',infant_wtc_rate=NULL,infant_wtc_weekend_rate=NULL,infant_display= 'no',tiny_child_wtb_rate=NULL,tiny_child_wtb_weekend_rate=NULL,tiny_display= 'no',child_wtb_rate=NULL,child_wtb_weekend_rate=NULL,child_display= 'no',teen_child_wtb_rate=NULL,teen_child_wtb_weekend_rate=NULL,teen_display= 'no',adult_wb_rate= '50',adult_wb_weekend_rate= '50',adult_display= 'yes';
[10/23/2020 09:18:09], [file name :-/home/otrams/public_html/otramsphp7/uat/v3otrams/extranet-app/controllers/controller.php],INSERT INTO child_extrabed_rates SET from_date='2020-11-16',to_date='2020-11-16',supplier_id='S000000241',hotel_id='53773',room_basis_id='1',room_class_id='1045',child_no='',infant_wtc_rate=NULL,infant_wtc_weekend_rate=NULL,infant_display= 'no',tiny_child_wtb_rate=NULL,tiny_child_wtb_weekend_rate=NULL,tiny_display= 'no',child_wtb_rate=NULL,child_wtb_weekend_rate=NULL,child_display= 'no',teen_child_wtb_rate=NULL,teen_child_wtb_weekend_rate=NULL,teen_display= 'no',adult_wb_rate= '50',adult_wb_weekend_rate= '50',adult_display= 'yes';
[10/23/2020 09:18:09], [file name :-/home/otrams/public_html/otramsphp7/uat/v3otrams/extranet-app/controllers/controller.php],INSERT INTO child_extrabed_rates SET from_date='2020-11-17',to_date='2020-11-17',supplier_id='S000000241',hotel_id='53773',room_basis_id='1',room_class_id='1045',child_no='',infant_wtc_rate=NULL,infant_wtc_weekend_rate=NULL,infant_display= 'no',tiny_child_wtb_rate=NULL,tiny_child_wtb_weekend_rate=NULL,tiny_display= 'no',child_wtb_rate=NULL,child_wtb_weekend_rate=NULL,child_display= 'no',teen_child_wtb_rate=NULL,teen_child_wtb_weekend_rate=NULL,teen_display= 'no',adult_wb_rate= '50',adult_wb_weekend_rate= '50',adult_display= 'yes';
[10/23/2020 09:18:09], [file name :-/home/otrams/public_html/otramsphp7/uat/v3otrams/extranet-app/controllers/controller.php],INSERT INTO child_extrabed_rates SET from_date='2020-11-18',to_date='2020-11-18',supplier_id='S000000241',hotel_id='53773',room_basis_id='1',room_class_id='1045',child_no='',infant_wtc_rate=NULL,infant_wtc_weekend_rate=NULL,infant_display= 'no',tiny_child_wtb_rate=NULL,tiny_child_wtb_weekend_rate=NULL,tiny_display= 'no',child_wtb_rate=NULL,child_wtb_weekend_rate=NULL,child_display= 'no',teen_child_wtb_rate=NULL,teen_child_wtb_weekend_rate=NULL,teen_display= 'no',adult_wb_rate= '50',adult_wb_weekend_rate= '50',adult_display= 'yes';
[10/23/2020 09:18:09], [file name :-/home/otrams/public_html/otramsphp7/uat/v3otrams/extranet-app/controllers/controller.php],INSERT INTO child_extrabed_rates SET from_date='2020-11-19',to_date='2020-11-19',supplier_id='S000000241',hotel_id='53773',room_basis_id='1',room_class_id='1045',child_no='',infant_wtc_rate=NULL,infant_wtc_weekend_rate=NULL,infant_display= 'no',tiny_child_wtb_rate=NULL,tiny_child_wtb_weekend_rate=NULL,tiny_display= 'no',child_wtb_rate=NULL,child_wtb_weekend_rate=NULL,child_display= 'no',teen_child_wtb_rate=NULL,teen_child_wtb_weekend_rate=NULL,teen_display= 'no',adult_wb_rate= '50',adult_wb_weekend_rate= '50',adult_display= 'yes';
[10/23/2020 09:18:09], [file name :-/home/otrams/public_html/otramsphp7/uat/v3otrams/extranet-app/controllers/controller.php],INSERT INTO child_extrabed_rates SET from_date='2020-11-20',to_date='2020-11-20',supplier_id='S000000241',hotel_id='53773',room_basis_id='1',room_class_id='1045',child_no='',infant_wtc_rate=NULL,infant_wtc_weekend_rate=NULL,infant_display= 'no',tiny_child_wtb_rate=NULL,tiny_child_wtb_weekend_rate=NULL,tiny_display= 'no',child_wtb_rate=NULL,child_wtb_weekend_rate=NULL,child_display= 'no',teen_child_wtb_rate=NULL,teen_child_wtb_weekend_rate=NULL,teen_display= 'no',adult_wb_rate= '50',adult_wb_weekend_rate= '50',adult_display= 'yes';
[10/23/2020 09:18:09], [file name :-/home/otrams/public_html/otramsphp7/uat/v3otrams/extranet-app/controllers/controller.php],INSERT INTO child_extrabed_rates SET from_date='2020-11-21',to_date='2020-11-21',supplier_id='S000000241',hotel_id='53773',room_basis_id='1',room_class_id='1045',child_no='',infant_wtc_rate=NULL,infant_wtc_weekend_rate=NULL,infant_display= 'no',tiny_child_wtb_rate=NULL,tiny_child_wtb_weekend_rate=NULL,tiny_display= 'no',child_wtb_rate=NULL,child_wtb_weekend_rate=NULL,child_display= 'no',teen_child_wtb_rate=NULL,teen_child_wtb_weekend_rate=NULL,teen_display= 'no',adult_wb_rate= '50',adult_wb_weekend_rate= '50',adult_display= 'yes';
[10/23/2020 09:18:09], [file name :-/home/otrams/public_html/otramsphp7/uat/v3otrams/extranet-app/controllers/controller.php],INSERT INTO child_extrabed_rates SET from_date='2020-11-22',to_date='2020-11-22',supplier_id='S000000241',hotel_id='53773',room_basis_id='1',room_class_id='1045',child_no='',infant_wtc_rate=NULL,infant_wtc_weekend_rate=NULL,infant_display= 'no',tiny_child_wtb_rate=NULL,tiny_child_wtb_weekend_rate=NULL,tiny_display= 'no',child_wtb_rate=NULL,child_wtb_weekend_rate=NULL,child_display= 'no',teen_child_wtb_rate=NULL,teen_child_wtb_weekend_rate=NULL,teen_display= 'no',adult_wb_rate= '50',adult_wb_weekend_rate= '50',adult_display= 'yes';
[10/23/2020 09:18:09], [file name :-/home/otrams/public_html/otramsphp7/uat/v3otrams/extranet-app/controllers/controller.php],INSERT INTO child_extrabed_rates SET from_date='2020-11-23',to_date='2020-11-23',supplier_id='S000000241',hotel_id='53773',room_basis_id='1',room_class_id='1045',child_no='',infant_wtc_rate=NULL,infant_wtc_weekend_rate=NULL,infant_display= 'no',tiny_child_wtb_rate=NULL,tiny_child_wtb_weekend_rate=NULL,tiny_display= 'no',child_wtb_rate=NULL,child_wtb_weekend_rate=NULL,child_display= 'no',teen_child_wtb_rate=NULL,teen_child_wtb_weekend_rate=NULL,teen_display= 'no',adult_wb_rate= '50',adult_wb_weekend_rate= '50',adult_display= 'yes';
[10/23/2020 09:18:09], [file name :-/home/otrams/public_html/otramsphp7/uat/v3otrams/extranet-app/controllers/controller.php],INSERT INTO child_extrabed_rates SET from_date='2020-11-24',to_date='2020-11-24',supplier_id='S000000241',hotel_id='53773',room_basis_id='1',room_class_id='1045',child_no='',infant_wtc_rate=NULL,infant_wtc_weekend_rate=NULL,infant_display= 'no',tiny_child_wtb_rate=NULL,tiny_child_wtb_weekend_rate=NULL,tiny_display= 'no',child_wtb_rate=NULL,child_wtb_weekend_rate=NULL,child_display= 'no',teen_child_wtb_rate=NULL,teen_child_wtb_weekend_rate=NULL,teen_display= 'no',adult_wb_rate= '50',adult_wb_weekend_rate= '50',adult_display= 'yes';
[10/23/2020 09:18:09], [file name :-/home/otrams/public_html/otramsphp7/uat/v3otrams/extranet-app/controllers/controller.php],INSERT INTO child_extrabed_rates SET from_date='2020-11-25',to_date='2020-11-25',supplier_id='S000000241',hotel_id='53773',room_basis_id='1',room_class_id='1045',child_no='',infant_wtc_rate=NULL,infant_wtc_weekend_rate=NULL,infant_display= 'no',tiny_child_wtb_rate=NULL,tiny_child_wtb_weekend_rate=NULL,tiny_display= 'no',child_wtb_rate=NULL,child_wtb_weekend_rate=NULL,child_display= 'no',teen_child_wtb_rate=NULL,teen_child_wtb_weekend_rate=NULL,teen_display= 'no',adult_wb_rate= '50',adult_wb_weekend_rate= '50',adult_display= 'yes';
[10/23/2020 09:18:09], [file name :-/home/otrams/public_html/otramsphp7/uat/v3otrams/extranet-app/controllers/controller.php],INSERT INTO child_extrabed_rates SET from_date='2020-11-26',to_date='2020-11-26',supplier_id='S000000241',hotel_id='53773',room_basis_id='1',room_class_id='1045',child_no='',infant_wtc_rate=NULL,infant_wtc_weekend_rate=NULL,infant_display= 'no',tiny_child_wtb_rate=NULL,tiny_child_wtb_weekend_rate=NULL,tiny_display= 'no',child_wtb_rate=NULL,child_wtb_weekend_rate=NULL,child_display= 'no',teen_child_wtb_rate=NULL,teen_child_wtb_weekend_rate=NULL,teen_display= 'no',adult_wb_rate= '50',adult_wb_weekend_rate= '50',adult_display= 'yes';
[10/23/2020 09:18:09], [file name :-/home/otrams/public_html/otramsphp7/uat/v3otrams/extranet-app/controllers/controller.php],INSERT INTO child_extrabed_rates SET from_date='2020-11-27',to_date='2020-11-27',supplier_id='S000000241',hotel_id='53773',room_basis_id='1',room_class_id='1045',child_no='',infant_wtc_rate=NULL,infant_wtc_weekend_rate=NULL,infant_display= 'no',tiny_child_wtb_rate=NULL,tiny_child_wtb_weekend_rate=NULL,tiny_display= 'no',child_wtb_rate=NULL,child_wtb_weekend_rate=NULL,child_display= 'no',teen_child_wtb_rate=NULL,teen_child_wtb_weekend_rate=NULL,teen_display= 'no',adult_wb_rate= '50',adult_wb_weekend_rate= '50',adult_display= 'yes';
[10/23/2020 09:18:09], [file name :-/home/otrams/public_html/otramsphp7/uat/v3otrams/extranet-app/controllers/controller.php],INSERT INTO child_extrabed_rates SET from_date='2020-11-28',to_date='2020-11-28',supplier_id='S000000241',hotel_id='53773',room_basis_id='1',room_class_id='1045',child_no='',infant_wtc_rate=NULL,infant_wtc_weekend_rate=NULL,infant_display= 'no',tiny_child_wtb_rate=NULL,tiny_child_wtb_weekend_rate=NULL,tiny_display= 'no',child_wtb_rate=NULL,child_wtb_weekend_rate=NULL,child_display= 'no',teen_child_wtb_rate=NULL,teen_child_wtb_weekend_rate=NULL,teen_display= 'no',adult_wb_rate= '50',adult_wb_weekend_rate= '50',adult_display= 'yes';
[10/23/2020 09:18:09], [file name :-/home/otrams/public_html/otramsphp7/uat/v3otrams/extranet-app/controllers/controller.php],INSERT INTO child_extrabed_rates SET from_date='2020-11-29',to_date='2020-11-29',supplier_id='S000000241',hotel_id='53773',room_basis_id='1',room_class_id='1045',child_no='',infant_wtc_rate=NULL,infant_wtc_weekend_rate=NULL,infant_display= 'no',tiny_child_wtb_rate=NULL,tiny_child_wtb_weekend_rate=NULL,tiny_display= 'no',child_wtb_rate=NULL,child_wtb_weekend_rate=NULL,child_display= 'no',teen_child_wtb_rate=NULL,teen_child_wtb_weekend_rate=NULL,teen_display= 'no',adult_wb_rate= '50',adult_wb_weekend_rate= '50',adult_display= 'yes';
[10/23/2020 09:18:09], [file name :-/home/otrams/public_html/otramsphp7/uat/v3otrams/extranet-app/controllers/controller.php],INSERT INTO child_extrabed_rates SET from_date='2020-11-30',to_date='2020-11-30',supplier_id='S000000241',hotel_id='53773',room_basis_id='1',room_class_id='1045',child_no='',infant_wtc_rate=NULL,infant_wtc_weekend_rate=NULL,infant_display= 'no',tiny_child_wtb_rate=NULL,tiny_child_wtb_weekend_rate=NULL,tiny_display= 'no',child_wtb_rate=NULL,child_wtb_weekend_rate=NULL,child_display= 'no',teen_child_wtb_rate=NULL,teen_child_wtb_weekend_rate=NULL,teen_display= 'no',adult_wb_rate= '50',adult_wb_weekend_rate= '50',adult_display= 'yes';
[10/23/2020 09:18:09], [file name :-/home/otrams/public_html/otramsphp7/uat/v3otrams/extranet-app/controllers/controller.php],INSERT INTO child_extrabed_rates SET from_date='2020-12-01',to_date='2020-12-01',supplier_id='S000000241',hotel_id='53773',room_basis_id='1',room_class_id='1045',child_no='',infant_wtc_rate=NULL,infant_wtc_weekend_rate=NULL,infant_display= 'no',tiny_child_wtb_rate=NULL,tiny_child_wtb_weekend_rate=NULL,tiny_display= 'no',child_wtb_rate=NULL,child_wtb_weekend_rate=NULL,child_display= 'no',teen_child_wtb_rate=NULL,teen_child_wtb_weekend_rate=NULL,teen_display= 'no',adult_wb_rate= '50',adult_wb_weekend_rate= '50',adult_display= 'yes';
[10/23/2020 09:18:09], [file name :-/home/otrams/public_html/otramsphp7/uat/v3otrams/extranet-app/controllers/controller.php],INSERT INTO child_extrabed_rates SET from_date='2020-12-02',to_date='2020-12-02',supplier_id='S000000241',hotel_id='53773',room_basis_id='1',room_class_id='1045',child_no='',infant_wtc_rate=NULL,infant_wtc_weekend_rate=NULL,infant_display= 'no',tiny_child_wtb_rate=NULL,tiny_child_wtb_weekend_rate=NULL,tiny_display= 'no',child_wtb_rate=NULL,child_wtb_weekend_rate=NULL,child_display= 'no',teen_child_wtb_rate=NULL,teen_child_wtb_weekend_rate=NULL,teen_display= 'no',adult_wb_rate= '50',adult_wb_weekend_rate= '50',adult_display= 'yes';
[10/23/2020 09:18:09], [file name :-/home/otrams/public_html/otramsphp7/uat/v3otrams/extranet-app/controllers/controller.php],INSERT INTO child_extrabed_rates SET from_date='2020-12-03',to_date='2020-12-03',supplier_id='S000000241',hotel_id='53773',room_basis_id='1',room_class_id='1045',child_no='',infant_wtc_rate=NULL,infant_wtc_weekend_rate=NULL,infant_display= 'no',tiny_child_wtb_rate=NULL,tiny_child_wtb_weekend_rate=NULL,tiny_display= 'no',child_wtb_rate=NULL,child_wtb_weekend_rate=NULL,child_display= 'no',teen_child_wtb_rate=NULL,teen_child_wtb_weekend_rate=NULL,teen_display= 'no',adult_wb_rate= '50',adult_wb_weekend_rate= '50',adult_display= 'yes';
[10/23/2020 09:18:09], [file name :-/home/otrams/public_html/otramsphp7/uat/v3otrams/extranet-app/controllers/controller.php],INSERT INTO child_extrabed_rates SET from_date='2020-12-04',to_date='2020-12-04',supplier_id='S000000241',hotel_id='53773',room_basis_id='1',room_class_id='1045',child_no='',infant_wtc_rate=NULL,infant_wtc_weekend_rate=NULL,infant_display= 'no',tiny_child_wtb_rate=NULL,tiny_child_wtb_weekend_rate=NULL,tiny_display= 'no',child_wtb_rate=NULL,child_wtb_weekend_rate=NULL,child_display= 'no',teen_child_wtb_rate=NULL,teen_child_wtb_weekend_rate=NULL,teen_display= 'no',adult_wb_rate= '50',adult_wb_weekend_rate= '50',adult_display= 'yes';
[10/23/2020 09:18:09], [file name :-/home/otrams/public_html/otramsphp7/uat/v3otrams/extranet-app/controllers/controller.php],INSERT INTO child_extrabed_rates SET from_date='2020-12-05',to_date='2020-12-05',supplier_id='S000000241',hotel_id='53773',room_basis_id='1',room_class_id='1045',child_no='',infant_wtc_rate=NULL,infant_wtc_weekend_rate=NULL,infant_display= 'no',tiny_child_wtb_rate=NULL,tiny_child_wtb_weekend_rate=NULL,tiny_display= 'no',child_wtb_rate=NULL,child_wtb_weekend_rate=NULL,child_display= 'no',teen_child_wtb_rate=NULL,teen_child_wtb_weekend_rate=NULL,teen_display= 'no',adult_wb_rate= '50',adult_wb_weekend_rate= '50',adult_display= 'yes';
[10/23/2020 09:18:09], [file name :-/home/otrams/public_html/otramsphp7/uat/v3otrams/extranet-app/controllers/controller.php],INSERT INTO child_extrabed_rates SET from_date='2020-12-06',to_date='2020-12-06',supplier_id='S000000241',hotel_id='53773',room_basis_id='1',room_class_id='1045',child_no='',infant_wtc_rate=NULL,infant_wtc_weekend_rate=NULL,infant_display= 'no',tiny_child_wtb_rate=NULL,tiny_child_wtb_weekend_rate=NULL,tiny_display= 'no',child_wtb_rate=NULL,child_wtb_weekend_rate=NULL,child_display= 'no',teen_child_wtb_rate=NULL,teen_child_wtb_weekend_rate=NULL,teen_display= 'no',adult_wb_rate= '50',adult_wb_weekend_rate= '50',adult_display= 'yes';
[10/23/2020 09:18:09], [file name :-/home/otrams/public_html/otramsphp7/uat/v3otrams/extranet-app/controllers/controller.php],INSERT INTO child_extrabed_rates SET from_date='2020-12-07',to_date='2020-12-07',supplier_id='S000000241',hotel_id='53773',room_basis_id='1',room_class_id='1045',child_no='',infant_wtc_rate=NULL,infant_wtc_weekend_rate=NULL,infant_display= 'no',tiny_child_wtb_rate=NULL,tiny_child_wtb_weekend_rate=NULL,tiny_display= 'no',child_wtb_rate=NULL,child_wtb_weekend_rate=NULL,child_display= 'no',teen_child_wtb_rate=NULL,teen_child_wtb_weekend_rate=NULL,teen_display= 'no',adult_wb_rate= '50',adult_wb_weekend_rate= '50',adult_display= 'yes';
[10/23/2020 09:18:09], [file name :-/home/otrams/public_html/otramsphp7/uat/v3otrams/extranet-app/controllers/controller.php],INSERT INTO child_extrabed_rates SET from_date='2020-12-08',to_date='2020-12-08',supplier_id='S000000241',hotel_id='53773',room_basis_id='1',room_class_id='1045',child_no='',infant_wtc_rate=NULL,infant_wtc_weekend_rate=NULL,infant_display= 'no',tiny_child_wtb_rate=NULL,tiny_child_wtb_weekend_rate=NULL,tiny_display= 'no',child_wtb_rate=NULL,child_wtb_weekend_rate=NULL,child_display= 'no',teen_child_wtb_rate=NULL,teen_child_wtb_weekend_rate=NULL,teen_display= 'no',adult_wb_rate= '50',adult_wb_weekend_rate= '50',adult_display= 'yes';
[10/23/2020 09:18:09], [file name :-/home/otrams/public_html/otramsphp7/uat/v3otrams/extranet-app/controllers/controller.php],INSERT INTO child_extrabed_rates SET from_date='2020-12-09',to_date='2020-12-09',supplier_id='S000000241',hotel_id='53773',room_basis_id='1',room_class_id='1045',child_no='',infant_wtc_rate=NULL,infant_wtc_weekend_rate=NULL,infant_display= 'no',tiny_child_wtb_rate=NULL,tiny_child_wtb_weekend_rate=NULL,tiny_display= 'no',child_wtb_rate=NULL,child_wtb_weekend_rate=NULL,child_display= 'no',teen_child_wtb_rate=NULL,teen_child_wtb_weekend_rate=NULL,teen_display= 'no',adult_wb_rate= '50',adult_wb_weekend_rate= '50',adult_display= 'yes';
[10/23/2020 09:18:09], [file name :-/home/otrams/public_html/otramsphp7/uat/v3otrams/extranet-app/controllers/controller.php],INSERT INTO child_extrabed_rates SET from_date='2020-12-10',to_date='2020-12-10',supplier_id='S000000241',hotel_id='53773',room_basis_id='1',room_class_id='1045',child_no='',infant_wtc_rate=NULL,infant_wtc_weekend_rate=NULL,infant_display= 'no',tiny_child_wtb_rate=NULL,tiny_child_wtb_weekend_rate=NULL,tiny_display= 'no',child_wtb_rate=NULL,child_wtb_weekend_rate=NULL,child_display= 'no',teen_child_wtb_rate=NULL,teen_child_wtb_weekend_rate=NULL,teen_display= 'no',adult_wb_rate= '50',adult_wb_weekend_rate= '50',adult_display= 'yes';
[10/23/2020 09:18:09], [file name :-/home/otrams/public_html/otramsphp7/uat/v3otrams/extranet-app/controllers/controller.php],INSERT INTO child_extrabed_rates SET from_date='2020-12-11',to_date='2020-12-11',supplier_id='S000000241',hotel_id='53773',room_basis_id='1',room_class_id='1045',child_no='',infant_wtc_rate=NULL,infant_wtc_weekend_rate=NULL,infant_display= 'no',tiny_child_wtb_rate=NULL,tiny_child_wtb_weekend_rate=NULL,tiny_display= 'no',child_wtb_rate=NULL,child_wtb_weekend_rate=NULL,child_display= 'no',teen_child_wtb_rate=NULL,teen_child_wtb_weekend_rate=NULL,teen_display= 'no',adult_wb_rate= '50',adult_wb_weekend_rate= '50',adult_display= 'yes';
[10/23/2020 09:18:09], [file name :-/home/otrams/public_html/otramsphp7/uat/v3otrams/extranet-app/controllers/controller.php],INSERT INTO child_extrabed_rates SET from_date='2020-12-12',to_date='2020-12-12',supplier_id='S000000241',hotel_id='53773',room_basis_id='1',room_class_id='1045',child_no='',infant_wtc_rate=NULL,infant_wtc_weekend_rate=NULL,infant_display= 'no',tiny_child_wtb_rate=NULL,tiny_child_wtb_weekend_rate=NULL,tiny_display= 'no',child_wtb_rate=NULL,child_wtb_weekend_rate=NULL,child_display= 'no',teen_child_wtb_rate=NULL,teen_child_wtb_weekend_rate=NULL,teen_display= 'no',adult_wb_rate= '50',adult_wb_weekend_rate= '50',adult_display= 'yes';
[10/23/2020 09:18:09], [file name :-/home/otrams/public_html/otramsphp7/uat/v3otrams/extranet-app/controllers/controller.php],INSERT INTO child_extrabed_rates SET from_date='2020-12-13',to_date='2020-12-13',supplier_id='S000000241',hotel_id='53773',room_basis_id='1',room_class_id='1045',child_no='',infant_wtc_rate=NULL,infant_wtc_weekend_rate=NULL,infant_display= 'no',tiny_child_wtb_rate=NULL,tiny_child_wtb_weekend_rate=NULL,tiny_display= 'no',child_wtb_rate=NULL,child_wtb_weekend_rate=NULL,child_display= 'no',teen_child_wtb_rate=NULL,teen_child_wtb_weekend_rate=NULL,teen_display= 'no',adult_wb_rate= '50',adult_wb_weekend_rate= '50',adult_display= 'yes';
[10/23/2020 09:18:09], [file name :-/home/otrams/public_html/otramsphp7/uat/v3otrams/extranet-app/controllers/controller.php],INSERT INTO child_extrabed_rates SET from_date='2020-12-14',to_date='2020-12-14',supplier_id='S000000241',hotel_id='53773',room_basis_id='1',room_class_id='1045',child_no='',infant_wtc_rate=NULL,infant_wtc_weekend_rate=NULL,infant_display= 'no',tiny_child_wtb_rate=NULL,tiny_child_wtb_weekend_rate=NULL,tiny_display= 'no',child_wtb_rate=NULL,child_wtb_weekend_rate=NULL,child_display= 'no',teen_child_wtb_rate=NULL,teen_child_wtb_weekend_rate=NULL,teen_display= 'no',adult_wb_rate= '50',adult_wb_weekend_rate= '50',adult_display= 'yes';
[10/23/2020 09:18:09], [file name :-/home/otrams/public_html/otramsphp7/uat/v3otrams/extranet-app/controllers/controller.php],INSERT INTO child_extrabed_rates SET from_date='2020-12-15',to_date='2020-12-15',supplier_id='S000000241',hotel_id='53773',room_basis_id='1',room_class_id='1045',child_no='',infant_wtc_rate=NULL,infant_wtc_weekend_rate=NULL,infant_display= 'no',tiny_child_wtb_rate=NULL,tiny_child_wtb_weekend_rate=NULL,tiny_display= 'no',child_wtb_rate=NULL,child_wtb_weekend_rate=NULL,child_display= 'no',teen_child_wtb_rate=NULL,teen_child_wtb_weekend_rate=NULL,teen_display= 'no',adult_wb_rate= '50',adult_wb_weekend_rate= '50',adult_display= 'yes';
[10/23/2020 09:18:09], [file name :-/home/otrams/public_html/otramsphp7/uat/v3otrams/extranet-app/controllers/controller.php],INSERT INTO child_extrabed_rates SET from_date='2020-12-16',to_date='2020-12-16',supplier_id='S000000241',hotel_id='53773',room_basis_id='1',room_class_id='1045',child_no='',infant_wtc_rate=NULL,infant_wtc_weekend_rate=NULL,infant_display= 'no',tiny_child_wtb_rate=NULL,tiny_child_wtb_weekend_rate=NULL,tiny_display= 'no',child_wtb_rate=NULL,child_wtb_weekend_rate=NULL,child_display= 'no',teen_child_wtb_rate=NULL,teen_child_wtb_weekend_rate=NULL,teen_display= 'no',adult_wb_rate= '50',adult_wb_weekend_rate= '50',adult_display= 'yes';
[10/23/2020 09:18:09], [file name :-/home/otrams/public_html/otramsphp7/uat/v3otrams/extranet-app/controllers/controller.php],INSERT INTO child_extrabed_rates SET from_date='2020-12-17',to_date='2020-12-17',supplier_id='S000000241',hotel_id='53773',room_basis_id='1',room_class_id='1045',child_no='',infant_wtc_rate=NULL,infant_wtc_weekend_rate=NULL,infant_display= 'no',tiny_child_wtb_rate=NULL,tiny_child_wtb_weekend_rate=NULL,tiny_display= 'no',child_wtb_rate=NULL,child_wtb_weekend_rate=NULL,child_display= 'no',teen_child_wtb_rate=NULL,teen_child_wtb_weekend_rate=NULL,teen_display= 'no',adult_wb_rate= '50',adult_wb_weekend_rate= '50',adult_display= 'yes';
[10/23/2020 09:18:10], [file name :-/home/otrams/public_html/otramsphp7/uat/v3otrams/extranet-app/controllers/controller.php],INSERT INTO child_extrabed_rates SET from_date='2020-12-18',to_date='2020-12-18',supplier_id='S000000241',hotel_id='53773',room_basis_id='1',room_class_id='1045',child_no='',infant_wtc_rate=NULL,infant_wtc_weekend_rate=NULL,infant_display= 'no',tiny_child_wtb_rate=NULL,tiny_child_wtb_weekend_rate=NULL,tiny_display= 'no',child_wtb_rate=NULL,child_wtb_weekend_rate=NULL,child_display= 'no',teen_child_wtb_rate=NULL,teen_child_wtb_weekend_rate=NULL,teen_display= 'no',adult_wb_rate= '50',adult_wb_weekend_rate= '50',adult_display= 'yes';
[10/23/2020 09:18:10], [file name :-/home/otrams/public_html/otramsphp7/uat/v3otrams/extranet-app/controllers/controller.php],INSERT INTO child_extrabed_rates SET from_date='2020-12-19',to_date='2020-12-19',supplier_id='S000000241',hotel_id='53773',room_basis_id='1',room_class_id='1045',child_no='',infant_wtc_rate=NULL,infant_wtc_weekend_rate=NULL,infant_display= 'no',tiny_child_wtb_rate=NULL,tiny_child_wtb_weekend_rate=NULL,tiny_display= 'no',child_wtb_rate=NULL,child_wtb_weekend_rate=NULL,child_display= 'no',teen_child_wtb_rate=NULL,teen_child_wtb_weekend_rate=NULL,teen_display= 'no',adult_wb_rate= '50',adult_wb_weekend_rate= '50',adult_display= 'yes';
[10/23/2020 09:18:10], [file name :-/home/otrams/public_html/otramsphp7/uat/v3otrams/extranet-app/controllers/controller.php],INSERT INTO child_extrabed_rates SET from_date='2020-12-20',to_date='2020-12-20',supplier_id='S000000241',hotel_id='53773',room_basis_id='1',room_class_id='1045',child_no='',infant_wtc_rate=NULL,infant_wtc_weekend_rate=NULL,infant_display= 'no',tiny_child_wtb_rate=NULL,tiny_child_wtb_weekend_rate=NULL,tiny_display= 'no',child_wtb_rate=NULL,child_wtb_weekend_rate=NULL,child_display= 'no',teen_child_wtb_rate=NULL,teen_child_wtb_weekend_rate=NULL,teen_display= 'no',adult_wb_rate= '50',adult_wb_weekend_rate= '50',adult_display= 'yes';
[10/23/2020 09:18:10], [file name :-/home/otrams/public_html/otramsphp7/uat/v3otrams/extranet-app/controllers/controller.php],INSERT INTO child_extrabed_rates SET from_date='2020-12-21',to_date='2020-12-21',supplier_id='S000000241',hotel_id='53773',room_basis_id='1',room_class_id='1045',child_no='',infant_wtc_rate=NULL,infant_wtc_weekend_rate=NULL,infant_display= 'no',tiny_child_wtb_rate=NULL,tiny_child_wtb_weekend_rate=NULL,tiny_display= 'no',child_wtb_rate=NULL,child_wtb_weekend_rate=NULL,child_display= 'no',teen_child_wtb_rate=NULL,teen_child_wtb_weekend_rate=NULL,teen_display= 'no',adult_wb_rate= '50',adult_wb_weekend_rate= '50',adult_display= 'yes';
[10/23/2020 09:18:10], [file name :-/home/otrams/public_html/otramsphp7/uat/v3otrams/extranet-app/controllers/controller.php],INSERT INTO child_extrabed_rates SET from_date='2020-12-22',to_date='2020-12-22',supplier_id='S000000241',hotel_id='53773',room_basis_id='1',room_class_id='1045',child_no='',infant_wtc_rate=NULL,infant_wtc_weekend_rate=NULL,infant_display= 'no',tiny_child_wtb_rate=NULL,tiny_child_wtb_weekend_rate=NULL,tiny_display= 'no',child_wtb_rate=NULL,child_wtb_weekend_rate=NULL,child_display= 'no',teen_child_wtb_rate=NULL,teen_child_wtb_weekend_rate=NULL,teen_display= 'no',adult_wb_rate= '50',adult_wb_weekend_rate= '50',adult_display= 'yes';
[10/23/2020 09:18:10], [file name :-/home/otrams/public_html/otramsphp7/uat/v3otrams/extranet-app/controllers/controller.php],INSERT INTO child_extrabed_rates SET from_date='2020-12-23',to_date='2020-12-23',supplier_id='S000000241',hotel_id='53773',room_basis_id='1',room_class_id='1045',child_no='',infant_wtc_rate=NULL,infant_wtc_weekend_rate=NULL,infant_display= 'no',tiny_child_wtb_rate=NULL,tiny_child_wtb_weekend_rate=NULL,tiny_display= 'no',child_wtb_rate=NULL,child_wtb_weekend_rate=NULL,child_display= 'no',teen_child_wtb_rate=NULL,teen_child_wtb_weekend_rate=NULL,teen_display= 'no',adult_wb_rate= '50',adult_wb_weekend_rate= '50',adult_display= 'yes';
[10/23/2020 09:18:10], [file name :-/home/otrams/public_html/otramsphp7/uat/v3otrams/extranet-app/controllers/controller.php],INSERT INTO child_extrabed_rates SET from_date='2020-12-24',to_date='2020-12-24',supplier_id='S000000241',hotel_id='53773',room_basis_id='1',room_class_id='1045',child_no='',infant_wtc_rate=NULL,infant_wtc_weekend_rate=NULL,infant_display= 'no',tiny_child_wtb_rate=NULL,tiny_child_wtb_weekend_rate=NULL,tiny_display= 'no',child_wtb_rate=NULL,child_wtb_weekend_rate=NULL,child_display= 'no',teen_child_wtb_rate=NULL,teen_child_wtb_weekend_rate=NULL,teen_display= 'no',adult_wb_rate= '50',adult_wb_weekend_rate= '50',adult_display= 'yes';
[10/23/2020 09:18:10], [file name :-/home/otrams/public_html/otramsphp7/uat/v3otrams/extranet-app/controllers/controller.php],INSERT INTO child_extrabed_rates SET from_date='2020-12-25',to_date='2020-12-25',supplier_id='S000000241',hotel_id='53773',room_basis_id='1',room_class_id='1045',child_no='',infant_wtc_rate=NULL,infant_wtc_weekend_rate=NULL,infant_display= 'no',tiny_child_wtb_rate=NULL,tiny_child_wtb_weekend_rate=NULL,tiny_display= 'no',child_wtb_rate=NULL,child_wtb_weekend_rate=NULL,child_display= 'no',teen_child_wtb_rate=NULL,teen_child_wtb_weekend_rate=NULL,teen_display= 'no',adult_wb_rate= '50',adult_wb_weekend_rate= '50',adult_display= 'yes';
[10/23/2020 09:18:10], [file name :-/home/otrams/public_html/otramsphp7/uat/v3otrams/extranet-app/controllers/controller.php],INSERT INTO child_extrabed_rates SET from_date='2020-12-26',to_date='2020-12-26',supplier_id='S000000241',hotel_id='53773',room_basis_id='1',room_class_id='1045',child_no='',infant_wtc_rate=NULL,infant_wtc_weekend_rate=NULL,infant_display= 'no',tiny_child_wtb_rate=NULL,tiny_child_wtb_weekend_rate=NULL,tiny_display= 'no',child_wtb_rate=NULL,child_wtb_weekend_rate=NULL,child_display= 'no',teen_child_wtb_rate=NULL,teen_child_wtb_weekend_rate=NULL,teen_display= 'no',adult_wb_rate= '50',adult_wb_weekend_rate= '50',adult_display= 'yes';
[10/23/2020 09:18:10], [file name :-/home/otrams/public_html/otramsphp7/uat/v3otrams/extranet-app/controllers/controller.php],INSERT INTO child_extrabed_rates SET from_date='2020-12-27',to_date='2020-12-27',supplier_id='S000000241',hotel_id='53773',room_basis_id='1',room_class_id='1045',child_no='',infant_wtc_rate=NULL,infant_wtc_weekend_rate=NULL,infant_display= 'no',tiny_child_wtb_rate=NULL,tiny_child_wtb_weekend_rate=NULL,tiny_display= 'no',child_wtb_rate=NULL,child_wtb_weekend_rate=NULL,child_display= 'no',teen_child_wtb_rate=NULL,teen_child_wtb_weekend_rate=NULL,teen_display= 'no',adult_wb_rate= '50',adult_wb_weekend_rate= '50',adult_display= 'yes';
[10/23/2020 09:18:10], [file name :-/home/otrams/public_html/otramsphp7/uat/v3otrams/extranet-app/controllers/controller.php],INSERT INTO child_extrabed_rates SET from_date='2020-12-28',to_date='2020-12-28',supplier_id='S000000241',hotel_id='53773',room_basis_id='1',room_class_id='1045',child_no='',infant_wtc_rate=NULL,infant_wtc_weekend_rate=NULL,infant_display= 'no',tiny_child_wtb_rate=NULL,tiny_child_wtb_weekend_rate=NULL,tiny_display= 'no',child_wtb_rate=NULL,child_wtb_weekend_rate=NULL,child_display= 'no',teen_child_wtb_rate=NULL,teen_child_wtb_weekend_rate=NULL,teen_display= 'no',adult_wb_rate= '50',adult_wb_weekend_rate= '50',adult_display= 'yes';
[10/23/2020 09:18:10], [file name :-/home/otrams/public_html/otramsphp7/uat/v3otrams/extranet-app/controllers/controller.php],INSERT INTO child_extrabed_rates SET from_date='2020-12-29',to_date='2020-12-29',supplier_id='S000000241',hotel_id='53773',room_basis_id='1',room_class_id='1045',child_no='',infant_wtc_rate=NULL,infant_wtc_weekend_rate=NULL,infant_display= 'no',tiny_child_wtb_rate=NULL,tiny_child_wtb_weekend_rate=NULL,tiny_display= 'no',child_wtb_rate=NULL,child_wtb_weekend_rate=NULL,child_display= 'no',teen_child_wtb_rate=NULL,teen_child_wtb_weekend_rate=NULL,teen_display= 'no',adult_wb_rate= '50',adult_wb_weekend_rate= '50',adult_display= 'yes';
[10/23/2020 09:18:10], [file name :-/home/otrams/public_html/otramsphp7/uat/v3otrams/extranet-app/controllers/controller.php],INSERT INTO child_extrabed_rates SET from_date='2020-12-30',to_date='2020-12-30',supplier_id='S000000241',hotel_id='53773',room_basis_id='1',room_class_id='1045',child_no='',infant_wtc_rate=NULL,infant_wtc_weekend_rate=NULL,infant_display= 'no',tiny_child_wtb_rate=NULL,tiny_child_wtb_weekend_rate=NULL,tiny_display= 'no',child_wtb_rate=NULL,child_wtb_weekend_rate=NULL,child_display= 'no',teen_child_wtb_rate=NULL,teen_child_wtb_weekend_rate=NULL,teen_display= 'no',adult_wb_rate= '50',adult_wb_weekend_rate= '50',adult_display= 'yes';
[10/23/2020 09:18:10], [file name :-/home/otrams/public_html/otramsphp7/uat/v3otrams/extranet-app/controllers/controller.php],INSERT INTO child_extrabed_rates SET from_date='2020-12-31',to_date='2020-12-31',supplier_id='S000000241',hotel_id='53773',room_basis_id='1',room_class_id='1045',child_no='',infant_wtc_rate=NULL,infant_wtc_weekend_rate=NULL,infant_display= 'no',tiny_child_wtb_rate=NULL,tiny_child_wtb_weekend_rate=NULL,tiny_display= 'no',child_wtb_rate=NULL,child_wtb_weekend_rate=NULL,child_display= 'no',teen_child_wtb_rate=NULL,teen_child_wtb_weekend_rate=NULL,teen_display= 'no',adult_wb_rate= '50',adult_wb_weekend_rate= '50',adult_display= 'yes';
[10/23/2020 09:18:10], [file name :-/home/otrams/public_html/otramsphp7/uat/v3otrams/extranet-app/controllers/controller.php],insert into `user_logs` set  `create_date`= '2020-10-23 09:18:10',`log_type`= 'ExtraBed Rates',`sql_query`= '',`log_description`= 'Extrabed Rates For RateGainOne added successfully. Room Category :- Superior Room - Double, Extrabed - 1(Bed & Breakfast) From :- 23-10-2020 To :- 31-12-2020',`ip`= '60.254.11.53',`username`= 'tfg',`user_id`= 'S000000241';
[10/23/2020 09:18:10], [file name :-/home/otrams/public_html/otramsphp7/uat/v3otrams/extranet-app/controllers/controller.php],insert into user_log_link Set `user_logs_id`='3785', `entity`='Hotels', `value`='53773' ;
[10/23/2020 09:18:10], [file name :-/home/otrams/public_html/otramsphp7/uat/v3otrams/extranet-app/controllers/controller.php],insert into user_log_link Set `user_logs_id`='3785', `entity`='Suppliers', `value`='S000000241' ;
[10/23/2020 09:18:10], [file name :-/home/otrams/public_html/otramsphp7/uat/v3otrams/extranet-app/controllers/controller.php],insert into user_log_link Set `user_logs_id`='3785', `entity`='Inventory', `value`='20' ;
[10/23/2020 09:18:10], [file name :-/home/otrams/public_html/otramsphp7/uat/v3otrams/extranet-app/controllers/controller.php],insert into user_log_link Set `user_logs_id`='3785', `entity`='Room', `value`='1045' ;
[10/23/2020 09:18:10], [file name :-/home/otrams/public_html/otramsphp7/uat/v3otrams/extranet-app/controllers/controller.php],INSERT INTO room_rates (room_rate_code,rate_group,hotel_id,supplier_id,date_from,date_to,room_class,room_basis,ip_addr,room_type,view_basis,edit_time_stamp,weekend,rate_profile,entered_by,inventory_class_id,status,weekday_rate,weekend_rate,currency,minstay,availability,time_limit,checkin_block_for,exclude_countries,exclude_residence,stop_sale,time_stamp,created_datetime,create_date,created_by,changed_by,modify_date,modified_datetime,modified_by,consumed_inventory,stay_note) values ('53773@S000000241@2020-10-23@2020-10-23@@1045@1@1@@@0','23-10-2020~23-10-2020','53773','S000000241','2020-10-23','2020-10-23','1045','1','60.254.11.53','0','0','a07cd502172b69851ec447a0c745d7b1','Sa,Su','1','Supplier','20','A','200','200','AED','0','0','0','0','','','0','a07cd502172b69851ec447a0c745d7b1','2020-10-23 09:18:10','2020-10-23','Supplier','','','','','0','');
[10/23/2020 09:18:10], [file name :-/home/otrams/public_html/otramsphp7/uat/v3otrams/extranet-app/controllers/controller.php],DELETE  FROM room_rates WHERE id IN ('');
[10/23/2020 09:18:10], [file name :-/home/otrams/public_html/otramsphp7/uat/v3otrams/extranet-app/controllers/controller.php],insert into `user_logs` set  `create_date`= '2020-10-23 09:18:10',`log_type`= 'Rates',`sql_query`= '',`log_description`= 'Inserted Rates For RateGainOne Rate:- 200 Room Category :- Superior Room - Double, Extrabed - 1 (Bed & Breakfast) Market :- All Market From:- 23-10-2020 To:- 31-12-2020',`ip`= '60.254.11.53',`username`= 'tfg',`user_id`= 'S000000241';
[10/23/2020 09:18:10], [file name :-/home/otrams/public_html/otramsphp7/uat/v3otrams/extranet-app/controllers/controller.php],insert into user_log_link Set `user_logs_id`='3786', `entity`='Hotels', `value`='53773' ;
[10/23/2020 09:18:10], [file name :-/home/otrams/public_html/otramsphp7/uat/v3otrams/extranet-app/controllers/controller.php],insert into user_log_link Set `user_logs_id`='3786', `entity`='Suppliers', `value`='S000000241' ;
[10/23/2020 09:18:10], [file name :-/home/otrams/public_html/otramsphp7/uat/v3otrams/extranet-app/controllers/controller.php],insert into user_log_link Set `user_logs_id`='3786', `entity`='Inventory', `value`='20' ;
[10/23/2020 09:18:10], [file name :-/home/otrams/public_html/otramsphp7/uat/v3otrams/extranet-app/controllers/controller.php],insert into user_log_link Set `user_logs_id`='3786', `entity`='Room', `value`='1045' ;
[10/23/2020 09:18:10], [file name :-/home/otrams/public_html/otramsphp7/uat/v3otrams/extranet-app/controllers/controller.php],insert into user_log_link Set `user_logs_id`='3786', `entity`='Market', `value`='1' ;
[10/23/2020 09:18:10], [file name :-/home/otrams/public_html/otramsphp7/uat/v3otrams/extranet-app/controllers/controller.php],INSERT INTO room_rates (room_rate_code,rate_group,hotel_id,supplier_id,date_from,date_to,room_class,room_basis,ip_addr,room_type,view_basis,edit_time_stamp,weekend,rate_profile,entered_by,inventory_class_id,status,weekday_rate,weekend_rate,currency,minstay,availability,time_limit,checkin_block_for,exclude_countries,exclude_residence,stop_sale,time_stamp,created_datetime,create_date,created_by,changed_by,modify_date,modified_datetime,modified_by,consumed_inventory,stay_note) values ('53773@S000000241@2020-10-24@2020-10-24@@1045@1@1@@@0','24-10-2020~24-10-2020','53773','S000000241','2020-10-24','2020-10-24','1045','1','60.254.11.53','0','0','a145fa7a66e31294c97eb3d5c9c7f9c3','Sa,Su','1','Supplier','20','A','200','200','AED','0','0','0','0','','','0','a145fa7a66e31294c97eb3d5c9c7f9c3','2020-10-23 09:18:10','2020-10-23','Supplier','','','','','0',''),('53773@S000000241@2020-10-25@2020-10-25@@1045@1@1@@@0','25-10-2020~25-10-2020','53773','S000000241','2020-10-25','2020-10-25','1045','1','60.254.11.53','0','0','f671f0cd584811618fce1ab7b432875a','Sa,Su','1','Supplier','20','A','200','200','AED','0','0','0','0','','','0','f671f0cd584811618fce1ab7b432875a','2020-10-23 09:18:10','2020-10-23','Supplier','','','','','0',''),('53773@S000000241@2020-10-26@2020-10-26@@1045@1@1@@@0','26-10-2020~26-10-2020','53773','S000000241','2020-10-26','2020-10-26','1045','1','60.254.11.53','0','0','58b53728a4573ed563e9e89b70f3901c','Sa,Su','1','Supplier','20','A','200','200','AED','0','0','0','0','','','0','58b53728a4573ed563e9e89b70f3901c','2020-10-23 09:18:10','2020-10-23','Supplier','','','','','0',''),('53773@S000000241@2020-10-27@2020-10-27@@1045@1@1@@@0','27-10-2020~27-10-2020','53773','S000000241','2020-10-27','2020-10-27','1045','1','60.254.11.53','0','0','a95c344eca3aa8b5e1f9be78ad8e7f60','Sa,Su','1','Supplier','20','A','200','200','AED','0','0','0','0','','','0','a95c344eca3aa8b5e1f9be78ad8e7f60','2020-10-23 09:18:10','2020-10-23','Supplier','','','','','0',''),('53773@S000000241@2020-10-28@2020-10-28@@1045@1@1@@@0','28-10-2020~28-10-2020','53773','S000000241','2020-10-28','2020-10-28','1045','1','60.254.11.53','0','0','1b35c5c60cec4c384979888fcbdd71fa','Sa,Su','1','Supplier','20','A','200','200','AED','0','0','0','0','','','0','1b35c5c60cec4c384979888fcbdd71fa','2020-10-23 09:18:10','2020-10-23','Supplier','','','','','0',''),('53773@S000000241@2020-10-29@2020-10-29@@1045@1@1@@@0','29-10-2020~29-10-2020','53773','S000000241','2020-10-29','2020-10-29','1045','1','60.254.11.53','0','0','2f92e7adb76e8eb3cc213f1657760a74','Sa,Su','1','Supplier','20','A','200','200','AED','0','0','0','0','','','0','2f92e7adb76e8eb3cc213f1657760a74','2020-10-23 09:18:10','2020-10-23','Supplier','','','','','0',''),('53773@S000000241@2020-10-30@2020-10-30@@1045@1@1@@@0','30-10-2020~30-10-2020','53773','S000000241','2020-10-30','2020-10-30','1045','1','60.254.11.53','0','0','3d7ebc1d74c5f01598404b2d7336c7f7','Sa,Su','1','Supplier','20','A','200','200','AED','0','0','0','0','','','0','3d7ebc1d74c5f01598404b2d7336c7f7','2020-10-23 09:18:10','2020-10-23','Supplier','','','','','0',''),('53773@S000000241@2020-10-31@2020-10-31@@1045@1@1@@@0','31-10-2020~31-10-2020','53773','S000000241','2020-10-31','2020-10-31','1045','1','60.254.11.53','0','0','62de5a21a512e27281e965bac1e2865f','Sa,Su','1','Supplier','20','A','200','200','AED','0','0','0','0','','','0','62de5a21a512e27281e965bac1e2865f','2020-10-23 09:18:10','2020-10-23','Supplier','','','','','0',''),('53773@S000000241@2020-11-01@2020-11-01@@1045@1@1@@@0','01-11-2020~01-11-2020','53773','S000000241','2020-11-01','2020-11-01','1045','1','60.254.11.53','0','0','38ab2ac97cebe678b09b453eb14204e7','Sa,Su','1','Supplier','20','A','200','200','AED','0','0','0','0','','','0','38ab2ac97cebe678b09b453eb14204e7','2020-10-23 09:18:10','2020-10-23','Supplier','','','','','0',''),('53773@S000000241@2020-11-02@2020-11-02@@1045@1@1@@@0','02-11-2020~02-11-2020','53773','S000000241','2020-11-02','2020-11-02','1045','1','60.254.11.53','0','0','113ac34305cd9426ca16df1a038b5d03','Sa,Su','1','Supplier','20','A','200','200','AED','0','0','0','0','','','0','113ac34305cd9426ca16df1a038b5d03','2020-10-23 09:18:10','2020-10-23','Supplier','','','','','0',''),('53773@S000000241@2020-11-03@2020-11-03@@1045@1@1@@@0','03-11-2020~03-11-2020','53773','S000000241','2020-11-03','2020-11-03','1045','1','60.254.11.53','0','0','80bd197df7f892b14e8ee1a9182cfeeb','Sa,Su','1','Supplier','20','A','200','200','AED','0','0','0','0','','','0','80bd197df7f892b14e8ee1a9182cfeeb','2020-10-23 09:18:10','2020-10-23','Supplier','','','','','0',''),('53773@S000000241@2020-11-04@2020-11-04@@1045@1@1@@@0','04-11-2020~04-11-2020','53773','S000000241','2020-11-04','2020-11-04','1045','1','60.254.11.53','0','0','bb109da55d2b83b56aac1478172832c4','Sa,Su','1','Supplier','20','A','200','200','AED','0','0','0','0','','','0','bb109da55d2b83b56aac1478172832c4','2020-10-23 09:18:10','2020-10-23','Supplier','','','','','0',''),('53773@S000000241@2020-11-05@2020-11-05@@1045@1@1@@@0','05-11-2020~05-11-2020','53773','S000000241','2020-11-05','2020-11-05','1045','1','60.254.11.53','0','0','e545264fbb2c5d0e793f8ebad7669d13','Sa,Su','1','Supplier','20','A','200','200','AED','0','0','0','0','','','0','e545264fbb2c5d0e793f8ebad7669d13','2020-10-23 09:18:10','2020-10-23','Supplier','','','','','0',''),('53773@S000000241@2020-11-06@2020-11-06@@1045@1@1@@@0','06-11-2020~06-11-2020','53773','S000000241','2020-11-06','2020-11-06','1045','1','60.254.11.53','0','0','cf65d2a68545010b23ad41b8a7ad4d2a','Sa,Su','1','Supplier','20','A','200','200','AED','0','0','0','0','','','0','cf65d2a68545010b23ad41b8a7ad4d2a','2020-10-23 09:18:10','2020-10-23','Supplier','','','','','0',''),('53773@S000000241@2020-11-07@2020-11-07@@1045@1@1@@@0','07-11-2020~07-11-2020','53773','S000000241','2020-11-07','2020-11-07','1045','1','60.254.11.53','0','0','ed0d122e23cef5ca544a4e67fde32e9e','Sa,Su','1','Supplier','20','A','200','200','AED','0','0','0','0','','','0','ed0d122e23cef5ca544a4e67fde32e9e','2020-10-23 09:18:10','2020-10-23','Supplier','','','','','0',''),('53773@S000000241@2020-11-08@2020-11-08@@1045@1@1@@@0','08-11-2020~08-11-2020','53773','S000000241','2020-11-08','2020-11-08','1045','1','60.254.11.53','0','0','0ceaa23047e8808d8c0226b528064930','Sa,Su','1','Supplier','20','A','200','200','AED','0','0','0','0','','','0','0ceaa23047e8808d8c0226b528064930','2020-10-23 09:18:10','2020-10-23','Supplier','','','','','0',''),('53773@S000000241@2020-11-09@2020-11-09@@1045@1@1@@@0','09-11-2020~09-11-2020','53773','S000000241','2020-11-09','2020-11-09','1045','1','60.254.11.53','0','0','eda31a57da406d5dfabcf7713023ac7d','Sa,Su','1','Supplier','20','A','200','200','AED','0','0','0','0','','','0','eda31a57da406d5dfabcf7713023ac7d','2020-10-23 09:18:10','2020-10-23','Supplier','','','','','0',''),('53773@S000000241@2020-11-10@2020-11-10@@1045@1@1@@@0','10-11-2020~10-11-2020','53773','S000000241','2020-11-10','2020-11-10','1045','1','60.254.11.53','0','0','a74fa35f087efe5bfe99794116c0dbb4','Sa,Su','1','Supplier','20','A','200','200','AED','0','0','0','0','','','0','a74fa35f087efe5bfe99794116c0dbb4','2020-10-23 09:18:10','2020-10-23','Supplier','','','','','0',''),('53773@S000000241@2020-11-11@2020-11-11@@1045@1@1@@@0','11-11-2020~11-11-2020','53773','S000000241','2020-11-11','2020-11-11','1045','1','60.254.11.53','0','0','ed5572bfbb08772931fe43360f6c7593','Sa,Su','1','Supplier','20','A','200','200','AED','0','0','0','0','','','0','ed5572bfbb08772931fe43360f6c7593','2020-10-23 09:18:10','2020-10-23','Supplier','','','','','0',''),('53773@S000000241@2020-11-12@2020-11-12@@1045@1@1@@@0','12-11-2020~12-11-2020','53773','S000000241','2020-11-12','2020-11-12','1045','1','60.254.11.53','0','0','3d3d8875fbd9539b1148fdb119fc1f81','Sa,Su','1','Supplier','20','A','200','200','AED','0','0','0','0','','','0','3d3d8875fbd9539b1148fdb119fc1f81','2020-10-23 09:18:10','2020-10-23','Supplier','','','','','0',''),('53773@S000000241@2020-11-13@2020-11-13@@1045@1@1@@@0','13-11-2020~13-11-2020','53773','S000000241','2020-11-13','2020-11-13','1045','1','60.254.11.53','0','0','2d2bae04b95afb0d5ba3443dadfc86d2','Sa,Su','1','Supplier','20','A','200','200','AED','0','0','0','0','','','0','2d2bae04b95afb0d5ba3443dadfc86d2','2020-10-23 09:18:10','2020-10-23','Supplier','','','','','0',''),('53773@S000000241@2020-11-14@2020-11-14@@1045@1@1@@@0','14-11-2020~14-11-2020','53773','S000000241','2020-11-14','2020-11-14','1045','1','60.254.11.53','0','0','9a24ae949c18ecf349a79a5236389dbb','Sa,Su','1','Supplier','20','A','200','200','AED','0','0','0','0','','','0','9a24ae949c18ecf349a79a5236389dbb','2020-10-23 09:18:10','2020-10-23','Supplier','','','','','0',''),('53773@S000000241@2020-11-15@2020-11-15@@1045@1@1@@@0','15-11-2020~15-11-2020','53773','S000000241','2020-11-15','2020-11-15','1045','1','60.254.11.53','0','0','12743a417be0ed064f9a425d2680ed96','Sa,Su','1','Supplier','20','A','200','200','AED','0','0','0','0','','','0','12743a417be0ed064f9a425d2680ed96','2020-10-23 09:18:10','2020-10-23','Supplier','','','','','0',''),('53773@S000000241@2020-11-16@2020-11-16@@1045@1@1@@@0','16-11-2020~16-11-2020','53773','S000000241','2020-11-16','2020-11-16','1045','1','60.254.11.53','0','0','6b9cf8b253d905fa722f9d80ea213606','Sa,Su','1','Supplier','20','A','200','200','AED','0','0','0','0','','','0','6b9cf8b253d905fa722f9d80ea213606','2020-10-23 09:18:10','2020-10-23','Supplier','','','','','0',''),('53773@S000000241@2020-11-17@2020-11-17@@1045@1@1@@@0','17-11-2020~17-11-2020','53773','S000000241','2020-11-17','2020-11-17','1045','1','60.254.11.53','0','0','f2a2c8bad1ded3f1c98e2b7235f7c8eb','Sa,Su','1','Supplier','20','A','200','200','AED','0','0','0','0','','','0','f2a2c8bad1ded3f1c98e2b7235f7c8eb','2020-10-23 09:18:10','2020-10-23','Supplier','','','','','0',''),('53773@S000000241@2020-11-18@2020-11-18@@1045@1@1@@@0','18-11-2020~18-11-2020','53773','S000000241','2020-11-18','2020-11-18','1045','1','60.254.11.53','0','0','e98fa300e922f356a8e1bf95f5cd4de1','Sa,Su','1','Supplier','20','A','200','200','AED','0','0','0','0','','','0','e98fa300e922f356a8e1bf95f5cd4de1','2020-10-23 09:18:10','2020-10-23','Supplier','','','','','0',''),('53773@S000000241@2020-11-19@2020-11-19@@1045@1@1@@@0','19-11-2020~19-11-2020','53773','S000000241','2020-11-19','2020-11-19','1045','1','60.254.11.53','0','0','11ccee93904b11996dc847e46e24ee8b','Sa,Su','1','Supplier','20','A','200','200','AED','0','0','0','0','','','0','11ccee93904b11996dc847e46e24ee8b','2020-10-23 09:18:10','2020-10-23','Supplier','','','','','0',''),('53773@S000000241@2020-11-20@2020-11-20@@1045@1@1@@@0','20-11-2020~20-11-2020','53773','S000000241','2020-11-20','2020-11-20','1045','1','60.254.11.53','0','0','96e6795ea3a42ecb7ecb179f376c9047','Sa,Su','1','Supplier','20','A','200','200','AED','0','0','0','0','','','0','96e6795ea3a42ecb7ecb179f376c9047','2020-10-23 09:18:10','2020-10-23','Supplier','','','','','0',''),('53773@S000000241@2020-11-21@2020-11-21@@1045@1@1@@@0','21-11-2020~21-11-2020','53773','S000000241','2020-11-21','2020-11-21','1045','1','60.254.11.53','0','0','225c6b999cf08235023db756f537766b','Sa,Su','1','Supplier','20','A','200','200','AED','0','0','0','0','','','0','225c6b999cf08235023db756f537766b','2020-10-23 09:18:10','2020-10-23','Supplier','','','','','0',''),('53773@S000000241@2020-11-22@2020-11-22@@1045@1@1@@@0','22-11-2020~22-11-2020','53773','S000000241','2020-11-22','2020-11-22','1045','1','60.254.11.53','0','0','a3b48dbfbae5fc4aa3f0bca5aaefe06f','Sa,Su','1','Supplier','20','A','200','200','AED','0','0','0','0','','','0','a3b48dbfbae5fc4aa3f0bca5aaefe06f','2020-10-23 09:18:10','2020-10-23','Supplier','','','','','0',''),('53773@S000000241@2020-11-23@2020-11-23@@1045@1@1@@@0','23-11-2020~23-11-2020','53773','S000000241','2020-11-23','2020-11-23','1045','1','60.254.11.53','0','0','931a56313117dcdc6ce44e80bf1760a1','Sa,Su','1','Supplier','20','A','200','200','AED','0','0','0','0','','','0','931a56313117dcdc6ce44e80bf1760a1','2020-10-23 09:18:10','2020-10-23','Supplier','','','','','0',''),('53773@S000000241@2020-11-24@2020-11-24@@1045@1@1@@@0','24-11-2020~24-11-2020','53773','S000000241','2020-11-24','2020-11-24','1045','1','60.254.11.53','0','0','123639bb181403b8b72f2fccb92fb28b','Sa,Su','1','Supplier','20','A','200','200','AED','0','0','0','0','','','0','123639bb181403b8b72f2fccb92fb28b','2020-10-23 09:18:10','2020-10-23','Supplier','','','','','0',''),('53773@S000000241@2020-11-25@2020-11-25@@1045@1@1@@@0','25-11-2020~25-11-2020','53773','S000000241','2020-11-25','2020-11-25','1045','1','60.254.11.53','0','0','dcd86a15f79c0a83b85707fc45f14de5','Sa,Su','1','Supplier','20','A','200','200','AED','0','0','0','0','','','0','dcd86a15f79c0a83b85707fc45f14de5','2020-10-23 09:18:10','2020-10-23','Supplier','','','','','0',''),('53773@S000000241@2020-11-26@2020-11-26@@1045@1@1@@@0','26-11-2020~26-11-2020','53773','S000000241','2020-11-26','2020-11-26','1045','1','60.254.11.53','0','0','11324171d057085e824c16dd6467287d','Sa,Su','1','Supplier','20','A','200','200','AED','0','0','0','0','','','0','11324171d057085e824c16dd6467287d','2020-10-23 09:18:10','2020-10-23','Supplier','','','','','0',''),('53773@S000000241@2020-11-27@2020-11-27@@1045@1@1@@@0','27-11-2020~27-11-2020','53773','S000000241','2020-11-27','2020-11-27','1045','1','60.254.11.53','0','0','fc7e368953fbcad185712b96ee564d4d','Sa,Su','1','Supplier','20','A','200','200','AED','0','0','0','0','','','0','fc7e368953fbcad185712b96ee564d4d','2020-10-23 09:18:10','2020-10-23','Supplier','','','','','0',''),('53773@S000000241@2020-11-28@2020-11-28@@1045@1@1@@@0','28-11-2020~28-11-2020','53773','S000000241','2020-11-28','2020-11-28','1045','1','60.254.11.53','0','0','042104570e974c2e50770d5a253056c8','Sa,Su','1','Supplier','20','A','200','200','AED','0','0','0','0','','','0','042104570e974c2e50770d5a253056c8','2020-10-23 09:18:10','2020-10-23','Supplier','','','','','0',''),('53773@S000000241@2020-11-29@2020-11-29@@1045@1@1@@@0','29-11-2020~29-11-2020','53773','S000000241','2020-11-29','2020-11-29','1045','1','60.254.11.53','0','0','620ef9d5528f3ad8d6af5e3d890972b5','Sa,Su','1','Supplier','20','A','200','200','AED','0','0','0','0','','','0','620ef9d5528f3ad8d6af5e3d890972b5','2020-10-23 09:18:10','2020-10-23','Supplier','','','','','0',''),('53773@S000000241@2020-11-30@2020-11-30@@1045@1@1@@@0','30-11-2020~30-11-2020','53773','S000000241','2020-11-30','2020-11-30','1045','1','60.254.11.53','0','0','475921fd413f38f2d2549d7fd037ca57','Sa,Su','1','Supplier','20','A','200','200','AED','0','0','0','0','','','0','475921fd413f38f2d2549d7fd037ca57','2020-10-23 09:18:10','2020-10-23','Supplier','','','','','0',''),('53773@S000000241@2020-12-01@2020-12-01@@1045@1@1@@@0','01-12-2020~01-12-2020','53773','S000000241','2020-12-01','2020-12-01','1045','1','60.254.11.53','0','0','e4d0cd612e6f9ea5b259b55a71f12303','Sa,Su','1','Supplier','20','A','200','200','AED','0','0','0','0','','','0','e4d0cd612e6f9ea5b259b55a71f12303','2020-10-23 09:18:10','2020-10-23','Supplier','','','','','0',''),('53773@S000000241@2020-12-02@2020-12-02@@1045@1@1@@@0','02-12-2020~02-12-2020','53773','S000000241','2020-12-02','2020-12-02','1045','1','60.254.11.53','0','0','50d2b898bbdb7c2edeec659c2aa0a93a','Sa,Su','1','Supplier','20','A','200','200','AED','0','0','0','0','','','0','50d2b898bbdb7c2edeec659c2aa0a93a','2020-10-23 09:18:10','2020-10-23','Supplier','','','','','0',''),('53773@S000000241@2020-12-03@2020-12-03@@1045@1@1@@@0','03-12-2020~03-12-2020','53773','S000000241','2020-12-03','2020-12-03','1045','1','60.254.11.53','0','0','1369842860596682372446bb7be5e19d','Sa,Su','1','Supplier','20','A','200','200','AED','0','0','0','0','','','0','1369842860596682372446bb7be5e19d','2020-10-23 09:18:10','2020-10-23','Supplier','','','','','0',''),('53773@S000000241@2020-12-04@2020-12-04@@1045@1@1@@@0','04-12-2020~04-12-2020','53773','S000000241','2020-12-04','2020-12-04','1045','1','60.254.11.53','0','0','89f75f544d10ec748b8f540def79ce57','Sa,Su','1','Supplier','20','A','200','200','AED','0','0','0','0','','','0','89f75f544d10ec748b8f540def79ce57','2020-10-23 09:18:10','2020-10-23','Supplier','','','','','0',''),('53773@S000000241@2020-12-05@2020-12-05@@1045@1@1@@@0','05-12-2020~05-12-2020','53773','S000000241','2020-12-05','2020-12-05','1045','1','60.254.11.53','0','0','32803597d181e24f0860147252e56d16','Sa,Su','1','Supplier','20','A','200','200','AED','0','0','0','0','','','0','32803597d181e24f0860147252e56d16','2020-10-23 09:18:10','2020-10-23','Supplier','','','','','0',''),('53773@S000000241@2020-12-06@2020-12-06@@1045@1@1@@@0','06-12-2020~06-12-2020','53773','S000000241','2020-12-06','2020-12-06','1045','1','60.254.11.53','0','0','729b72a1a2d931d613c3904317d497de','Sa,Su','1','Supplier','20','A','200','200','AED','0','0','0','0','','','0','729b72a1a2d931d613c3904317d497de','2020-10-23 09:18:10','2020-10-23','Supplier','','','','','0',''),('53773@S000000241@2020-12-07@2020-12-07@@1045@1@1@@@0','07-12-2020~07-12-2020','53773','S000000241','2020-12-07','2020-12-07','1045','1','60.254.11.53','0','0','caf969472fe91c4a890cf5add475109b','Sa,Su','1','Supplier','20','A','200','200','AED','0','0','0','0','','','0','caf969472fe91c4a890cf5add475109b','2020-10-23 09:18:10','2020-10-23','Supplier','','','','','0',''),('53773@S000000241@2020-12-08@2020-12-08@@1045@1@1@@@0','08-12-2020~08-12-2020','53773','S000000241','2020-12-08','2020-12-08','1045','1','60.254.11.53','0','0','1312eb8c7c61da99fafb500885ee5b50','Sa,Su','1','Supplier','20','A','200','200','AED','0','0','0','0','','','0','1312eb8c7c61da99fafb500885ee5b50','2020-10-23 09:18:10','2020-10-23','Supplier','','','','','0',''),('53773@S000000241@2020-12-09@2020-12-09@@1045@1@1@@@0','09-12-2020~09-12-2020','53773','S000000241','2020-12-09','2020-12-09','1045','1','60.254.11.53','0','0','3b75763bf03bd2c33e868f2d4fa6ec27','Sa,Su','1','Supplier','20','A','200','200','AED','0','0','0','0','','','0','3b75763bf03bd2c33e868f2d4fa6ec27','2020-10-23 09:18:10','2020-10-23','Supplier','','','','','0',''),('53773@S000000241@2020-12-10@2020-12-10@@1045@1@1@@@0','10-12-2020~10-12-2020','53773','S000000241','2020-12-10','2020-12-10','1045','1','60.254.11.53','0','0','9dde66cad0fbe27298be6db1bea8d205','Sa,Su','1','Supplier','20','A','200','200','AED','0','0','0','0','','','0','9dde66cad0fbe27298be6db1bea8d205','2020-10-23 09:18:10','2020-10-23','Supplier','','','','','0',''),('53773@S000000241@2020-12-11@2020-12-11@@1045@1@1@@@0','11-12-2020~11-12-2020','53773','S000000241','2020-12-11','2020-12-11','1045','1','60.254.11.53','0','0','b8699115e6e831742ba7d2a6bf2107bb','Sa,Su','1','Supplier','20','A','200','200','AED','0','0','0','0','','','0','b8699115e6e831742ba7d2a6bf2107bb','2020-10-23 09:18:10','2020-10-23','Supplier','','','','','0',''),('53773@S000000241@2020-12-12@2020-12-12@@1045@1@1@@@0','12-12-2020~12-12-2020','53773','S000000241','2020-12-12','2020-12-12','1045','1','60.254.11.53','0','0','81ab28d92bd0f1ea736189bd31f8d869','Sa,Su','1','Supplier','20','A','200','200','AED','0','0','0','0','','','0','81ab28d92bd0f1ea736189bd31f8d869','2020-10-23 09:18:10','2020-10-23','Supplier','','','','','0',''),('53773@S000000241@2020-12-13@2020-12-13@@1045@1@1@@@0','13-12-2020~13-12-2020','53773','S000000241','2020-12-13','2020-12-13','1045','1','60.254.11.53','0','0','b6414dd72bb548751a882c4ef0e4e79f','Sa,Su','1','Supplier','20','A','200','200','AED','0','0','0','0','','','0','b6414dd72bb548751a882c4ef0e4e79f','2020-10-23 09:18:10','2020-10-23','Supplier','','','','','0',''),('53773@S000000241@2020-12-14@2020-12-14@@1045@1@1@@@0','14-12-2020~14-12-2020','53773','S000000241','2020-12-14','2020-12-14','1045','1','60.254.11.53','0','0','c2eaeb11ef22c61e8912a625eca30bc8','Sa,Su','1','Supplier','20','A','200','200','AED','0','0','0','0','','','0','c2eaeb11ef22c61e8912a625eca30bc8','2020-10-23 09:18:10','2020-10-23','Supplier','','','','','0',''),('53773@S000000241@2020-12-15@2020-12-15@@1045@1@1@@@0','15-12-2020~15-12-2020','53773','S000000241','2020-12-15','2020-12-15','1045','1','60.254.11.53','0','0','bda2977568618aea136216938233bd35','Sa,Su','1','Supplier','20','A','200','200','AED','0','0','0','0','','','0','bda2977568618aea136216938233bd35','2020-10-23 09:18:10','2020-10-23','Supplier','','','','','0',''),('53773@S000000241@2020-12-16@2020-12-16@@1045@1@1@@@0','16-12-2020~16-12-2020','53773','S000000241','2020-12-16','2020-12-16','1045','1','60.254.11.53','0','0','709fd13d7d3b3bc42639a9103bb35457','Sa,Su','1','Supplier','20','A','200','200','AED','0','0','0','0','','','0','709fd13d7d3b3bc42639a9103bb35457','2020-10-23 09:18:10','2020-10-23','Supplier','','','','','0',''),('53773@S000000241@2020-12-17@2020-12-17@@1045@1@1@@@0','17-12-2020~17-12-2020','53773','S000000241','2020-12-17','2020-12-17','1045','1','60.254.11.53','0','0','f5eb79a36e8bc2c0cce05c683fc6a999','Sa,Su','1','Supplier','20','A','200','200','AED','0','0','0','0','','','0','f5eb79a36e8bc2c0cce05c683fc6a999','2020-10-23 09:18:10','2020-10-23','Supplier','','','','','0',''),('53773@S000000241@2020-12-18@2020-12-18@@1045@1@1@@@0','18-12-2020~18-12-2020','53773','S000000241','2020-12-18','2020-12-18','1045','1','60.254.11.53','0','0','461caa8b7c8900f68eb5479194d1cb78','Sa,Su','1','Supplier','20','A','200','200','AED','0','0','0','0','','','0','461caa8b7c8900f68eb5479194d1cb78','2020-10-23 09:18:10','2020-10-23','Supplier','','','','','0',''),('53773@S000000241@2020-12-19@2020-12-19@@1045@1@1@@@0','19-12-2020~19-12-2020','53773','S000000241','2020-12-19','2020-12-19','1045','1','60.254.11.53','0','0','0649ce5e517c38a553e0cf8a4356a96f','Sa,Su','1','Supplier','20','A','200','200','AED','0','0','0','0','','','0','0649ce5e517c38a553e0cf8a4356a96f','2020-10-23 09:18:10','2020-10-23','Supplier','','','','','0',''),('53773@S000000241@2020-12-20@2020-12-20@@1045@1@1@@@0','20-12-2020~20-12-2020','53773','S000000241','2020-12-20','2020-12-20','1045','1','60.254.11.53','0','0','5b9e59aa84009c661b5cf443c6d16a68','Sa,Su','1','Supplier','20','A','200','200','AED','0','0','0','0','','','0','5b9e59aa84009c661b5cf443c6d16a68','2020-10-23 09:18:10','2020-10-23','Supplier','','','','','0',''),('53773@S000000241@2020-12-21@2020-12-21@@1045@1@1@@@0','21-12-2020~21-12-2020','53773','S000000241','2020-12-21','2020-12-21','1045','1','60.254.11.53','0','0','e442c6e79d2192949a357799f68ec58e','Sa,Su','1','Supplier','20','A','200','200','AED','0','0','0','0','','','0','e442c6e79d2192949a357799f68ec58e','2020-10-23 09:18:10','2020-10-23','Supplier','','','','','0',''),('53773@S000000241@2020-12-22@2020-12-22@@1045@1@1@@@0','22-12-2020~22-12-2020','53773','S000000241','2020-12-22','2020-12-22','1045','1','60.254.11.53','0','0','191bf040e08ec6ad20abd166ae03f415','Sa,Su','1','Supplier','20','A','200','200','AED','0','0','0','0','','','0','191bf040e08ec6ad20abd166ae03f415','2020-10-23 09:18:10','2020-10-23','Supplier','','','','','0',''),('53773@S000000241@2020-12-23@2020-12-23@@1045@1@1@@@0','23-12-2020~23-12-2020','53773','S000000241','2020-12-23','2020-12-23','1045','1','60.254.11.53','0','0','a9b7952d08025293305994bcf59c7017','Sa,Su','1','Supplier','20','A','200','200','AED','0','0','0','0','','','0','a9b7952d08025293305994bcf59c7017','2020-10-23 09:18:10','2020-10-23','Supplier','','','','','0',''),('53773@S000000241@2020-12-24@2020-12-24@@1045@1@1@@@0','24-12-2020~24-12-2020','53773','S000000241','2020-12-24','2020-12-24','1045','1','60.254.11.53','0','0','e8b9c1b54d1d990da5ca73b31785abb1','Sa,Su','1','Supplier','20','A','200','200','AED','0','0','0','0','','','0','e8b9c1b54d1d990da5ca73b31785abb1','2020-10-23 09:18:10','2020-10-23','Supplier','','','','','0',''),('53773@S000000241@2020-12-25@2020-12-25@@1045@1@1@@@0','25-12-2020~25-12-2020','53773','S000000241','2020-12-25','2020-12-25','1045','1','60.254.11.53','0','0','4839faa03307bae97dc37011eaf96fe9','Sa,Su','1','Supplier','20','A','200','200','AED','0','0','0','0','','','0','4839faa03307bae97dc37011eaf96fe9','2020-10-23 09:18:10','2020-10-23','Supplier','','','','','0',''),('53773@S000000241@2020-12-26@2020-12-26@@1045@1@1@@@0','26-12-2020~26-12-2020','53773','S000000241','2020-12-26','2020-12-26','1045','1','60.254.11.53','0','0','e7337e204c4956b0e96bdb2c6d20a9d1','Sa,Su','1','Supplier','20','A','200','200','AED','0','0','0','0','','','0','e7337e204c4956b0e96bdb2c6d20a9d1','2020-10-23 09:18:10','2020-10-23','Supplier','','','','','0',''),('53773@S000000241@2020-12-27@2020-12-27@@1045@1@1@@@0','27-12-2020~27-12-2020','53773','S000000241','2020-12-27','2020-12-27','1045','1','60.254.11.53','0','0','13328a51d811c1c1440c0f111594787f','Sa,Su','1','Supplier','20','A','200','200','AED','0','0','0','0','','','0','13328a51d811c1c1440c0f111594787f','2020-10-23 09:18:10','2020-10-23','Supplier','','','','','0',''),('53773@S000000241@2020-12-28@2020-12-28@@1045@1@1@@@0','28-12-2020~28-12-2020','53773','S000000241','2020-12-28','2020-12-28','1045','1','60.254.11.53','0','0','2763af643453617dc2517826ba3f6656','Sa,Su','1','Supplier','20','A','200','200','AED','0','0','0','0','','','0','2763af643453617dc2517826ba3f6656','2020-10-23 09:18:10','2020-10-23','Supplier','','','','','0',''),('53773@S000000241@2020-12-29@2020-12-29@@1045@1@1@@@0','29-12-2020~29-12-2020','53773','S000000241','2020-12-29','2020-12-29','1045','1','60.254.11.53','0','0','154d4f0a6562e4a709e5d3205f865faa','Sa,Su','1','Supplier','20','A','200','200','AED','0','0','0','0','','','0','154d4f0a6562e4a709e5d3205f865faa','2020-10-23 09:18:10','2020-10-23','Supplier','','','','','0',''),('53773@S000000241@2020-12-30@2020-12-30@@1045@1@1@@@0','30-12-2020~30-12-2020','53773','S000000241','2020-12-30','2020-12-30','1045','1','60.254.11.53','0','0','1e87c926529b69a34ae0cff66c872839','Sa,Su','1','Supplier','20','A','200','200','AED','0','0','0','0','','','0','1e87c926529b69a34ae0cff66c872839','2020-10-23 09:18:10','2020-10-23','Supplier','','','','','0',''),('53773@S000000241@2020-12-31@2020-12-31@@1045@1@1@@@0','31-12-2020~31-12-2020','53773','S000000241','2020-12-31','2020-12-31','1045','1','60.254.11.53','0','0','74a310bd20c26896e42fa15d196bfacf','Sa,Su','1','Supplier','20','A','200','200','AED','0','0','0','0','','','0','74a310bd20c26896e42fa15d196bfacf','2020-10-23 09:18:10','2020-10-23','Supplier','','','','','0','');
[10/23/2020 09:18:10], [file name :-/home/otrams/public_html/otramsphp7/uat/v3otrams/extranet-app/controllers/controller.php],DELETE  FROM room_rates WHERE id IN ('');
[10/23/2020 09:18:52], [file name :-/home/otrams/public_html/otramsphp7/uat/v3otrams/extranet-app/controllers/controller.php],update room_rates set  availability='10' where supplier_id='S000000241' AND hotel_id='53773' AND inventory_class_id='20'  AND date_from >='2020-10-23' AND date_from <='2020-12-31' AND FIND_IN_SET(LEFT(DAYNAME(date_from),2),'Sa,Su')='0';
[10/23/2020 09:18:52], [file name :-/home/otrams/public_html/otramsphp7/uat/v3otrams/extranet-app/controllers/controller.php],update room_rates set  availability='10' where supplier_id='S000000241' AND hotel_id='53773' AND inventory_class_id='20'  AND date_from >='2020-10-23' AND date_from <='2020-12-31' AND FIND_IN_SET(LEFT(DAYNAME(date_from),2),'Sa,Su')>'0';
[10/23/2020 09:18:52], [file name :-/home/otrams/public_html/otramsphp7/uat/v3otrams/extranet-app/controllers/controller.php],insert into `user_logs` set  `create_date`= '2020-10-23 09:18:52',`log_type`= 'Inventory Allocation',`sql_query`= 'update room_rates set  availability=\&#039;10\&#039; where supplier_id=\&#039;S000000241\&#039; AND hotel_id=\&#039;53773\&#039; AND inventory_class_id=\&#039;20\&#039;  AND date_from &gt;=\&#039;2020-10-23\&#039; AND date_from &lt;=\&#039;2020-12-31\&#039; AND FIND_IN_SET(LEFT(DAYNAME(date_from),2),\&#039;Sa,Su\&#039;)=\&#039;0\&#039;&lt;br&gt;update room_rates set  availability=\&#039;10\&#039; where supplier_id=\&#039;S000000241\&#039; AND hotel_id=\&#039;53773\&#039; AND inventory_class_id=\&#039;20\&#039;  AND date_from &gt;=\&#039;2020-10-23\&#039; AND date_from &lt;=\&#039;2020-12-31\&#039; AND FIND_IN_SET(LEFT(DAYNAME(date_from),2),\&#039;Sa,Su\&#039;)&gt;\&#039;0\&#039;',`log_description`= 'Upadated Inventory Allocation For hotel RateGainOne- Inventory:-Superior Room From:-23-10-2020 To:-31-12-2020 Weekday Inventory Allocation:-10 Weekend Inventory Allocation:-10',`ip`= '60.254.11.53',`username`= 'tfg',`user_id`= 'S000000241';
[10/23/2020 09:18:52], [file name :-/home/otrams/public_html/otramsphp7/uat/v3otrams/extranet-app/controllers/controller.php],insert into user_log_link Set `user_logs_id`='3787', `entity`='Hotels', `value`='53773' ;
[10/23/2020 09:18:53], [file name :-/home/otrams/public_html/otramsphp7/uat/v3otrams/extranet-app/controllers/controller.php],insert into user_log_link Set `user_logs_id`='3787', `entity`='Suppliers', `value`='S000000241' ;
[10/23/2020 09:18:53], [file name :-/home/otrams/public_html/otramsphp7/uat/v3otrams/extranet-app/controllers/controller.php],insert into user_log_link Set `user_logs_id`='3787', `entity`='Inventory', `value`='20' ;
[10/23/2020 09:22:24], [file name :-/home/otrams/public_html/otramsphp7/uat/v3otrams/hotel_search_list.php],INSERT INTO agent_logs SET  agent_id = '25' , sub_agent_id = '' , sub_user_id = '0' , branch_id = '1' , ip = '60.254.11.53' , city = 'mumbai' , service_name = '' , service_type = 'hotel' , arrival_date = '2020/10/29' , departure_date = '2020/10/30' , nationality = '106' , nights = '1' , room_types = '1, 2' , create_date = '2020-10-23 09:22:24' , site_id = '' , country_code = '106' , web_service = '' ;
[10/23/2020 09:22:26], [file name :-/home/otrams/public_html/otramsphp7/uat/v3otrams/call.php],INSERT INTO xmllogs(reservation_id, type, request_path, response_path, header_path, source_type, create_date, header, session_id, agent_logs_id)
VALUE ('', 'AVAILABILITY', '/request_placeholder.xml', '/response_placeholder.xml', '/response_header_placeholder.xml', 'localsystem', '2020-10-23 09:22:26', '', 'fc8d69515acbce346a2a4cad95e55708ddb842934cc37d8822d907963bae1763', '409');
[10/23/2020 09:22:26], [file name :-/home/otrams/public_html/otramsphp7/uat/v3otrams/call.php],INSERT INTO xmllogs(reservation_id, type, request_path, response_path, header_path, source_type, create_date, header, session_id, agent_logs_id)
VALUE ('', 'AVAILABILITY', '/request_placeholder.xml', '/response_placeholder.xml', '/response_header_placeholder.xml', 'localsystem', '2020-10-23 09:22:26', '', 'fc8d69515acbce346a2a4cad95e55708ddb842934cc37d8822d907963bae1763', '409');
[10/23/2020 09:22:27], [file name :-/home/otrams/public_html/otramsphp7/uat/v3otrams/call.php],UPDATE xmllogs SET
hotel_count = ''
, request_url = '/call.php?s=localsystem&sessionid=fc8d69515acbce346a2a4cad95e55708ddb842934cc37d8822d907963bae1763&xml_user_id=25&request_no=1&local_hotel_code=53768&#039;,&#039;53769&#039;,&#039;53771&#039;,&#039;53773&web_service=no&site_id='
, http_hit_time = '2020-10-23 09:22:26.313'
, request_start_time = '0.000'
, parsing_start_time = '0.000'
, mapping_complete_time = '0.000'
, mongo_start_time = '0.000'
, search_end_time = '0.000'
, total_duration = '0.733'
, error_description = ''
, memory_used = '7911848'
WHERE id = '3078';
[10/23/2020 09:22:27], [file name :-/home/otrams/public_html/otramsphp7/uat/v3otrams/call.php],UPDATE xmllogs SET
hotel_count = ''
, request_url = '/call.php?s=localsystem&sessionid=fc8d69515acbce346a2a4cad95e55708ddb842934cc37d8822d907963bae1763&xml_user_id=25&request_no=0&local_hotel_code=2&#039;,&#039;97&#039;,&#039;53716&#039;,&#039;53734&#039;,&#039;53735&#039;,&#039;53736&#039;,&#039;53737&#039;,&#039;53738&#039;,&#039;53739&#039;,&#039;53740&#039;,&#039;53741&#039;,&#039;53742&#039;,&#039;53744&#039;,&#039;53745&#039;,&#039;53746&#039;,&#039;53747&#039;,&#039;53748&#039;,&#039;53749&#039;,&#039;53750&#039;,&#039;53751&#039;,&#039;53757&#039;,&#039;53758&#039;,&#039;53759&#039;,&#039;53766&#039;,&#039;53767&web_service=no&site_id='
, http_hit_time = '2020-10-23 09:22:26.346'
, request_start_time = '0.000'
, parsing_start_time = '0.000'
, mapping_complete_time = '0.000'
, mongo_start_time = '0.000'
, search_end_time = '0.000'
, total_duration = '1.110'
, error_description = ''
, memory_used = '7913752'
WHERE id = '3079';
[10/23/2020 09:22:27], [file name :-/home/otrams/public_html/otramsphp7/uat/v3otrams/xml_all.php],UPDATE agent_logs SET
  hotel_count = '',
  request_path = '/xml_all.php?userid=25&sessionid=fc8d69515acbce346a2a4cad95e55708ddb842934cc37d8822d907963bae1763',
  duration = '1.512',
  merge_duration = '0.065',
  assigned_supplier_count = '1',
  searched_supplier_count = '1',
  system_load_1_min = '0.81',
  system_load_5_min = '1.19',
  system_load_15_min = '1.28',
  system_memory_usage = '90.55',
  memory_usage = (SELECT COALESCE(SUM(memory_used),0) FROM xmllogs WHERE agent_logs_id = '409') + '8046904',
  parallel_search_count = '',
  mongo_archive_collection = '',
  error_description = '',
  is_cached = 'no'
WHERE id = '409';
[10/23/2020 09:22:38], [file name :-/home/otrams/public_html/otramsphp7/uat/v3otrams/hotel_search_list.php],INSERT INTO agent_logs SET  agent_id = '25' , sub_agent_id = '' , sub_user_id = '0' , branch_id = '1' , ip = '60.254.11.53' , city = 'mumbai' , service_name = '' , service_type = 'hotel' , arrival_date = '2020/10/29' , departure_date = '2020/10/30' , nationality = '106' , nights = '1' , room_types = '2, 2' , create_date = '2020-10-23 09:22:38' , site_id = '' , country_code = '106' , web_service = '' ;
[10/23/2020 09:22:41], [file name :-/home/otrams/public_html/otramsphp7/uat/v3otrams/call.php],INSERT INTO xmllogs(reservation_id, type, request_path, response_path, header_path, source_type, create_date, header, session_id, agent_logs_id)
VALUE ('', 'AVAILABILITY', '/request_placeholder.xml', '/response_placeholder.xml', '/response_header_placeholder.xml', 'localsystem', '2020-10-23 09:22:41', '', 'fc8d69515acbce346a2a4cad95e55708ddb842934cc37d8822d907963bae1763', '410');
[10/23/2020 09:22:41], [file name :-/home/otrams/public_html/otramsphp7/uat/v3otrams/call.php],INSERT INTO xmllogs(reservation_id, type, request_path, response_path, header_path, source_type, create_date, header, session_id, agent_logs_id)
VALUE ('', 'AVAILABILITY', '/request_placeholder.xml', '/response_placeholder.xml', '/response_header_placeholder.xml', 'localsystem', '2020-10-23 09:22:41', '', 'fc8d69515acbce346a2a4cad95e55708ddb842934cc37d8822d907963bae1763', '410');
[10/23/2020 09:22:41], [file name :-/home/otrams/public_html/otramsphp7/uat/v3otrams/call.php],UPDATE xmllogs SET
hotel_count = ''
, request_url = '/call.php?s=localsystem&sessionid=fc8d69515acbce346a2a4cad95e55708ddb842934cc37d8822d907963bae1763&xml_user_id=25&request_no=1&local_hotel_code=53768&#039;,&#039;53769&#039;,&#039;53771&#039;,&#039;53773&web_service=no&site_id='
, http_hit_time = '2020-10-23 09:22:40.432'
, request_start_time = '0.000'
, parsing_start_time = '0.000'
, mapping_complete_time = '0.000'
, mongo_start_time = '0.000'
, search_end_time = '0.000'
, total_duration = '0.888'
, error_description = ''
, memory_used = '7909368'
WHERE id = '3080';
[10/23/2020 09:22:41], [file name :-/home/otrams/public_html/otramsphp7/uat/v3otrams/call.php],UPDATE xmllogs SET
hotel_count = ''
, request_url = '/call.php?s=localsystem&sessionid=fc8d69515acbce346a2a4cad95e55708ddb842934cc37d8822d907963bae1763&xml_user_id=25&request_no=0&local_hotel_code=2&#039;,&#039;97&#039;,&#039;53716&#039;,&#039;53734&#039;,&#039;53735&#039;,&#039;53736&#039;,&#039;53737&#039;,&#039;53738&#039;,&#039;53739&#039;,&#039;53740&#039;,&#039;53741&#039;,&#039;53742&#039;,&#039;53744&#039;,&#039;53745&#039;,&#039;53746&#039;,&#039;53747&#039;,&#039;53748&#039;,&#039;53749&#039;,&#039;53750&#039;,&#039;53751&#039;,&#039;53757&#039;,&#039;53758&#039;,&#039;53759&#039;,&#039;53766&#039;,&#039;53767&web_service=no&site_id='
, http_hit_time = '2020-10-23 09:22:40.362'
, request_start_time = '0.000'
, parsing_start_time = '0.000'
, mapping_complete_time = '0.000'
, mongo_start_time = '0.000'
, search_end_time = '0.000'
, total_duration = '1.149'
, error_description = ''
, memory_used = '7911272'
WHERE id = '3081';
[10/23/2020 09:22:41], [file name :-/home/otrams/public_html/otramsphp7/uat/v3otrams/xml_all.php],UPDATE agent_logs SET
  hotel_count = '',
  request_path = '/xml_all.php?userid=25&sessionid=fc8d69515acbce346a2a4cad95e55708ddb842934cc37d8822d907963bae1763',
  duration = '1.630',
  merge_duration = '0.064',
  assigned_supplier_count = '1',
  searched_supplier_count = '1',
  system_load_1_min = '0.78',
  system_load_5_min = '1.16',
  system_load_15_min = '1.27',
  system_memory_usage = '90.56',
  memory_usage = (SELECT COALESCE(SUM(memory_used),0) FROM xmllogs WHERE agent_logs_id = '410') + '8044616',
  parallel_search_count = '',
  mongo_archive_collection = '',
  error_description = '',
  is_cached = 'no'
WHERE id = '410';
[10/23/2020 09:23:21], [file name :-/home/otrams/public_html/otramsphp7/uat/v3otrams/book_now.php],INSERT INTO autogenerator_reservation (reservation_id, remote_id) VALUES ('1603445001','60.254.11.53');
[10/23/2020 09:25:12], [file name :-/home/otrams/public_html/otramsphp7/uat/v3otrams/extranet-app/controllers/controller.php],INSERT INTO localsystem_cancellation_policy SET hotel_id='53773',duration_type='days',from_duration='0',to_duration='2',amount_type='percentage',amount_value='100',from_date='2020-10-23',to_date='2020-12-31',supplier_id='S000000241',added_by='supplier',inventory_room_class_id='132';
[10/23/2020 09:25:12], [file name :-/home/otrams/public_html/otramsphp7/uat/v3otrams/extranet-app/controllers/controller.php],INSERT INTO localsystem_cancellation_policy SET hotel_id='53773',duration_type='days',from_duration='0',to_duration='2',amount_type='percentage',amount_value='100',from_date='2020-10-23',to_date='2020-12-31',supplier_id='S000000241',added_by='supplier',inventory_room_class_id='20';
[10/23/2020 09:25:12], [file name :-/home/otrams/public_html/otramsphp7/uat/v3otrams/extranet-app/controllers/controller.php],insert into `user_logs` set  `create_date`= '2020-10-23 09:25:12',`log_type`= 'Cancellation Policy',`sql_query`= 'INSERT INTO localsystem_cancellation_policy SET hotel_id=\&#039;53773\&#039;,duration_type=\&#039;days\&#039;,from_duration=\&#039;0\&#039;,to_duration=\&#039;2\&#039;,amount_type=\&#039;percentage\&#039;,amount_value=\&#039;100\&#039;,from_date=\&#039;2020-10-23\&#039;,to_date=\&#039;2020-12-31\&#039;,supplier_id=\&#039;S000000241\&#039;,added_by=\&#039;supplier\&#039;,inventory_room_class_id=\&#039;20\&#039;',`log_description`= 'New cancellation policy added for RateGainOne by- RateGainSupplier',`ip`= '60.254.11.53',`username`= 'tfg',`user_id`= 'S000000241';
[10/23/2020 09:25:12], [file name :-/home/otrams/public_html/otramsphp7/uat/v3otrams/extranet-app/controllers/controller.php],insert into user_log_link Set `user_logs_id`='3788', `entity`='Hotels', `value`='53773' ;
[10/23/2020 09:25:12], [file name :-/home/otrams/public_html/otramsphp7/uat/v3otrams/extranet-app/controllers/controller.php],insert into user_log_link Set `user_logs_id`='3788', `entity`='Suppliers', `value`='S000000241' ;
[10/23/2020 09:25:26], [file name :-/home/otrams/public_html/otramsphp7/uat/v3otrams/book_now.php],INSERT INTO autogenerator_reservation (reservation_id, remote_id) VALUES ('1603445126','60.254.11.53');
[10/23/2020 09:26:34], [file name :-/home/otrams/public_html/otramsphp7/uat/v3otrams/tms/agent.php],UPDATE agents SET credit_value=credit_value+'1386'25''25''25'' WHERE id= ?;
[10/23/2020 09:26:35], [file name :-/home/otrams/public_html/otramsphp7/uat/v3otrams/tms/agent.php],insert into email_logs SET `subject`= 'Credit Limit Changed',from_email_id= 'sanket.desai@qtechsoftware.com',body= 'aGksIAogCkNyZWRpdCBMaW1pdCBDaGFuZ2VkIGZvcjogUXRlY2hQdnQgKDI1KSAKT2xkIExpbWl0OiAxNDAwMApOZXcgTGltaXQ6IDE0MDAwMDAKQ2hhbmdlZCBCeTogdGZnCiAKUmVnYXJkcyAKIFRoZSBGYWJ1bG91cyBHZXRhd2F5Cg==',to_email_id= 'nitin@qtechsoftware.com',cc= '',bcc= '',status= 'Success',page_url= '/tms/agent.php?branch_search=&consultant_search=&agent_type_search=&country_srch=&agency_name_search=&username_search=PhpTest&status_search=&person_name_search=&search=agent&country_search=&city_search=&currency_search=&rate_profile_search=&email_search=&agency_id_search=',create_date= '2020-10-23 09:26:35';
[10/23/2020 09:26:35], [file name :-/home/otrams/public_html/otramsphp7/uat/v3otrams/tms/agent.php],UPDATE agents SET agency_name= 'QtechPvt',other_language_agency_name= '',accounting_id= '123',auto_voucher_bookings = '1',outstanding_limit = '0',accounting_name= '',first_name= 'Snehal',middle_name= '',last_name= 'Valanju',agent_type= 'CC',sort_type= 'price',credit_limit_assigned= '1400000',credit_limit= '1400000',credit_distribution= '0',temp_credit_limit= '',address= 'MUmbai',other_language_address= '',city= '64440',pincode= '',country= '106',time_zone_offset= '-10',enable_dst= '',branch_id='1',phone= '12-123456789',mobile= '12-22333134345345',fax= '',currency= '6',email= 'snehal.valanju@qtechsoftware.com',website= '',lead_time= '',search_by_multicurrency= '1',debug= '1',profile= '',designation= '',iata_status= '0',iata_number= '',nature_of_business= 'Tour Operator',can_book= '1',sales_manager_id= 'otrams',comp_reg_no= '',allow_quotation= '1',can_voucher= '1',allow_book_under_cancellation='1',modify_date='2020-10-23 09:26:34',consultant_id= 'nitinalpha',agency_email= '',acc_name= 'A',acc_email= 'snehal.valanju@qtechsoftware.com',acc_phone= '',man_name= 'B',man_email= '',man_phone= '',res_name= 'C',res_email= '',res_phone= '',remarks= '',apply_service_tax= 'no',allow_ticketing= '',agent_category= '2',can_show_hotels= '' WHERE id= '25';
[10/23/2020 09:26:35], [file name :-/home/otrams/public_html/otramsphp7/uat/v3otrams/tms/agent.php],insert into `user_logs` set `username`= 'tfg',`create_date`= '2020-10-23 09:26:35',`log_type`= 'Agent Updated',`sql_query`= 'UPDATE agents SET agency_name= \&#039;QtechPvt\&#039;,other_language_agency_name= \&#039;\&#039;,accounting_id= \&#039;123\&#039;,auto_voucher_bookings = \&#039;1\&#039;,outstanding_limit = \&#039;0\&#039;,accounting_name= \&#039;\&#039;,first_name= \&#039;Snehal\&#039;,middle_name= \&#039;\&#039;,last_name= \&#039;Valanju\&#039;,agent_type= \&#039;CC\&#039;,sort_type= \&#039;price\&#039;,credit_limit_assigned= \&#039;1400000\&#039;,credit_limit= \&#039;1400000\&#039;,credit_distribution= \&#039;0\&#039;,temp_credit_limit= \&#039;\&#039;,address= \&#039;MUmbai\&#039;,other_language_address= \&#039;\&#039;,city= \&#039;64440\&#039;,pincode= \&#039;\&#039;,country= \&#039;106\&#039;,time_zone_offset= \&#039;-10\&#039;,enable_dst= 0,branch_id=\&#039;1\&#039;,phone= \&#039;12-123456789\&#039;,mobile= \&#039;12-22333134345345\&#039;,fax= \&#039;\&#039;,currency= \&#039;6\&#039;,email= \&#039;snehal.valanju@qtechsoftware.com\&#039;,website= \&#039;\&#039;,lead_time= 0,search_by_multicurrency= 1,debug= \&#039;1\&#039;,profile= \&#039;\&#039;,designation= \&#039;\&#039;,iata_status= \&#039;0\&#039;,iata_number= \&#039;\&#039;,nature_of_business= \&#039;Tour Operator\&#039;,can_book= \&#039;1\&#039;,sales_manager_id= \&#039;otrams\&#039;,comp_reg_no= \&#039;\&#039;,allow_quotation= \&#039;1\&#039;,can_voucher= \&#039;1\&#039;,allow_book_under_cancellation=\&#039;1\&#039;,modify_date=\&#039;2020-10-23 09:26:34\&#039;,consultant_id= \&#039;nitinalpha\&#039;,agency_email= \&#039;\&#039;,acc_name= \&#039;A\&#039;,acc_email= \&#039;snehal.valanju@qtechsoftware.com\&#039;,acc_phone= \&#039;\&#039;,man_name= \&#039;B\&#039;,man_email= \&#039;\&#039;,man_phone= \&#039;\&#039;,res_name= \&#039;C\&#039;,res_email= \&#039;\&#039;,res_phone= \&#039;\&#039;,remarks= \&#039;\&#039;,apply_service_tax= \&#039;no\&#039;,allow_ticketing= 0,agent_category= \&#039;2\&#039;,can_show_hotels= 0 WHERE id= \&#039;25\&#039;',`log_description`= 'Agent 25 updated For  - credit_limit=14000&credit_limit_assigned=14000&credit_value=1062.640&modify_date=2020-10-23+09%3A10%3A46 changed to - credit_limit=1400000&credit_limit_assigned=1400000&credit_value=1387062.640&modify_date=2020-10-23+09%3A26%3A34',`ip`= '60.254.11.53';
[10/23/2020 09:26:35], [file name :-/home/otrams/public_html/otramsphp7/uat/v3otrams/tms/agent.php],insert into user_log_link Set `user_logs_id`='3789', `entity`='Agents', `value`='25' ;
[10/23/2020 09:26:35], [file name :-/home/otrams/public_html/otramsphp7/uat/v3otrams/tms/agent.php],UPDATE agents SET cd_credit_limit=credit_limit-'25' , cd_credit_value=cd_credit_limit-cd_credit_usage WHERE id= ?;
[10/23/2020 09:26:35], [file name :-/home/otrams/public_html/otramsphp7/uat/v3otrams/tms/agent.php],insert into  agent_credit_log SET agent_id= '25',credit_value= '1387062.640',credit_usage= '12937.360',credit_limit= '1400000',receipt_id= '',amount= '',ip='60.254.11.53',user_type='admin',admin_id='tfg',temp_credit_limit='',log_type='Edit_Agent',note='Agent Edited by tfg',create_date='2020-10-23 09:10:35';
[10/23/2020 09:26:35], [file name :-/home/otrams/public_html/otramsphp7/uat/v3otrams/tms/agent.php],UPDATE agents SET currency= '6',branch_id= '1',consultant_id= 'nitinalpha',sales_manager_id= 'otrams',profile= '', auto_voucher_bookings = '1', outstanding_limit = '0', agent_type= 'CC' WHERE parent_agent= '25';
[10/23/2020 09:26:45], [file name :-/home/otrams/public_html/otramsphp7/uat/v3otrams/book_now.php],INSERT INTO autogenerator_reservation (reservation_id, remote_id) VALUES ('1603445205','60.254.11.53');
[10/23/2020 09:27:18], [file name :-/home/otrams/public_html/otramsphp7/uat/v3otrams/book_now.php],INSERT INTO autogenerator_reservation (reservation_id, remote_id) VALUES ('1603445238','60.254.11.53');
[10/23/2020 09:27:23], [file name :-/home/otrams/public_html/otramsphp7/uat/v3otrams/confirm_booking.php],INSERT INTO bookings SET  source_type = 'localsystem', reservation_id = '1832', create_date = '2020-10-23 09:27:23', agent_id = '25', parent_agent_id = '25', agent_ref_no = '', nationality = 'Indian', city_id = 'mumbai', country_id = '106', current_status = 'inprocess-booking', is_xml = '0', display_room_rate = '54.44', display_currency_code = 'USD', native_room_rate = '200', native_currency_code = 'AED', supplier_profile_id = '1', service_type = 'hotel', service_date = '2020/10/29', check_out_date = '2020/10/30', sub_user_id = '', booking_status = '1', leader_title = '', leader_first_name = '', leader_last_name = '', booking_branch_id = '1', expiration_date = '2020-10-27 00:00:00', cancellation_policy = 'Amendment of Dates, Room Category, Passenger Names are considered as Cancel and Rebook by most of the Hotels.
        Any Changes in initial booking may be denied by the supplier or may result in extra charges.
        Confirmation of amendment requests is subject to availablity and rates at the time of amendment.<Br><Br><B><U>Detailed Cancellation Policy:</U></B> <br/> Cancellation Charges of 54.44 USD applicable if cancelled after 26-Oct-2020 14:00 hrs.', supplier_cancellation_policy = '', status_date = '2020-10-23 09:27:23',  site_url = 'https://alpha.otrams.thefabulousgetaway.com/';
[10/23/2020 09:27:23], [file name :-/home/otrams/public_html/otramsphp7/uat/v3otrams/confirm_booking.php],INSERT INTO external_mapping_data_tracking (booking_id,search_hotel_name,booked_hotel_name_supplier,hotel_id,master_id,city_id,supplier,date) VALUES ('3041','RATEGAINONE','RATEGAINONE','53773','53773','mumbai','LOCAL_SUPPLIER',NOW());
[10/23/2020 09:27:23], [file name :-/home/otrams/public_html/otramsphp7/uat/v3otrams/confirm_booking.php],UPDATE
        bookings
        SET
        booking_branch_id= '1'
        WHERE
        id='3041'
        ;
[10/23/2020 09:27:23], [file name :-/home/otrams/public_html/otramsphp7/uat/v3otrams/confirm_booking.php],insert into bookings_details(booking_id,supplier_id,total_rooms,total_adults,total_children,total_infants,rate_description ,rate_code,hotel_id,local_hotel_id,hotel_name,hotel_address1,hotel_phone,hotel_rating,total_nights,arrival_date,departure_date,room_rate_code,hotel_img)values('3041','S000000241','2','2','0','-','','','53773','53773','RATEGAINONE','Mumbai','123456789','5.0','1','2020/10/29','2020/10/30','','https://alpha.otrams.thefabulousgetaway.com/project_folder/tfg_project/images/imagenotavailable.jpg');
[10/23/2020 09:27:23], [file name :-/home/otrams/public_html/otramsphp7/uat/v3otrams/confirm_booking.php], insert into booking_room_detail set  booking_id = '3041', booking_detail_id = '1179', room_type_code = '2~~~132~~~1039~~~1~~~~~~~~~64440~~~0~~~S000000241', room_name = 'double', room_type_description = 'Standard  -Bed & Breakfast : 2 Pax <font color=\'red\'>-D</font>', display_nightly_rates = 'a:1:{i:0;a:3:{s:18:\"displayNightlyRate\";d:27.22;s:16:\"promotionDisplay\";s:0:\"\";s:25:\"displayNightlyRateDisplay\";s:152:\"Supplier Name - localsupplier(RateGainSupplier - S000000241), Rate - 100 AED, Currency Multiplier (AED-USD) - 0.27222 Supplier Commission-0 #localsystem\";}}', native_nightly_rates = 'a:1:{i:0;a:4:{s:19:\"O_nativeNightlyRate\";i:100;s:17:\"nativeNightlyRate\";i:100;s:9:\"free_sale\";s:2:\"no\";s:14:\"Discount/Offer\";a:7:{s:4:\"code\";s:0:\"\";s:4:\"Name\";s:0:\"\";s:7:\"S_Value\";s:0:\"\";s:5:\"Value\";i:0;s:12:\"Display_Name\";s:0:\"\";s:10:\"Offer_Note\";N;s:10:\"Offer_Type\";N;}}}', markup = '0', commission = '0', native_room_rate_total = '200', display_room_rate_total = '54.44', number_of_rooms = '2';
[10/23/2020 09:27:23], [file name :-/home/otrams/public_html/otramsphp7/uat/v3otrams/confirm_booking.php],update bookings set  special_remark = '', itenirary_id = '', confirmation_number = '', display_discount = '0', current_status = 'confirmed', comment_contract = '', consultant_id = 'nitinalpha', sales_manager_id = 'otrams', admin_booked = '0', email_id = '', leader_phone = '', agent_currency_multiplier = '1.00000', ip_addr = '60.254.11.53', backoffice_user = 'tfg', customer_id = '', applied_multiplier='0.27222', free_sale='',  applied_markup='0',  agent_markup='0',  basecurrency_multiplier='1.00000',  basecurrency_multiplier_native='0.27222',  parent_agent_id='25',  sub_agent_rate='0', agent_rate='54.44',  applicable_service_tax='0',  supplier_rate='200',  original_source='',  uid='b4a783b4f036bdd98d76672af9a76238'  where id='3041';
[10/23/2020 09:27:23], [file name :-/home/otrams/public_html/otramsphp7/uat/v3otrams/confirm_booking.php],update bookings_details set touricoRoomResId ='', gta_item_confirm_ref='' ,gtaToken = '' , special_request='' where booking_id ='3041';
[10/23/2020 09:27:23], [file name :-/home/otrams/public_html/otramsphp7/uat/v3otrams/confirm_booking.php],update bookings_details set reservation_pushed = '1', channel_manager = 'rategain',room_type_description='' where booking_id = '3041';
[10/23/2020 09:27:23], [file name :-/home/otrams/public_html/otramsphp7/uat/v3otrams/confirm_booking.php],INSERT INTO booking_cancellation_policy(booking_id,from_date,supplier_from_date,supplier_charge,agent_charge,lead_time,create_date)  VALUES('3041','2020-10-26 14:00:00','2020-10-26 14:00:00','200','54.44','0','2020-10-23 09:27:23');
[10/23/2020 09:27:23], [file name :-/home/otrams/public_html/otramsphp7/uat/v3otrams/confirm_booking.php],insert into booking_lat_long(booking_id,latitude,longitude) values ('3041','','');
[10/23/2020 09:27:23], [file name :-/home/otrams/public_html/otramsphp7/uat/v3otrams/confirm_booking.php],INSERT INTO booking_status (booking_id,status,create_date,memo,agent_id,ip_address,admin,modify_by) VALUES ('3041','confirmed','2020-10-23 09:27:23','Booking confirmed . Booked by Back Office tfg on behalf of Agent - Snehal  Valanju(CD0025)','25','60.254.11.53','0','25');
[10/23/2020 09:27:23], [file name :-/home/otrams/public_html/otramsphp7/uat/v3otrams/confirm_booking.php],INSERT INTO booking_search_log(booking_id, details)
        VALUES(3041, 'a:30:{s:3:\"_id\";a:1:{s:4:\"$oid\";s:24:\"5f92a0e14e50fe677353e9e2\";}s:7:\"hotelId\";s:25:\"53773----------S000000241\";s:4:\"name\";s:11:\"RATEGAINONE\";s:14:\"local_hotel_id\";s:5:\"53773\";s:8:\"address1\";s:6:\"Mumbai\";s:8:\"latitude\";s:0:\"\";s:9:\"longitude\";s:0:\"\";s:4:\"city\";s:5:\"64440\";s:8:\"location\";s:0:\"\";s:14:\"prefered_hotel\";s:1:\"0\";s:10:\"mlosSlogan\";s:0:\"\";s:16:\"isMlosApplicable\";s:2:\"no\";s:7:\"country\";s:3:\"106\";s:16:\"rateCurrencyCode\";s:3:\"USD\";s:5:\"phone\";s:9:\"123456789\";s:16:\"shortDescription\";s:24:\"No Description Available\";s:11:\"website_url\";s:0:\"\";s:12:\"thumbNailUrl\";s:99:\"https://alpha.otrams.thefabulousgetaway.com/project_folder/tfg_project/images/imagenotavailable.jpg\";s:10:\"sourceType\";s:11:\"localsystem\";s:10:\"supplierid\";s:10:\"S000000241\";s:12:\"suppliername\";s:16:\"RateGainSupplier\";s:14:\"propertyRating\";s:3:\"5.0\";s:15:\"specialCategory\";a:1:{i:0;s:1:\"1\";}s:13:\"HotelProperty\";a:1:{s:11:\"localsystem\";a:2:{i:0;a:1:{s:8:\"RateInfo\";a:13:{s:10:\"room_rates\";a:1:{i:0;a:33:{s:11:\"ratebreakup\";a:4:{s:6:\"markup\";i:0;s:10:\"commission\";i:0;s:18:\"NativeNightlyRates\";a:1:{i:0;a:4:{s:19:\"O_nativeNightlyRate\";i:100;s:17:\"nativeNightlyRate\";i:100;s:9:\"free_sale\";s:2:\"no\";s:14:\"Discount/Offer\";a:7:{s:4:\"code\";s:0:\"\";s:4:\"Name\";s:0:\"\";s:7:\"S_Value\";s:0:\"\";s:5:\"Value\";i:0;s:12:\"Display_Name\";s:0:\"\";s:10:\"Offer_Note\";N;s:10:\"Offer_Type\";N;}}}s:19:\"DisplayNightlyRates\";a:1:{i:0;a:3:{s:18:\"displayNightlyRate\";d:27.22;s:16:\"promotionDisplay\";s:0:\"\";s:25:\"displayNightlyRateDisplay\";s:152:\"Supplier Name - localsupplier(RateGainSupplier - S000000241), Rate - 100 AED, Currency Multiplier (AED-USD) - 0.27222 Supplier Commission-0 #localsystem\";}}}s:20:\"offer_promotion_note\";s:0:\"\";s:19:\"offer_discount_type\";s:0:\"\";s:27:\"offer_discount_note_details\";N;s:9:\"room_name\";s:6:\"double\";s:9:\"stay_note\";N;s:10:\"time_stamp\";s:32:\"b7df5f38d85ddbc812dfc4dbed23c184\";s:16:\"number_of_adults\";s:1:\"2\";s:10:\"view_basis\";s:0:\"\";s:13:\"view_basis_id\";s:1:\"0\";s:9:\"available\";i:1;s:9:\"free_sale\";N;s:7:\"minStay\";s:1:\"1\";s:19:\"displayCurrencyCode\";s:3:\"USD\";s:18:\"nativeCurrencyCode\";s:3:\"AED\";s:20:\"displayRoomTypeRates\";d:54.44;s:20:\"sortingRoomTypeRates\";d:54.44;s:19:\"nativeRoomTypeRates\";i:200;s:12:\"offerApplied\";N;s:7:\"room_id\";s:49:\"2~~~132~~~1039~~~1~~~~~~~~~64440~~~0~~~S000000241\";s:14:\"room_type_code\";s:1:\"2\";s:14:\"boardtype_code\";s:1:\"1\";s:16:\"valuation_number\";s:49:\"2~~~132~~~1039~~~1~~~~~~~~~64440~~~0~~~S000000241\";s:15:\"number_of_child\";i:0;s:13:\"NumberOfRooms\";i:2;s:10:\"supplierId\";s:10:\"S000000241\";s:12:\"supplierName\";s:16:\"RateGainSupplier\";s:10:\"meal_basis\";s:15:\"Bed & Breakfast\";s:4:\"note\";s:0:\"\";s:13:\"room_category\";s:13:\"Standard Room\";s:9:\"room_type\";s:62:\"Standard  -Bed & Breakfast : 2 Pax <font color=\'red\'>-D</font>\";s:14:\"non_refundable\";s:1:\"0\";s:15:\"class_unique_id\";s:17:\"0_0_53773_4602594\";}}s:9:\"available\";i:1;s:15:\"displayRoomRate\";d:54.44;s:14:\"nativeRoomRate\";i:200;s:9:\"unique_id\";s:37:\"1_53773----------S000000241_2_0_98032\";s:10:\"supplierId\";s:10:\"S000000241\";s:19:\"displayCurrencyCode\";s:3:\"USD\";s:18:\"nativeCurrencyCode\";s:3:\"AED\";s:18:\"applied_markup_per\";i:0;s:18:\"applied_multiplier\";d:0.27222;s:19:\"supplier_profile_id\";s:1:\"1\";s:13:\"supplier_data\";a:5:{s:7:\"hotelId\";s:25:\"53773----------S000000241\";s:10:\"sourceType\";s:11:\"localsystem\";s:15:\"supp_hotel_name\";s:11:\"RATEGAINONE\";s:18:\"supp_hotel_address\";s:6:\"Mumbai\";s:10:\"supplierId\";s:10:\"S000000241\";}s:8:\"no_class\";i:0;}}i:1;a:1:{s:8:\"RateInfo\";a:13:{s:10:\"room_rates\";a:1:{i:0;a:33:{s:11:\"ratebreakup\";a:4:{s:6:\"markup\";i:0;s:10:\"commission\";i:0;s:18:\"NativeNightlyRates\";a:1:{i:0;a:4:{s:19:\"O_nativeNightlyRate\";i:200;s:17:\"nativeNightlyRate\";i:200;s:9:\"free_sale\";s:2:\"no\";s:14:\"Discount/Offer\";a:7:{s:4:\"code\";s:0:\"\";s:4:\"Name\";s:0:\"\";s:7:\"S_Value\";s:0:\"\";s:5:\"Value\";i:0;s:12:\"Display_Name\";s:0:\"\";s:10:\"Offer_Note\";N;s:10:\"Offer_Type\";N;}}}s:19:\"DisplayNightlyRates\";a:1:{i:0;a:3:{s:18:\"displayNightlyRate\";d:54.44;s:16:\"promotionDisplay\";s:0:\"\";s:25:\"displayNightlyRateDisplay\";s:152:\"Supplier Name - localsupplier(RateGainSupplier - S000000241), Rate - 200 AED, Currency Multiplier (AED-USD) - 0.27222 Supplier Commission-0 #localsystem\";}}}s:20:\"offer_promotion_note\";s:0:\"\";s:19:\"offer_discount_type\";s:0:\"\";s:27:\"offer_discount_note_details\";N;s:9:\"room_name\";s:6:\"double\";s:9:\"stay_note\";N;s:10:\"time_stamp\";s:32:\"2f92e7adb76e8eb3cc213f1657760a74\";s:16:\"number_of_adults\";s:1:\"2\";s:10:\"view_basis\";s:0:\"\";s:13:\"view_basis_id\";s:1:\"0\";s:9:\"available\";i:1;s:9:\"free_sale\";N;s:7:\"minStay\";s:1:\"0\";s:19:\"displayCurrencyCode\";s:3:\"USD\";s:18:\"nativeCurrencyCode\";s:3:\"AED\";s:20:\"displayRoomTypeRates\";d:108.88;s:20:\"sortingRoomTypeRates\";d:108.88;s:19:\"nativeRoomTypeRates\";i:400;s:12:\"offerApplied\";N;s:7:\"room_id\";s:48:\"2~~~20~~~1045~~~1~~~~~~~~~64440~~~1~~~S000000241\";s:14:\"room_type_code\";s:1:\"2\";s:14:\"boardtype_code\";s:1:\"1\";s:16:\"valuation_number\";s:48:\"2~~~20~~~1045~~~1~~~~~~~~~64440~~~1~~~S000000241\";s:15:\"number_of_child\";i:0;s:13:\"NumberOfRooms\";i:2;s:10:\"supplierId\";s:10:\"S000000241\";s:12:\"supplierName\";s:16:\"RateGainSupplier\";s:10:\"meal_basis\";s:15:\"Bed & Breakfast\";s:4:\"note\";s:0:\"\";s:13:\"room_category\";s:18:\"Superior Room Room\";s:9:\"room_type\";s:67:\"Superior Room  -Bed & Breakfast : 2 Pax <font color=\'red\'>-D</font>\";s:14:\"non_refundable\";s:1:\"0\";s:15:\"class_unique_id\";s:17:\"1_1_53773_8246854\";}}s:9:\"available\";i:1;s:15:\"displayRoomRate\";d:108.88;s:14:\"nativeRoomRate\";i:400;s:9:\"unique_id\";s:37:\"1_53773----------S000000241_2_1_18522\";s:10:\"supplierId\";s:10:\"S000000241\";s:19:\"displayCurrencyCode\";s:3:\"USD\";s:18:\"nativeCurrencyCode\";s:3:\"AED\";s:18:\"applied_markup_per\";i:0;s:18:\"applied_multiplier\";d:0.27222;s:19:\"supplier_profile_id\";s:1:\"1\";s:13:\"supplier_data\";a:5:{s:7:\"hotelId\";s:25:\"53773----------S000000241\";s:10:\"sourceType\";s:11:\"localsystem\";s:15:\"supp_hotel_name\";s:11:\"RATEGAINONE\";s:18:\"supp_hotel_address\";s:6:\"Mumbai\";s:10:\"supplierId\";s:10:\"S000000241\";}s:8:\"no_class\";i:0;}}}}s:13:\"total_charges\";d:54.44;s:17:\"propertyAvailable\";i:1;s:8:\"no_class\";i:0;s:18:\"sort_total_charges\";d:54.44;s:16:\"hotel_name_ascii\";s:11:\"rategainone\";s:13:\"supplier_data\";a:5:{s:7:\"hotelId\";s:25:\"53773----------S000000241\";s:10:\"sourceType\";s:11:\"localsystem\";s:15:\"supp_hotel_name\";s:11:\"RATEGAINONE\";s:18:\"supp_hotel_address\";s:6:\"Mumbai\";s:10:\"supplierId\";s:10:\"S000000241\";}}');
[10/23/2020 09:27:23], [file name :-/home/otrams/public_html/otramsphp7/uat/v3otrams/confirm_booking.php],INSERT INTO booking_cancellation_policy(booking_id,from_date,supplier_from_date,to_date,supplier_to_date,supplier_charge,agent_charge,lead_time,create_date,applied_agent_charges)  VALUES('3041','2020-10-26 14:00:00','2020-10-26 14:00:00','1970-01-01 00:00:00','1970-01-01 00:00:00','200','54.44','0','2020-10-23 09:27:23','');
[10/23/2020 09:27:23], [file name :-/home/otrams/public_html/otramsphp7/uat/v3otrams/confirm_booking.php],update bookings_details set reservation_pushed = '1', channel_manager = 'rategain',room_type_description='' where booking_id = '3041';
[10/23/2020 09:27:23], [file name :-/home/otrams/public_html/otramsphp7/uat/v3otrams/confirm_booking.php],INSERT INTO bookings_applicable_offer set  oid= '',  offer_type_code= '',  booking_id= '3041',  room_id= '2~~~132~~~1039~~~1~~~~~~~~~64440~~~0~~~S000000241',  room_name= 'double',  supplier_id= 'S000000241',  agent_id= '',  applied_native_discount= '0',  original_native_rate= '100',  native_rate= '100',  promotion_text= '',  offer_disc_type= '',  offer_disc_value= '',  offer_disc_currency= '',  create_date= '2020-10-23 09:27:23' ;
[10/23/2020 09:27:23], [file name :-/home/otrams/public_html/otramsphp7/uat/v3otrams/confirm_booking.php],update bookings set confirmation_number='',itenirary_id='3041' where  id ='3041';
[10/23/2020 09:27:23], [file name :-/home/otrams/public_html/otramsphp7/uat/v3otrams/confirm_booking.php],UPDATE room_rates SET availability = availability-2,consumed_inventory = consumed_inventory+2 WHERE hotel_id = '53773' and inventory_class_id = '132' and supplier_id = 'S000000241' and date_from = '2020-10-29';
[10/23/2020 09:27:23], [file name :-/home/otrams/public_html/otramsphp7/uat/v3otrams/confirm_booking.php],update supplement_rate set inventory = '0' where supplement_rate_id = '1';
[10/23/2020 09:27:23], [file name :-/home/otrams/public_html/otramsphp7/uat/v3otrams/confirm_booking.php],update posted_bookings set booking_id='3041',status='1' where reservation_id='1832' and booking_id ='0';
[10/23/2020 09:27:23], [file name :-/home/otrams/public_html/otramsphp7/uat/v3otrams/confirm_booking.php],update xmllogs set reservation_id='3041' where agent_logs_id='410' and source_type='localsystem';
[10/23/2020 09:27:23], [file name :-/home/otrams/public_html/otramsphp7/uat/v3otrams/confirm_booking.php],INSERT INTO booking_commission set agent_commission='',  supplier_commission='',  profit_percent='',  gross_profit='',  commission_tax='',  booking_id ='3041',  create_date ='2020-10-23 09:27:23', supplier_tax='';
[10/23/2020 09:27:23], [file name :-/home/otrams/public_html/otramsphp7/uat/v3otrams/confirm_booking.php],update bookings set voucher_id='3041',status_date='2020-10-23 09:27:23',current_status='vouchered',voucher_hashcode='8fb69092550da9c3db5adfcf9a539cb5684583041',vouchered_by ='' where id='3041';
[10/23/2020 09:27:23], [file name :-/home/otrams/public_html/otramsphp7/uat/v3otrams/confirm_booking.php],Insert into booking_configuration set booking_id='3041',config_key='VOUCHER_DATE', config_value='2020-10-23 09:27:23',create_date='2020-10-23 09:27:23';
[10/23/2020 09:27:23], [file name :-/home/otrams/public_html/otramsphp7/uat/v3otrams/confirm_booking.php],INSERT INTO booking_status (visa_id,visa_status,booking_id,status,create_date,memo,agent_id,ip_address,admin,modify_by,crons) VALUES
        ('','','3041','vouchered','2020-10-23 09:27:23','Voucherd by Back Office tfg on behalf of Agent - Snehal  Valanju(CD0025)','25','60.254.11.53','','','');
[10/23/2020 09:27:24], [file name :-/home/otrams/public_html/otramsphp7/uat/v3otrams/confirm_booking.php],insert into email_logs SET `subject`= ' TFG103041 /  Booking Vouchered ',from_email_id= 'sanket.desai@qtechsoftware.com',body= '[encoded data, 27828 characters]',to_email_id= 'snehal.valanju@qtechsoftware.com,nitin@qtechsoftware.com',cc= '',bcc= '',status= 'Success',page_url= '/confirm_booking.php',create_date= '2020-10-23 09:27:24';
[10/23/2020 09:27:24], [file name :-/home/otrams/public_html/otramsphp7/uat/v3otrams/confirm_booking.php],insert into temp(booking_id,mail_send_to)values('3041','snehal.valanju@qtechsoftware.com');
[10/23/2020 09:27:24], [file name :-/home/otrams/public_html/otramsphp7/uat/v3otrams/confirm_booking.php],insert into temp(booking_id,mail_send_to)values('3041','nitin@qtechsoftware.com');
[10/23/2020 09:27:25], [file name :-/home/otrams/public_html/otramsphp7/uat/v3otrams/confirm_booking.php], insert into booking_configuration set  booking_id = '3041', config_key = 'BOOKING OTP', config_value = '2DKBuIFi';;
[10/23/2020 09:27:25], [file name :-/home/otrams/public_html/otramsphp7/uat/v3otrams/confirm_booking.php],insert into email_logs SET `subject`= ' TFG103041 / Booking Confirmed ',from_email_id= 'sanket.desai@qtechsoftware.com',body= '[encoded data, 39944 characters]',to_email_id= 'snehal.valanju@qtechsoftware.com',cc= '',bcc= '',status= 'Success',page_url= '/confirm_booking.php',create_date= '2020-10-23 09:27:25';
[10/23/2020 09:27:25], [file name :-/home/otrams/public_html/otramsphp7/uat/v3otrams/confirm_booking.php],insert into temp(booking_id,mail_send_to)values('3041','snehal.valanju@qtechsoftware.com');
[10/23/2020 09:27:25], [file name :-/home/otrams/public_html/otramsphp7/uat/v3otrams/confirm_booking.php],insert into temp(booking_id,mail_send_to)values('3041','snehal.valanju@qtechsoftware.com');
[10/23/2020 09:28:55], [file name :-/home/otrams/public_html/otramsphp7/uat/v3otrams/tms/agent.php],UPDATE agents SET credit_option = 'check_out_date', no_of_days= '' WHERE id= '25' ;
[10/23/2020 09:28:55], [file name :-/home/otrams/public_html/otramsphp7/uat/v3otrams/tms/agent.php],insert into `user_logs` set `username`= 'tfg',`create_date`= '2020-10-23 09:28:55',`log_type`= 'Credit Setting',`sql_query`= 'UPDATE agents SET credit_option = \&#039;check_out_date\&#039;, no_of_days= 0 WHERE id= \&#039;25\&#039; ',`log_description`= 'Credit Setting is updated',`ip`= '60.254.11.53';
[10/23/2020 09:28:55], [file name :-/home/otrams/public_html/otramsphp7/uat/v3otrams/tms/agent.php],insert into user_log_link Set `user_logs_id`='3790', `entity`='Agents', `value`='25' ;
[10/23/2020 09:29:46], [file name :-/home/otrams/public_html/otramsphp7/uat/v3otrams/hotel_search_list.php],INSERT INTO agent_logs SET  agent_id = '25' , sub_agent_id = '' , sub_user_id = '0' , branch_id = '1' , ip = '60.254.11.53' , city = 'mumbai' , service_name = '' , service_type = 'hotel' , arrival_date = '2020/10/29' , departure_date = '2020/10/30' , nationality = '106' , nights = '1' , room_types = '2, 2' , create_date = '2020-10-23 09:29:46' , site_id = '' , country_code = '106' , web_service = '' ;
[10/23/2020 09:29:48], [file name :-/home/otrams/public_html/otramsphp7/uat/v3otrams/call.php],INSERT INTO xmllogs(reservation_id, type, request_path, response_path, header_path, source_type, create_date, header, session_id, agent_logs_id)
VALUE ('', 'AVAILABILITY', '/request_placeholder.xml', '/response_placeholder.xml', '/response_header_placeholder.xml', 'localsystem', '2020-10-23 09:29:48', '', 'fc8d69515acbce346a2a4cad95e55708ddb842934cc37d8822d907963bae1763', '411');
[10/23/2020 09:29:48], [file name :-/home/otrams/public_html/otramsphp7/uat/v3otrams/call.php],INSERT INTO xmllogs(reservation_id, type, request_path, response_path, header_path, source_type, create_date, header, session_id, agent_logs_id)
VALUE ('', 'AVAILABILITY', '/request_placeholder.xml', '/response_placeholder.xml', '/response_header_placeholder.xml', 'localsystem', '2020-10-23 09:29:48', '', 'fc8d69515acbce346a2a4cad95e55708ddb842934cc37d8822d907963bae1763', '411');
[10/23/2020 09:29:49], [file name :-/home/otrams/public_html/otramsphp7/uat/v3otrams/call.php],UPDATE xmllogs SET
hotel_count = ''
, request_url = '/call.php?s=localsystem&sessionid=fc8d69515acbce346a2a4cad95e55708ddb842934cc37d8822d907963bae1763&xml_user_id=25&request_no=1&local_hotel_code=53768&#039;,&#039;53769&#039;,&#039;53771&#039;,&#039;53773&web_service=no&site_id='
, http_hit_time = '2020-10-23 09:29:48.346'
, request_start_time = '0.000'
, parsing_start_time = '0.000'
, mapping_complete_time = '0.000'
, mongo_start_time = '0.000'
, search_end_time = '0.000'
, total_duration = '0.658'
, error_description = ''
, memory_used = '7909368'
WHERE id = '3082';
[10/23/2020 09:29:49], [file name :-/home/otrams/public_html/otramsphp7/uat/v3otrams/call.php],UPDATE xmllogs SET
hotel_count = ''
, request_url = '/call.php?s=localsystem&sessionid=fc8d69515acbce346a2a4cad95e55708ddb842934cc37d8822d907963bae1763&xml_user_id=25&request_no=0&local_hotel_code=2&#039;,&#039;97&#039;,&#039;53716&#039;,&#039;53734&#039;,&#039;53735&#039;,&#039;53736&#039;,&#039;53737&#039;,&#039;53738&#039;,&#039;53739&#039;,&#039;53740&#039;,&#039;53741&#039;,&#039;53742&#039;,&#039;53744&#039;,&#039;53745&#039;,&#039;53746&#039;,&#039;53747&#039;,&#039;53748&#039;,&#039;53749&#039;,&#039;53750&#039;,&#039;53751&#039;,&#039;53757&#039;,&#039;53758&#039;,&#039;53759&#039;,&#039;53766&#039;,&#039;53767&web_service=no&site_id='
, http_hit_time = '2020-10-23 09:29:48.345'
, request_start_time = '0.000'
, parsing_start_time = '0.000'
, mapping_complete_time = '0.000'
, mongo_start_time = '0.000'
, search_end_time = '0.000'
, total_duration = '0.862'
, error_description = ''
, memory_used = '7911272'
WHERE id = '3083';
[10/23/2020 09:29:49], [file name :-/home/otrams/public_html/otramsphp7/uat/v3otrams/xml_all.php],UPDATE agent_logs SET
  hotel_count = '',
  request_path = '/xml_all.php?userid=25&sessionid=fc8d69515acbce346a2a4cad95e55708ddb842934cc37d8822d907963bae1763',
  duration = '1.203',
  merge_duration = '0.060',
  assigned_supplier_count = '1',
  searched_supplier_count = '1',
  system_load_1_min = '0.30',
  system_load_5_min = '0.69',
  system_load_15_min = '1.01',
  system_memory_usage = '90.59',
  memory_usage = (SELECT COALESCE(SUM(memory_used),0) FROM xmllogs WHERE agent_logs_id = '411') + '8044616',
  parallel_search_count = '',
  mongo_archive_collection = '',
  error_description = '',
  is_cached = 'no'
WHERE id = '411';
[10/23/2020 09:30:08], [file name :-/home/otrams/public_html/otramsphp7/uat/v3otrams/book_now.php],INSERT INTO autogenerator_reservation (reservation_id, remote_id) VALUES ('1603445408','60.254.11.53');
[10/23/2020 09:30:58], [file name :-/home/otrams/public_html/otramsphp7/uat/v3otrams/book_now.php],INSERT INTO autogenerator_reservation (reservation_id, remote_id) VALUES ('1603445458','60.254.11.53');
[10/23/2020 09:31:02], [file name :-/home/otrams/public_html/otramsphp7/uat/v3otrams/confirm_booking.php],INSERT INTO bookings SET  source_type = 'localsystem', reservation_id = '1834', create_date = '2020-10-23 09:31:02', agent_id = '25', parent_agent_id = '25', agent_ref_no = '', nationality = 'Indian', city_id = 'mumbai', country_id = '106', current_status = 'inprocess-booking', is_xml = '0', display_room_rate = '54.44', display_currency_code = 'USD', native_room_rate = '200', native_currency_code = 'AED', supplier_profile_id = '1', service_type = 'hotel', service_date = '2020/10/29', check_out_date = '2020/10/30', sub_user_id = '', booking_status = '1', leader_title = '', leader_first_name = '', leader_last_name = '', booking_branch_id = '1', expiration_date = '2020-10-27 00:00:00', cancellation_policy = 'Amendment of Dates, Room Category, Passenger Names are considered as Cancel and Rebook by most of the Hotels.
        Any Changes in initial booking may be denied by the supplier or may result in extra charges.
        Confirmation of amendment requests is subject to availablity and rates at the time of amendment.<Br><Br><B><U>Detailed Cancellation Policy:</U></B> <br/> Cancellation Charges of 54.44 USD applicable if cancelled after 26-Oct-2020 14:00 hrs.', supplier_cancellation_policy = '', status_date = '2020-10-23 09:31:02',  site_url = 'https://alpha.otrams.thefabulousgetaway.com/';
[10/23/2020 09:31:02], [file name :-/home/otrams/public_html/otramsphp7/uat/v3otrams/confirm_booking.php],INSERT INTO external_mapping_data_tracking (booking_id,search_hotel_name,booked_hotel_name_supplier,hotel_id,master_id,city_id,supplier,date) VALUES ('3042','RATEGAINONE','RATEGAINONE','53773','53773','mumbai','LOCAL_SUPPLIER',NOW());
[10/23/2020 09:31:02], [file name :-/home/otrams/public_html/otramsphp7/uat/v3otrams/confirm_booking.php],UPDATE
        bookings
        SET
        booking_branch_id= '1'
        WHERE
        id='3042'
        ;
[10/23/2020 09:31:02], [file name :-/home/otrams/public_html/otramsphp7/uat/v3otrams/confirm_booking.php],insert into bookings_details(booking_id,supplier_id,total_rooms,total_adults,total_children,total_infants,rate_description ,rate_code,hotel_id,local_hotel_id,hotel_name,hotel_address1,hotel_phone,hotel_rating,total_nights,arrival_date,departure_date,room_rate_code,hotel_img)values('3042','S000000241','2','2','0','-','','','53773','53773','RATEGAINONE','Mumbai','123456789','5.0','1','2020/10/29','2020/10/30','','https://alpha.otrams.thefabulousgetaway.com/project_folder/tfg_project/images/imagenotavailable.jpg');
[10/23/2020 09:31:02], [file name :-/home/otrams/public_html/otramsphp7/uat/v3otrams/confirm_booking.php], insert into booking_room_detail set  booking_id = '3042', booking_detail_id = '1180', room_type_code = '2~~~132~~~1039~~~1~~~~~~~~~64440~~~0~~~S000000241', room_name = 'double', room_type_description = 'Standard  -Bed & Breakfast : 2 Pax <font color=\'red\'>-D</font>', display_nightly_rates = 'a:1:{i:0;a:3:{s:18:\"displayNightlyRate\";d:27.22;s:16:\"promotionDisplay\";s:0:\"\";s:25:\"displayNightlyRateDisplay\";s:152:\"Supplier Name - localsupplier(RateGainSupplier - S000000241), Rate - 100 AED, Currency Multiplier (AED-USD) - 0.27222 Supplier Commission-0 #localsystem\";}}', native_nightly_rates = 'a:1:{i:0;a:4:{s:19:\"O_nativeNightlyRate\";i:100;s:17:\"nativeNightlyRate\";i:100;s:9:\"free_sale\";s:2:\"no\";s:14:\"Discount/Offer\";a:7:{s:4:\"code\";s:0:\"\";s:4:\"Name\";s:0:\"\";s:7:\"S_Value\";s:0:\"\";s:5:\"Value\";i:0;s:12:\"Display_Name\";s:0:\"\";s:10:\"Offer_Note\";N;s:10:\"Offer_Type\";N;}}}', markup = '0', commission = '0', native_room_rate_total = '200', display_room_rate_total = '54.44', number_of_rooms = '2';
[10/23/2020 09:31:02], [file name :-/home/otrams/public_html/otramsphp7/uat/v3otrams/confirm_booking.php],update bookings set  special_remark = '', itenirary_id = '', confirmation_number = '', display_discount = '0', current_status = 'confirmed', comment_contract = '', consultant_id = 'nitinalpha', sales_manager_id = 'otrams', admin_booked = '0', email_id = '', leader_phone = '', agent_currency_multiplier = '1.00000', ip_addr = '60.254.11.53', backoffice_user = 'tfg', customer_id = '', applied_multiplier='0.27222', free_sale='',  applied_markup='0',  agent_markup='0',  basecurrency_multiplier='1.00000',  basecurrency_multiplier_native='0.27222',  parent_agent_id='25',  sub_agent_rate='0', agent_rate='54.44',  applicable_service_tax='0',  supplier_rate='200',  original_source='',  uid='60dc5b67f32dab2e6cb3e235ccbb94cf'  where id='3042';
[10/23/2020 09:31:02], [file name :-/home/otrams/public_html/otramsphp7/uat/v3otrams/confirm_booking.php],update bookings_details set touricoRoomResId ='', gta_item_confirm_ref='' ,gtaToken = '' , special_request='' where booking_id ='3042';
[10/23/2020 09:31:02], [file name :-/home/otrams/public_html/otramsphp7/uat/v3otrams/confirm_booking.php],update bookings_details set reservation_pushed = '1', channel_manager = 'rategain',room_type_description='' where booking_id = '3042';
[10/23/2020 09:31:02], [file name :-/home/otrams/public_html/otramsphp7/uat/v3otrams/confirm_booking.php],INSERT INTO booking_cancellation_policy(booking_id,from_date,supplier_from_date,supplier_charge,agent_charge,lead_time,create_date)  VALUES('3042','2020-10-26 14:00:00','2020-10-26 14:00:00','200','54.44','0','2020-10-23 09:31:02');
[10/23/2020 09:31:02], [file name :-/home/otrams/public_html/otramsphp7/uat/v3otrams/confirm_booking.php],insert into booking_lat_long(booking_id,latitude,longitude) values ('3042','','');
[10/23/2020 09:31:02], [file name :-/home/otrams/public_html/otramsphp7/uat/v3otrams/confirm_booking.php],INSERT INTO booking_status (booking_id,status,create_date,memo,agent_id,ip_address,admin,modify_by) VALUES ('3042','confirmed','2020-10-23 09:31:02','Booking confirmed . Booked by Back Office tfg on behalf of Agent - Snehal  Valanju(CD0025)','25','60.254.11.53','0','25');
[10/23/2020 09:31:02], [file name :-/home/otrams/public_html/otramsphp7/uat/v3otrams/confirm_booking.php],INSERT INTO booking_search_log(booking_id, details)
        VALUES(3042, 'a:30:{s:3:\"_id\";a:1:{s:4:\"$oid\";s:24:\"5f92a28dc308897671614812\";}s:7:\"hotelId\";s:25:\"53773----------S000000241\";s:4:\"name\";s:11:\"RATEGAINONE\";s:14:\"local_hotel_id\";s:5:\"53773\";s:8:\"address1\";s:6:\"Mumbai\";s:8:\"latitude\";s:0:\"\";s:9:\"longitude\";s:0:\"\";s:4:\"city\";s:5:\"64440\";s:8:\"location\";s:0:\"\";s:14:\"prefered_hotel\";s:1:\"0\";s:10:\"mlosSlogan\";s:0:\"\";s:16:\"isMlosApplicable\";s:2:\"no\";s:7:\"country\";s:3:\"106\";s:16:\"rateCurrencyCode\";s:3:\"USD\";s:5:\"phone\";s:9:\"123456789\";s:16:\"shortDescription\";s:24:\"No Description Available\";s:11:\"website_url\";s:0:\"\";s:12:\"thumbNailUrl\";s:99:\"https://alpha.otrams.thefabulousgetaway.com/project_folder/tfg_project/images/imagenotavailable.jpg\";s:10:\"sourceType\";s:11:\"localsystem\";s:10:\"supplierid\";s:10:\"S000000241\";s:12:\"suppliername\";s:16:\"RateGainSupplier\";s:14:\"propertyRating\";s:3:\"5.0\";s:15:\"specialCategory\";a:1:{i:0;s:1:\"1\";}s:13:\"HotelProperty\";a:1:{s:11:\"localsystem\";a:2:{i:0;a:1:{s:8:\"RateInfo\";a:13:{s:10:\"room_rates\";a:1:{i:0;a:33:{s:11:\"ratebreakup\";a:4:{s:6:\"markup\";i:0;s:10:\"commission\";i:0;s:18:\"NativeNightlyRates\";a:1:{i:0;a:4:{s:19:\"O_nativeNightlyRate\";i:100;s:17:\"nativeNightlyRate\";i:100;s:9:\"free_sale\";s:2:\"no\";s:14:\"Discount/Offer\";a:7:{s:4:\"code\";s:0:\"\";s:4:\"Name\";s:0:\"\";s:7:\"S_Value\";s:0:\"\";s:5:\"Value\";i:0;s:12:\"Display_Name\";s:0:\"\";s:10:\"Offer_Note\";N;s:10:\"Offer_Type\";N;}}}s:19:\"DisplayNightlyRates\";a:1:{i:0;a:3:{s:18:\"displayNightlyRate\";d:27.22;s:16:\"promotionDisplay\";s:0:\"\";s:25:\"displayNightlyRateDisplay\";s:152:\"Supplier Name - localsupplier(RateGainSupplier - S000000241), Rate - 100 AED, Currency Multiplier (AED-USD) - 0.27222 Supplier Commission-0 #localsystem\";}}}s:20:\"offer_promotion_note\";s:0:\"\";s:19:\"offer_discount_type\";s:0:\"\";s:27:\"offer_discount_note_details\";N;s:9:\"room_name\";s:6:\"double\";s:9:\"stay_note\";N;s:10:\"time_stamp\";s:32:\"b7df5f38d85ddbc812dfc4dbed23c184\";s:16:\"number_of_adults\";s:1:\"2\";s:10:\"view_basis\";s:0:\"\";s:13:\"view_basis_id\";s:1:\"0\";s:9:\"available\";i:1;s:9:\"free_sale\";N;s:7:\"minStay\";s:1:\"1\";s:19:\"displayCurrencyCode\";s:3:\"USD\";s:18:\"nativeCurrencyCode\";s:3:\"AED\";s:20:\"displayRoomTypeRates\";d:54.44;s:20:\"sortingRoomTypeRates\";d:54.44;s:19:\"nativeRoomTypeRates\";i:200;s:12:\"offerApplied\";N;s:7:\"room_id\";s:49:\"2~~~132~~~1039~~~1~~~~~~~~~64440~~~0~~~S000000241\";s:14:\"room_type_code\";s:1:\"2\";s:14:\"boardtype_code\";s:1:\"1\";s:16:\"valuation_number\";s:49:\"2~~~132~~~1039~~~1~~~~~~~~~64440~~~0~~~S000000241\";s:15:\"number_of_child\";i:0;s:13:\"NumberOfRooms\";i:2;s:10:\"supplierId\";s:10:\"S000000241\";s:12:\"supplierName\";s:16:\"RateGainSupplier\";s:10:\"meal_basis\";s:15:\"Bed & Breakfast\";s:4:\"note\";s:0:\"\";s:13:\"room_category\";s:13:\"Standard Room\";s:9:\"room_type\";s:62:\"Standard  -Bed & Breakfast : 2 Pax <font color=\'red\'>-D</font>\";s:14:\"non_refundable\";s:1:\"0\";s:15:\"class_unique_id\";s:17:\"0_0_53773_4277952\";}}s:9:\"available\";i:1;s:15:\"displayRoomRate\";d:54.44;s:14:\"nativeRoomRate\";i:200;s:9:\"unique_id\";s:37:\"1_53773----------S000000241_2_0_60287\";s:10:\"supplierId\";s:10:\"S000000241\";s:19:\"displayCurrencyCode\";s:3:\"USD\";s:18:\"nativeCurrencyCode\";s:3:\"AED\";s:18:\"applied_markup_per\";i:0;s:18:\"applied_multiplier\";d:0.27222;s:19:\"supplier_profile_id\";s:1:\"1\";s:13:\"supplier_data\";a:5:{s:7:\"hotelId\";s:25:\"53773----------S000000241\";s:10:\"sourceType\";s:11:\"localsystem\";s:15:\"supp_hotel_name\";s:11:\"RATEGAINONE\";s:18:\"supp_hotel_address\";s:6:\"Mumbai\";s:10:\"supplierId\";s:10:\"S000000241\";}s:8:\"no_class\";i:0;}}i:1;a:1:{s:8:\"RateInfo\";a:13:{s:10:\"room_rates\";a:1:{i:0;a:33:{s:11:\"ratebreakup\";a:4:{s:6:\"markup\";i:0;s:10:\"commission\";i:0;s:18:\"NativeNightlyRates\";a:1:{i:0;a:4:{s:19:\"O_nativeNightlyRate\";i:200;s:17:\"nativeNightlyRate\";i:200;s:9:\"free_sale\";s:2:\"no\";s:14:\"Discount/Offer\";a:7:{s:4:\"code\";s:0:\"\";s:4:\"Name\";s:0:\"\";s:7:\"S_Value\";s:0:\"\";s:5:\"Value\";i:0;s:12:\"Display_Name\";s:0:\"\";s:10:\"Offer_Note\";N;s:10:\"Offer_Type\";N;}}}s:19:\"DisplayNightlyRates\";a:1:{i:0;a:3:{s:18:\"displayNightlyRate\";d:54.44;s:16:\"promotionDisplay\";s:0:\"\";s:25:\"displayNightlyRateDisplay\";s:152:\"Supplier Name - localsupplier(RateGainSupplier - S000000241), Rate - 200 AED, Currency Multiplier (AED-USD) - 0.27222 Supplier Commission-0 #localsystem\";}}}s:20:\"offer_promotion_note\";s:0:\"\";s:19:\"offer_discount_type\";s:0:\"\";s:27:\"offer_discount_note_details\";N;s:9:\"room_name\";s:6:\"double\";s:9:\"stay_note\";N;s:10:\"time_stamp\";s:32:\"2f92e7adb76e8eb3cc213f1657760a74\";s:16:\"number_of_adults\";s:1:\"2\";s:10:\"view_basis\";s:0:\"\";s:13:\"view_basis_id\";s:1:\"0\";s:9:\"available\";i:1;s:9:\"free_sale\";N;s:7:\"minStay\";s:1:\"0\";s:19:\"displayCurrencyCode\";s:3:\"USD\";s:18:\"nativeCurrencyCode\";s:3:\"AED\";s:20:\"displayRoomTypeRates\";d:108.88;s:20:\"sortingRoomTypeRates\";d:108.88;s:19:\"nativeRoomTypeRates\";i:400;s:12:\"offerApplied\";N;s:7:\"room_id\";s:48:\"2~~~20~~~1045~~~1~~~~~~~~~64440~~~1~~~S000000241\";s:14:\"room_type_code\";s:1:\"2\";s:14:\"boardtype_code\";s:1:\"1\";s:16:\"valuation_number\";s:48:\"2~~~20~~~1045~~~1~~~~~~~~~64440~~~1~~~S000000241\";s:15:\"number_of_child\";i:0;s:13:\"NumberOfRooms\";i:2;s:10:\"supplierId\";s:10:\"S000000241\";s:12:\"supplierName\";s:16:\"RateGainSupplier\";s:10:\"meal_basis\";s:15:\"Bed & Breakfast\";s:4:\"note\";s:0:\"\";s:13:\"room_category\";s:18:\"Superior Room Room\";s:9:\"room_type\";s:67:\"Superior Room  -Bed & Breakfast : 2 Pax <font color=\'red\'>-D</font>\";s:14:\"non_refundable\";s:1:\"0\";s:15:\"class_unique_id\";s:17:\"1_1_53773_2784117\";}}s:9:\"available\";i:1;s:15:\"displayRoomRate\";d:108.88;s:14:\"nativeRoomRate\";i:400;s:9:\"unique_id\";s:37:\"1_53773----------S000000241_2_1_29223\";s:10:\"supplierId\";s:10:\"S000000241\";s:19:\"displayCurrencyCode\";s:3:\"USD\";s:18:\"nativeCurrencyCode\";s:3:\"AED\";s:18:\"applied_markup_per\";i:0;s:18:\"applied_multiplier\";d:0.27222;s:19:\"supplier_profile_id\";s:1:\"1\";s:13:\"supplier_data\";a:5:{s:7:\"hotelId\";s:25:\"53773----------S000000241\";s:10:\"sourceType\";s:11:\"localsystem\";s:15:\"supp_hotel_name\";s:11:\"RATEGAINONE\";s:18:\"supp_hotel_address\";s:6:\"Mumbai\";s:10:\"supplierId\";s:10:\"S000000241\";}s:8:\"no_class\";i:0;}}}}s:13:\"total_charges\";d:54.44;s:17:\"propertyAvailable\";i:1;s:8:\"no_class\";i:0;s:18:\"sort_total_charges\";d:54.44;s:16:\"hotel_name_ascii\";s:11:\"rategainone\";s:13:\"supplier_data\";a:5:{s:7:\"hotelId\";s:25:\"53773----------S000000241\";s:10:\"sourceType\";s:11:\"localsystem\";s:15:\"supp_hotel_name\";s:11:\"RATEGAINONE\";s:18:\"supp_hotel_address\";s:6:\"Mumbai\";s:10:\"supplierId\";s:10:\"S000000241\";}}');
[10/23/2020 09:31:02], [file name :-/home/otrams/public_html/otramsphp7/uat/v3otrams/confirm_booking.php],INSERT INTO booking_cancellation_policy(booking_id,from_date,supplier_from_date,to_date,supplier_to_date,supplier_charge,agent_charge,lead_time,create_date,applied_agent_charges)  VALUES('3042','2020-10-26 14:00:00','2020-10-26 14:00:00','1970-01-01 00:00:00','1970-01-01 00:00:00','200','54.44','0','2020-10-23 09:31:02','');
[10/23/2020 09:31:02], [file name :-/home/otrams/public_html/otramsphp7/uat/v3otrams/confirm_booking.php],update bookings_details set reservation_pushed = '1', channel_manager = 'rategain',room_type_description='' where booking_id = '3042';
[10/23/2020 09:31:02], [file name :-/home/otrams/public_html/otramsphp7/uat/v3otrams/confirm_booking.php],INSERT INTO bookings_applicable_offer set  oid= '',  offer_type_code= '',  booking_id= '3042',  room_id= '2~~~132~~~1039~~~1~~~~~~~~~64440~~~0~~~S000000241',  room_name= 'double',  supplier_id= 'S000000241',  agent_id= '',  applied_native_discount= '0',  original_native_rate= '100',  native_rate= '100',  promotion_text= '',  offer_disc_type= '',  offer_disc_value= '',  offer_disc_currency= '',  create_date= '2020-10-23 09:31:02' ;
[10/23/2020 09:31:02], [file name :-/home/otrams/public_html/otramsphp7/uat/v3otrams/confirm_booking.php],update bookings set confirmation_number='',itenirary_id='3042' where  id ='3042';
[10/23/2020 09:31:02], [file name :-/home/otrams/public_html/otramsphp7/uat/v3otrams/confirm_booking.php],UPDATE room_rates SET availability = availability-2,consumed_inventory = consumed_inventory+2 WHERE hotel_id = '53773' and inventory_class_id = '132' and supplier_id = 'S000000241' and date_from = '2020-10-29';
[10/23/2020 09:31:03], [file name :-/home/otrams/public_html/otramsphp7/uat/v3otrams/confirm_booking.php],update supplement_rate set inventory = '0' where supplement_rate_id = '1';
[10/23/2020 09:31:03], [file name :-/home/otrams/public_html/otramsphp7/uat/v3otrams/confirm_booking.php],update posted_bookings set booking_id='3042',status='1' where reservation_id='1834' and booking_id ='0';
[10/23/2020 09:31:03], [file name :-/home/otrams/public_html/otramsphp7/uat/v3otrams/confirm_booking.php],update xmllogs set reservation_id='3042' where agent_logs_id='411' and source_type='localsystem';
[10/23/2020 09:31:03], [file name :-/home/otrams/public_html/otramsphp7/uat/v3otrams/confirm_booking.php],INSERT INTO booking_commission set agent_commission='',  supplier_commission='',  profit_percent='',  gross_profit='',  commission_tax='',  booking_id ='3042',  create_date ='2020-10-23 09:31:03', supplier_tax='';
[10/23/2020 09:31:03], [file name :-/home/otrams/public_html/otramsphp7/uat/v3otrams/confirm_booking.php],update bookings set voucher_id='3042',status_date='2020-10-23 09:31:03',current_status='vouchered',voucher_hashcode='783b486896b9d9025ff5a627757ed2e3893733042',vouchered_by ='' where id='3042';
[10/23/2020 09:31:03], [file name :-/home/otrams/public_html/otramsphp7/uat/v3otrams/confirm_booking.php],Insert into booking_configuration set booking_id='3042',config_key='VOUCHER_DATE', config_value='2020-10-23 09:31:03',create_date='2020-10-23 09:31:03';
[10/23/2020 09:31:03], [file name :-/home/otrams/public_html/otramsphp7/uat/v3otrams/confirm_booking.php],INSERT INTO booking_status (visa_id,visa_status,booking_id,status,create_date,memo,agent_id,ip_address,admin,modify_by,crons) VALUES
        ('','','3042','vouchered','2020-10-23 09:31:03','Voucherd by Back Office tfg on behalf of Agent - Snehal  Valanju(CD0025)','25','60.254.11.53','','','');
[10/23/2020 09:31:04], [file name :-/home/otrams/public_html/otramsphp7/uat/v3otrams/confirm_booking.php],insert into email_logs SET `subject`= ' TFG103042 /  Booking Vouchered ',from_email_id= 'sanket.desai@qtechsoftware.com',body= '[encoded data, 27828 characters]',to_email_id= 'snehal.valanju@qtechsoftware.com,nitin@qtechsoftware.com',cc= '',bcc= '',status= 'Success',page_url= '/confirm_booking.php',create_date= '2020-10-23 09:31:04';
[10/23/2020 09:31:04], [file name :-/home/otrams/public_html/otramsphp7/uat/v3otrams/confirm_booking.php],insert into temp(booking_id,mail_send_to)values('3042','snehal.valanju@qtechsoftware.com');
[10/23/2020 09:31:04], [file name :-/home/otrams/public_html/otramsphp7/uat/v3otrams/confirm_booking.php],insert into temp(booking_id,mail_send_to)values('3042','nitin@qtechsoftware.com');
[10/23/2020 09:31:05], [file name :-/home/otrams/public_html/otramsphp7/uat/v3otrams/confirm_booking.php], insert into booking_configuration set  booking_id = '3042', config_key = 'BOOKING OTP', config_value = 'jXtFWqKl';;
[10/23/2020 09:31:05], [file name :-/home/otrams/public_html/otramsphp7/uat/v3otrams/confirm_booking.php],insert into email_logs SET `subject`= ' TFG103042 / Booking Confirmed ',from_email_id= 'sanket.desai@qtechsoftware.com',body= '[encoded data, 39944 characters]',to_email_id= 'snehal.valanju@qtechsoftware.com',cc= '',bcc= '',status= 'Success',page_url= '/confirm_booking.php',create_date= '2020-10-23 09:31:05';
[10/23/2020 09:31:05], [file name :-/home/otrams/public_html/otramsphp7/uat/v3otrams/confirm_booking.php],insert into temp(booking_id,mail_send_to)values('3042','snehal.valanju@qtechsoftware.com');
[10/23/2020 09:31:05], [file name :-/home/otrams/public_html/otramsphp7/uat/v3otrams/confirm_booking.php],insert into temp(booking_id,mail_send_to)values('3042','snehal.valanju@qtechsoftware.com');
[10/23/2020 09:31:45], [file name :-/home/otrams/public_html/otramsphp7/uat/v3otrams/tms/agent.php],UPDATE agents SET credit_option = 'check_out_date', no_of_days= '' WHERE id= '25' ;
[10/23/2020 09:31:45], [file name :-/home/otrams/public_html/otramsphp7/uat/v3otrams/tms/agent.php],insert into `user_logs` set `username`= 'tfg',`create_date`= '2020-10-23 09:31:45',`log_type`= 'Credit Setting',`sql_query`= 'UPDATE agents SET credit_option = \&#039;check_out_date\&#039;, no_of_days= 0 WHERE id= \&#039;25\&#039; ',`log_description`= 'Credit Setting is updated',`ip`= '60.254.11.53';
[10/23/2020 09:31:45], [file name :-/home/otrams/public_html/otramsphp7/uat/v3otrams/tms/agent.php],insert into user_log_link Set `user_logs_id`='3791', `entity`='Agents', `value`='25' ;
[10/23/2020 09:31:50], [file name :-/home/otrams/public_html/otramsphp7/uat/v3otrams/agent_login.php],update agents set last_login_date = '2020-10-23 09:31:50',login_attempt=0 where id = '25';
[10/23/2020 09:31:50], [file name :-/home/otrams/public_html/otramsphp7/uat/v3otrams/agent_login.php],INSERT INTO psa_login_log  SET username = 'PhpTest', user_type = 'A', branch_id = '1', login_datetime = '2020-10-23 09:31:50', ip = '60.254.11.53', action = 'Login' ;
[10/23/2020 09:32:15], [file name :-/home/otrams/public_html/otramsphp7/uat/v3otrams/hotel_search_list.php],INSERT INTO agent_logs SET  agent_id = '25' , sub_agent_id = '' , sub_user_id = '0' , branch_id = '1' , ip = '60.254.11.53' , city = 'mumbai' , service_name = '' , service_type = 'hotel' , arrival_date = '2020/10/28' , departure_date = '2020/10/29' , nationality = '106' , nights = '1' , room_types = '2' , create_date = '2020-10-23 09:32:15' , site_id = '' , country_code = '106' , web_service = '' ;
[10/23/2020 09:32:18], [file name :-/home/otrams/public_html/otramsphp7/uat/v3otrams/call.php],INSERT INTO xmllogs(reservation_id, type, request_path, response_path, header_path, source_type, create_date, header, session_id, agent_logs_id)
VALUE ('', 'AVAILABILITY', '/request_placeholder.xml', '/response_placeholder.xml', '/response_header_placeholder.xml', 'localsystem', '2020-10-23 09:32:18', '', 'fc8d69515acbce346a2a4cad95e55708ddb842934cc37d8822d907963bae1763', '412');
[10/23/2020 09:32:18], [file name :-/home/otrams/public_html/otramsphp7/uat/v3otrams/call.php],INSERT INTO xmllogs(reservation_id, type, request_path, response_path, header_path, source_type, create_date, header, session_id, agent_logs_id)
VALUE ('', 'AVAILABILITY', '/request_placeholder.xml', '/response_placeholder.xml', '/response_header_placeholder.xml', 'localsystem', '2020-10-23 09:32:18', '', 'fc8d69515acbce346a2a4cad95e55708ddb842934cc37d8822d907963bae1763', '412');
[10/23/2020 09:32:18], [file name :-/home/otrams/public_html/otramsphp7/uat/v3otrams/call.php],UPDATE xmllogs SET
hotel_count = ''
, request_url = '/call.php?s=localsystem&sessionid=fc8d69515acbce346a2a4cad95e55708ddb842934cc37d8822d907963bae1763&xml_user_id=25&request_no=1&local_hotel_code=53768&#039;,&#039;53769&#039;,&#039;53771&#039;,&#039;53773&web_service=no&site_id='
, http_hit_time = '2020-10-23 09:32:17.981'
, request_start_time = '0.000'
, parsing_start_time = '0.000'
, mapping_complete_time = '0.000'
, mongo_start_time = '0.000'
, search_end_time = '0.000'
, total_duration = '0.957'
, error_description = ''
, memory_used = '7908512'
WHERE id = '3085';
[10/23/2020 09:32:19], [file name :-/home/otrams/public_html/otramsphp7/uat/v3otrams/call.php],UPDATE xmllogs SET
hotel_count = ''
, request_url = '/call.php?s=localsystem&sessionid=fc8d69515acbce346a2a4cad95e55708ddb842934cc37d8822d907963bae1763&xml_user_id=25&request_no=0&local_hotel_code=2&#039;,&#039;97&#039;,&#039;53716&#039;,&#039;53734&#039;,&#039;53735&#039;,&#039;53736&#039;,&#039;53737&#039;,&#039;53738&#039;,&#039;53739&#039;,&#039;53740&#039;,&#039;53741&#039;,&#039;53742&#039;,&#039;53744&#039;,&#039;53745&#039;,&#039;53746&#039;,&#039;53747&#039;,&#039;53748&#039;,&#039;53749&#039;,&#039;53750&#039;,&#039;53751&#039;,&#039;53757&#039;,&#039;53758&#039;,&#039;53759&#039;,&#039;53766&#039;,&#039;53767&web_service=no&site_id='
, http_hit_time = '2020-10-23 09:32:17.982'
, request_start_time = '0.000'
, parsing_start_time = '0.000'
, mapping_complete_time = '0.000'
, mongo_start_time = '0.000'
, search_end_time = '0.000'
, total_duration = '1.128'
, error_description = ''
, memory_used = '7910416'
WHERE id = '3084';
[10/23/2020 09:32:19], [file name :-/home/otrams/public_html/otramsphp7/uat/v3otrams/xml_all.php],UPDATE agent_logs SET
  hotel_count = '',
  request_path = '/xml_all.php?userid=25&sessionid=fc8d69515acbce346a2a4cad95e55708ddb842934cc37d8822d907963bae1763',
  duration = '1.691',
  merge_duration = '0.081',
  assigned_supplier_count = '1',
  searched_supplier_count = '1',
  system_load_1_min = '2.03',
  system_load_5_min = '2.29',
  system_load_15_min = '1.65',
  system_memory_usage = '90.59',
  memory_usage = (SELECT COALESCE(SUM(memory_used),0) FROM xmllogs WHERE agent_logs_id = '412') + '8043528',
  parallel_search_count = '',
  mongo_archive_collection = '',
  error_description = '',
  is_cached = 'no'
WHERE id = '412';
[10/23/2020 09:32:39], [file name :-/home/otrams/public_html/otramsphp7/uat/v3otrams/book_now.php],INSERT INTO autogenerator_reservation (reservation_id, remote_id) VALUES ('1603445559','60.254.11.53');
[10/23/2020 09:33:03], [file name :-/home/otrams/public_html/otramsphp7/uat/v3otrams/book_now.php],INSERT INTO autogenerator_reservation (reservation_id, remote_id) VALUES ('1603445583','60.254.11.53');
[10/23/2020 09:33:09], [file name :-/home/otrams/public_html/otramsphp7/uat/v3otrams/confirm_booking.php],INSERT INTO bookings SET  source_type = 'localsystem', reservation_id = '1836', create_date = '2020-10-23 09:33:09', agent_id = '25', parent_agent_id = '25', agent_ref_no = '', nationality = 'Indian', city_id = 'mumbai', country_id = '106', current_status = 'inprocess-booking', is_xml = '0', display_room_rate = '27.22', display_currency_code = 'USD', native_room_rate = '100', native_currency_code = 'AED', supplier_profile_id = '1', service_type = 'hotel', service_date = '2020/10/28', check_out_date = '2020/10/29', sub_user_id = '', booking_status = '1', leader_title = '', leader_first_name = '', leader_last_name = '', booking_branch_id = '1', expiration_date = '2020-10-26 00:00:00', cancellation_policy = 'Amendment of Dates, Room Category, Passenger Names are considered as Cancel and Rebook by most of the Hotels.
        Any Changes in initial booking may be denied by the supplier or may result in extra charges.
        Confirmation of amendment requests is subject to availablity and rates at the time of amendment.<Br><Br><B><U>Detailed Cancellation Policy:</U></B> <br/> Cancellation Charges of 27.22 USD applicable if cancelled after 25-Oct-2020 14:00 hrs.', supplier_cancellation_policy = '', status_date = '2020-10-23 09:33:09',  site_url = 'https://alpha.otrams.thefabulousgetaway.com/';
[10/23/2020 09:33:09], [file name :-/home/otrams/public_html/otramsphp7/uat/v3otrams/confirm_booking.php],INSERT INTO external_mapping_data_tracking (booking_id,search_hotel_name,booked_hotel_name_supplier,hotel_id,master_id,city_id,supplier,date) VALUES ('3043','RATEGAINONE','RATEGAINONE','53773','53773','mumbai','LOCAL_SUPPLIER',NOW());
[10/23/2020 09:33:09], [file name :-/home/otrams/public_html/otramsphp7/uat/v3otrams/confirm_booking.php],UPDATE
        bookings
        SET
        booking_branch_id= '1'
        WHERE
        id='3043'
        ;
[10/23/2020 09:33:09], [file name :-/home/otrams/public_html/otramsphp7/uat/v3otrams/confirm_booking.php],insert into bookings_details(booking_id,supplier_id,total_rooms,total_adults,total_children,total_infants,rate_description ,rate_code,hotel_id,local_hotel_id,hotel_name,hotel_address1,hotel_phone,hotel_rating,total_nights,arrival_date,departure_date,room_rate_code,hotel_img)values('3043','S000000241','1','2','0','-','','','53773','53773','RATEGAINONE','Mumbai','123456789','5.0','1','2020/10/28','2020/10/29','','https://alpha.otrams.thefabulousgetaway.com/project_folder/tfg_project/images/imagenotavailable.jpg');
[10/23/2020 09:33:09], [file name :-/home/otrams/public_html/otramsphp7/uat/v3otrams/confirm_booking.php], insert into booking_room_detail set  booking_id = '3043', booking_detail_id = '1181', room_type_code = '2~~~132~~~1039~~~1~~~~~~~~~64440~~~0~~~S000000241', room_name = 'double', room_type_description = 'Standard  -Bed & Breakfast : 2 Pax <font color=\'red\'>-D</font>', display_nightly_rates = 'a:1:{i:0;a:3:{s:18:\"displayNightlyRate\";d:27.22;s:16:\"promotionDisplay\";s:0:\"\";s:25:\"displayNightlyRateDisplay\";s:152:\"Supplier Name - localsupplier(RateGainSupplier - S000000241), Rate - 100 AED, Currency Multiplier (AED-USD) - 0.27222 Supplier Commission-0 #localsystem\";}}', native_nightly_rates = 'a:1:{i:0;a:4:{s:19:\"O_nativeNightlyRate\";i:100;s:17:\"nativeNightlyRate\";i:100;s:9:\"free_sale\";s:2:\"no\";s:14:\"Discount/Offer\";a:7:{s:4:\"code\";s:0:\"\";s:4:\"Name\";s:0:\"\";s:7:\"S_Value\";s:0:\"\";s:5:\"Value\";i:0;s:12:\"Display_Name\";s:0:\"\";s:10:\"Offer_Note\";N;s:10:\"Offer_Type\";N;}}}', markup = '0', commission = '0', native_room_rate_total = '100', display_room_rate_total = '27.22', number_of_rooms = '1';
[10/23/2020 09:33:09], [file name :-/home/otrams/public_html/otramsphp7/uat/v3otrams/confirm_booking.php],update bookings set  special_remark = '', itenirary_id = '', confirmation_number = '', display_discount = '0', current_status = 'confirmed', comment_contract = '', consultant_id = 'nitinalpha', sales_manager_id = 'otrams', admin_booked = '0', email_id = '', leader_phone = '', agent_currency_multiplier = '1.00000', ip_addr = '60.254.11.53', backoffice_user = 'tfg', customer_id = '', applied_multiplier='0.27222', free_sale='',  applied_markup='0',  agent_markup='0',  basecurrency_multiplier='1.00000',  basecurrency_multiplier_native='0.27222',  parent_agent_id='25',  sub_agent_rate='0', agent_rate='27.22',  applicable_service_tax='0',  supplier_rate='100',  original_source='',  uid='7e443285ce0de5f0dec063d6a4a6c490'  where id='3043';
[10/23/2020 09:33:09], [file name :-/home/otrams/public_html/otramsphp7/uat/v3otrams/confirm_booking.php],update bookings_details set touricoRoomResId ='', gta_item_confirm_ref='' ,gtaToken = '' , special_request='' where booking_id ='3043';
[10/23/2020 09:33:09], [file name :-/home/otrams/public_html/otramsphp7/uat/v3otrams/confirm_booking.php],update bookings_details set reservation_pushed = '1', channel_manager = 'rategain',room_type_description='' where booking_id = '3043';
[10/23/2020 09:33:09], [file name :-/home/otrams/public_html/otramsphp7/uat/v3otrams/confirm_booking.php],INSERT INTO booking_cancellation_policy(booking_id,from_date,supplier_from_date,supplier_charge,agent_charge,lead_time,create_date)  VALUES('3043','2020-10-25 14:00:00','2020-10-25 14:00:00','100','27.22','0','2020-10-23 09:33:09');
[10/23/2020 09:33:09], [file name :-/home/otrams/public_html/otramsphp7/uat/v3otrams/confirm_booking.php],insert into booking_lat_long(booking_id,latitude,longitude) values ('3043','','');
[10/23/2020 09:33:09], [file name :-/home/otrams/public_html/otramsphp7/uat/v3otrams/confirm_booking.php],INSERT INTO booking_status (booking_id,status,create_date,memo,agent_id,ip_address,admin,modify_by) VALUES ('3043','confirmed','2020-10-23 09:33:09','Booking confirmed . Booked by Back Office tfg on behalf of Agent - Snehal  Valanju(CD0025)','25','60.254.11.53','0','25');
[10/23/2020 09:33:09], [file name :-/home/otrams/public_html/otramsphp7/uat/v3otrams/confirm_booking.php],INSERT INTO booking_search_log(booking_id, details)
        VALUES(3043, 'a:30:{s:3:\"_id\";a:1:{s:4:\"$oid\";s:24:\"5f92a322d55b8e28bb531302\";}s:7:\"hotelId\";s:25:\"53773----------S000000241\";s:4:\"name\";s:11:\"RATEGAINONE\";s:14:\"local_hotel_id\";s:5:\"53773\";s:8:\"address1\";s:6:\"Mumbai\";s:8:\"latitude\";s:0:\"\";s:9:\"longitude\";s:0:\"\";s:4:\"city\";s:5:\"64440\";s:8:\"location\";s:0:\"\";s:14:\"prefered_hotel\";s:1:\"0\";s:10:\"mlosSlogan\";s:0:\"\";s:16:\"isMlosApplicable\";s:2:\"no\";s:7:\"country\";s:3:\"106\";s:16:\"rateCurrencyCode\";s:3:\"USD\";s:5:\"phone\";s:9:\"123456789\";s:16:\"shortDescription\";s:24:\"No Description Available\";s:11:\"website_url\";s:0:\"\";s:12:\"thumbNailUrl\";s:99:\"https://alpha.otrams.thefabulousgetaway.com/project_folder/tfg_project/images/imagenotavailable.jpg\";s:10:\"sourceType\";s:11:\"localsystem\";s:10:\"supplierid\";s:10:\"S000000241\";s:12:\"suppliername\";s:16:\"RateGainSupplier\";s:14:\"propertyRating\";s:3:\"5.0\";s:15:\"specialCategory\";a:1:{i:0;s:1:\"1\";}s:13:\"HotelProperty\";a:1:{s:11:\"localsystem\";a:2:{i:0;a:1:{s:8:\"RateInfo\";a:13:{s:10:\"room_rates\";a:1:{i:0;a:33:{s:11:\"ratebreakup\";a:4:{s:6:\"markup\";i:0;s:10:\"commission\";i:0;s:18:\"NativeNightlyRates\";a:1:{i:0;a:4:{s:19:\"O_nativeNightlyRate\";i:100;s:17:\"nativeNightlyRate\";i:100;s:9:\"free_sale\";s:2:\"no\";s:14:\"Discount/Offer\";a:7:{s:4:\"code\";s:0:\"\";s:4:\"Name\";s:0:\"\";s:7:\"S_Value\";s:0:\"\";s:5:\"Value\";i:0;s:12:\"Display_Name\";s:0:\"\";s:10:\"Offer_Note\";N;s:10:\"Offer_Type\";N;}}}s:19:\"DisplayNightlyRates\";a:1:{i:0;a:3:{s:18:\"displayNightlyRate\";d:27.22;s:16:\"promotionDisplay\";s:0:\"\";s:25:\"displayNightlyRateDisplay\";s:152:\"Supplier Name - localsupplier(RateGainSupplier - S000000241), Rate - 100 AED, Currency Multiplier (AED-USD) - 0.27222 Supplier Commission-0 #localsystem\";}}}s:20:\"offer_promotion_note\";s:0:\"\";s:19:\"offer_discount_type\";s:0:\"\";s:27:\"offer_discount_note_details\";N;s:9:\"room_name\";s:6:\"double\";s:9:\"stay_note\";N;s:10:\"time_stamp\";s:32:\"1e06f9771870b1e792f8ae1b0ec6c808\";s:16:\"number_of_adults\";s:1:\"2\";s:10:\"view_basis\";s:0:\"\";s:13:\"view_basis_id\";s:1:\"0\";s:9:\"available\";i:1;s:9:\"free_sale\";N;s:7:\"minStay\";s:1:\"1\";s:19:\"displayCurrencyCode\";s:3:\"USD\";s:18:\"nativeCurrencyCode\";s:3:\"AED\";s:20:\"displayRoomTypeRates\";d:27.22;s:20:\"sortingRoomTypeRates\";d:27.22;s:19:\"nativeRoomTypeRates\";i:100;s:12:\"offerApplied\";N;s:7:\"room_id\";s:49:\"2~~~132~~~1039~~~1~~~~~~~~~64440~~~0~~~S000000241\";s:14:\"room_type_code\";s:1:\"2\";s:14:\"boardtype_code\";s:1:\"1\";s:16:\"valuation_number\";s:49:\"2~~~132~~~1039~~~1~~~~~~~~~64440~~~0~~~S000000241\";s:15:\"number_of_child\";i:0;s:13:\"NumberOfRooms\";i:1;s:10:\"supplierId\";s:10:\"S000000241\";s:12:\"supplierName\";s:16:\"RateGainSupplier\";s:10:\"meal_basis\";s:15:\"Bed & Breakfast\";s:4:\"note\";s:0:\"\";s:13:\"room_category\";s:13:\"Standard Room\";s:9:\"room_type\";s:62:\"Standard  -Bed & Breakfast : 2 Pax <font color=\'red\'>-D</font>\";s:14:\"non_refundable\";s:1:\"0\";s:15:\"class_unique_id\";s:17:\"0_0_53773_7061144\";}}s:9:\"available\";i:1;s:15:\"displayRoomRate\";d:27.22;s:14:\"nativeRoomRate\";i:100;s:9:\"unique_id\";s:37:\"1_53773----------S000000241_2_0_84248\";s:10:\"supplierId\";s:10:\"S000000241\";s:19:\"displayCurrencyCode\";s:3:\"USD\";s:18:\"nativeCurrencyCode\";s:3:\"AED\";s:18:\"applied_markup_per\";i:0;s:18:\"applied_multiplier\";d:0.27222;s:19:\"supplier_profile_id\";s:1:\"1\";s:13:\"supplier_data\";a:5:{s:7:\"hotelId\";s:25:\"53773----------S000000241\";s:10:\"sourceType\";s:11:\"localsystem\";s:15:\"supp_hotel_name\";s:11:\"RATEGAINONE\";s:18:\"supp_hotel_address\";s:6:\"Mumbai\";s:10:\"supplierId\";s:10:\"S000000241\";}s:8:\"no_class\";i:0;}}i:1;a:1:{s:8:\"RateInfo\";a:13:{s:10:\"room_rates\";a:1:{i:0;a:33:{s:11:\"ratebreakup\";a:4:{s:6:\"markup\";i:0;s:10:\"commission\";i:0;s:18:\"NativeNightlyRates\";a:1:{i:0;a:4:{s:19:\"O_nativeNightlyRate\";i:200;s:17:\"nativeNightlyRate\";i:200;s:9:\"free_sale\";s:2:\"no\";s:14:\"Discount/Offer\";a:7:{s:4:\"code\";s:0:\"\";s:4:\"Name\";s:0:\"\";s:7:\"S_Value\";s:0:\"\";s:5:\"Value\";i:0;s:12:\"Display_Name\";s:0:\"\";s:10:\"Offer_Note\";N;s:10:\"Offer_Type\";N;}}}s:19:\"DisplayNightlyRates\";a:1:{i:0;a:3:{s:18:\"displayNightlyRate\";d:54.44;s:16:\"promotionDisplay\";s:0:\"\";s:25:\"displayNightlyRateDisplay\";s:152:\"Supplier Name - localsupplier(RateGainSupplier - S000000241), Rate - 200 AED, Currency Multiplier (AED-USD) - 0.27222 Supplier Commission-0 #localsystem\";}}}s:20:\"offer_promotion_note\";s:0:\"\";s:19:\"offer_discount_type\";s:0:\"\";s:27:\"offer_discount_note_details\";N;s:9:\"room_name\";s:6:\"double\";s:9:\"stay_note\";N;s:10:\"time_stamp\";s:32:\"1b35c5c60cec4c384979888fcbdd71fa\";s:16:\"number_of_adults\";s:1:\"2\";s:10:\"view_basis\";s:0:\"\";s:13:\"view_basis_id\";s:1:\"0\";s:9:\"available\";i:1;s:9:\"free_sale\";N;s:7:\"minStay\";s:1:\"0\";s:19:\"displayCurrencyCode\";s:3:\"USD\";s:18:\"nativeCurrencyCode\";s:3:\"AED\";s:20:\"displayRoomTypeRates\";d:54.44;s:20:\"sortingRoomTypeRates\";d:54.44;s:19:\"nativeRoomTypeRates\";i:200;s:12:\"offerApplied\";N;s:7:\"room_id\";s:48:\"2~~~20~~~1045~~~1~~~~~~~~~64440~~~1~~~S000000241\";s:14:\"room_type_code\";s:1:\"2\";s:14:\"boardtype_code\";s:1:\"1\";s:16:\"valuation_number\";s:48:\"2~~~20~~~1045~~~1~~~~~~~~~64440~~~1~~~S000000241\";s:15:\"number_of_child\";i:0;s:13:\"NumberOfRooms\";i:1;s:10:\"supplierId\";s:10:\"S000000241\";s:12:\"supplierName\";s:16:\"RateGainSupplier\";s:10:\"meal_basis\";s:15:\"Bed & Breakfast\";s:4:\"note\";s:0:\"\";s:13:\"room_category\";s:18:\"Superior Room Room\";s:9:\"room_type\";s:67:\"Superior Room  -Bed & Breakfast : 2 Pax <font color=\'red\'>-D</font>\";s:14:\"non_refundable\";s:1:\"0\";s:15:\"class_unique_id\";s:17:\"1_1_53773_2400476\";}}s:9:\"available\";i:1;s:15:\"displayRoomRate\";d:54.44;s:14:\"nativeRoomRate\";i:200;s:9:\"unique_id\";s:37:\"1_53773----------S000000241_2_1_97423\";s:10:\"supplierId\";s:10:\"S000000241\";s:19:\"displayCurrencyCode\";s:3:\"USD\";s:18:\"nativeCurrencyCode\";s:3:\"AED\";s:18:\"applied_markup_per\";i:0;s:18:\"applied_multiplier\";d:0.27222;s:19:\"supplier_profile_id\";s:1:\"1\";s:13:\"supplier_data\";a:5:{s:7:\"hotelId\";s:25:\"53773----------S000000241\";s:10:\"sourceType\";s:11:\"localsystem\";s:15:\"supp_hotel_name\";s:11:\"RATEGAINONE\";s:18:\"supp_hotel_address\";s:6:\"Mumbai\";s:10:\"supplierId\";s:10:\"S000000241\";}s:8:\"no_class\";i:0;}}}}s:13:\"total_charges\";d:27.22;s:17:\"propertyAvailable\";i:1;s:8:\"no_class\";i:0;s:18:\"sort_total_charges\";d:27.22;s:16:\"hotel_name_ascii\";s:11:\"rategainone\";s:13:\"supplier_data\";a:5:{s:7:\"hotelId\";s:25:\"53773----------S000000241\";s:10:\"sourceType\";s:11:\"localsystem\";s:15:\"supp_hotel_name\";s:11:\"RATEGAINONE\";s:18:\"supp_hotel_address\";s:6:\"Mumbai\";s:10:\"supplierId\";s:10:\"S000000241\";}}');
[10/23/2020 09:33:09], [file name :-/home/otrams/public_html/otramsphp7/uat/v3otrams/confirm_booking.php],INSERT INTO booking_cancellation_policy(booking_id,from_date,supplier_from_date,to_date,supplier_to_date,supplier_charge,agent_charge,lead_time,create_date,applied_agent_charges)  VALUES('3043','2020-10-25 14:00:00','2020-10-25 14:00:00','1970-01-01 00:00:00','1970-01-01 00:00:00','100','27.22','0','2020-10-23 09:33:09','');
[10/23/2020 09:33:09], [file name :-/home/otrams/public_html/otramsphp7/uat/v3otrams/confirm_booking.php],update bookings_details set reservation_pushed = '1', channel_manager = 'rategain',room_type_description='' where booking_id = '3043';
[10/23/2020 09:33:09], [file name :-/home/otrams/public_html/otramsphp7/uat/v3otrams/confirm_booking.php],INSERT INTO bookings_applicable_offer set  oid= '',  offer_type_code= '',  booking_id= '3043',  room_id= '2~~~132~~~1039~~~1~~~~~~~~~64440~~~0~~~S000000241',  room_name= 'double',  supplier_id= 'S000000241',  agent_id= '',  applied_native_discount= '0',  original_native_rate= '100',  native_rate= '100',  promotion_text= '',  offer_disc_type= '',  offer_disc_value= '',  offer_disc_currency= '',  create_date= '2020-10-23 09:33:09' ;
[10/23/2020 09:33:09], [file name :-/home/otrams/public_html/otramsphp7/uat/v3otrams/confirm_booking.php],update bookings set confirmation_number='',itenirary_id='3043' where  id ='3043';
[10/23/2020 09:33:09], [file name :-/home/otrams/public_html/otramsphp7/uat/v3otrams/confirm_booking.php],UPDATE room_rates SET availability = availability-1,consumed_inventory = consumed_inventory+1 WHERE hotel_id = '53773' and inventory_class_id = '132' and supplier_id = 'S000000241' and date_from = '2020-10-28';
[10/23/2020 09:33:09], [file name :-/home/otrams/public_html/otramsphp7/uat/v3otrams/confirm_booking.php],update supplement_rate set inventory = '0' where supplement_rate_id = '1';
[10/23/2020 09:33:09], [file name :-/home/otrams/public_html/otramsphp7/uat/v3otrams/confirm_booking.php],update posted_bookings set booking_id='3043',status='1' where reservation_id='1836' and booking_id ='0';
[10/23/2020 09:33:09], [file name :-/home/otrams/public_html/otramsphp7/uat/v3otrams/confirm_booking.php],update xmllogs set reservation_id='3043' where agent_logs_id='412' and source_type='localsystem';
[10/23/2020 09:33:09], [file name :-/home/otrams/public_html/otramsphp7/uat/v3otrams/confirm_booking.php],INSERT INTO booking_commission set agent_commission='',  supplier_commission='',  profit_percent='',  gross_profit='',  commission_tax='',  booking_id ='3043',  create_date ='2020-10-23 09:33:09', supplier_tax='';
[10/23/2020 09:33:09], [file name :-/home/otrams/public_html/otramsphp7/uat/v3otrams/confirm_booking.php],update bookings set voucher_id='3043',status_date='2020-10-23 09:33:09',current_status='vouchered',voucher_hashcode='88c3cef9b2aa74bfe9db1b8bf7795e80725673043',vouchered_by ='' where id='3043';
[10/23/2020 09:33:09], [file name :-/home/otrams/public_html/otramsphp7/uat/v3otrams/confirm_booking.php],Insert into booking_configuration set booking_id='3043',config_key='VOUCHER_DATE', config_value='2020-10-23 09:33:09',create_date='2020-10-23 09:33:09';
[10/23/2020 09:33:09], [file name :-/home/otrams/public_html/otramsphp7/uat/v3otrams/confirm_booking.php],INSERT INTO booking_status (visa_id,visa_status,booking_id,status,create_date,memo,agent_id,ip_address,admin,modify_by,crons) VALUES
        ('','','3043','vouchered','2020-10-23 09:33:09','Voucherd by Back Office tfg on behalf of Agent - Snehal  Valanju(CD0025)','25','60.254.11.53','','','');
[10/23/2020 09:33:10], [file name :-/home/otrams/public_html/otramsphp7/uat/v3otrams/confirm_booking.php],insert into email_logs SET `subject`= ' TFG103043 /  Booking Vouchered ',from_email_id= 'sanket.desai@qtechsoftware.com',body= '[encoded data, 27516 characters]',to_email_id= 'snehal.valanju@qtechsoftware.com,nitin@qtechsoftware.com',cc= '',bcc= '',status= 'Success',page_url= '/confirm_booking.php',create_date= '2020-10-23 09:33:10';
[10/23/2020 09:33:10], [file name :-/home/otrams/public_html/otramsphp7/uat/v3otrams/confirm_booking.php],insert into temp(booking_id,mail_send_to)values('3043','snehal.valanju@qtechsoftware.com');
[10/23/2020 09:33:10], [file name :-/home/otrams/public_html/otramsphp7/uat/v3otrams/confirm_booking.php],insert into temp(booking_id,mail_send_to)values('3043','nitin@qtechsoftware.com');
[10/23/2020 09:33:11], [file name :-/home/otrams/public_html/otramsphp7/uat/v3otrams/confirm_booking.php], insert into booking_configuration set  booking_id = '3043', config_key = 'BOOKING OTP', config_value = 'QfeBSfRd';;
[10/23/2020 09:33:11], [file name :-/home/otrams/public_html/otramsphp7/uat/v3otrams/confirm_booking.php],insert into email_logs SET `subject`= ' TFG103043 / Booking Confirmed ',from_email_id= 'sanket.desai@qtechsoftware.com',body= '[encoded data, 39608 characters]',to_email_id= 'snehal.valanju@qtechsoftware.com',cc= '',bcc= '',status= 'Success',page_url= '/confirm_booking.php',create_date= '2020-10-23 09:33:11';
